{"id":177,"date":"2025-11-06T19:38:29","date_gmt":"2025-11-06T19:38:29","guid":{"rendered":"https:\/\/lalaboralaula.es\/MP252526\/?post_type=product&#038;p=177"},"modified":"2025-11-06T19:38:29","modified_gmt":"2025-11-06T19:38:29","slug":"pack-dia-del-soltero-a","status":"publish","type":"product","link":"https:\/\/lalaboralaula.es\/MP252526\/index.php\/producto\/pack-dia-del-soltero-a\/","title":{"rendered":"Pack d\u00eda del soltero\/a"},"content":{"rendered":"<p data-start=\"166\" data-end=\"405\">Porque cuidarte tambi\u00e9n es una forma de amor propio, este pack est\u00e1 pensado para que mimes tu piel con dos esenciales de alta hidrataci\u00f3n. Ideal para todo tipo de pieles, te ayudar\u00e1 a mantener tu rostro fresco, suave y luminoso cada d\u00eda.<\/p>\n<p data-start=\"407\" data-end=\"683\">\u00a0<strong data-start=\"410\" data-end=\"448\">Garnier Hyaluron+ S\u00e9rum Reparador:<\/strong><br data-start=\"448\" data-end=\"451\" \/>Un concentrado potente con \u00e1cido hialur\u00f3nico y pantenol que hidrata en profundidad, repara la barrera cut\u00e1nea y devuelve la elasticidad a tu piel. Su textura ligera se absorbe r\u00e1pidamente, dejando una sensaci\u00f3n fresca y saludable.<\/p>\n<p data-start=\"685\" data-end=\"991\">\u00a0<strong data-start=\"688\" data-end=\"748\">Clinique Moisture Surge 100H Auto-Replenishing Hydrator:<\/strong><br data-start=\"748\" data-end=\"751\" \/>Una crema en gel ultrasuave que brinda hasta 100 horas de hidrataci\u00f3n continua. Su f\u00f3rmula con aloe bioferment y \u00e1cido hialur\u00f3nico rellena la piel desde el interior, manteni\u00e9ndola luminosa, suave y revitalizada incluso despu\u00e9s del lavado.<\/p>\n<p data-start=\"993\" data-end=\"1152\"><strong data-start=\"996\" data-end=\"1013\">El resultado:<\/strong> una piel m\u00e1s firme, hidratada y llena de vida. Perfecto para quienes quieren celebrar el D\u00eda del Soltero d\u00e1ndose el cuidado que merecen.<\/p>\n<p data-start=\"1154\" data-end=\"1208\">\n","protected":false},"excerpt":{"rendered":"<p>Hidrata y repara tu piel con el <strong data-start=\"78\" data-end=\"108\">s\u00e9rum Hyaluron+ de Garnier<\/strong>, que fortalece la barrera cut\u00e1nea, y la <strong data-start=\"149\" data-end=\"185\">crema Moisture Surge de Clinique<\/strong>, que aporta frescura y suavidad por 100 h. \u00a1Tu piel radiante y feliz en un solo pack!<\/p>\n","protected":false},"featured_media":178,"comment_status":"open","ping_status":"closed","template":"","meta":[],"product_brand":[],"product_cat":[25,26],"product_tag":[28,27,29],"class_list":{"0":"post-177","1":"product","2":"type-product","3":"status-publish","4":"has-post-thumbnail","6":"product_cat-pack","7":"product_cat-pack-dia-del-soltero","8":"product_tag-kit","9":"product_tag-pack","10":"product_tag-soltero","12":"first","13":"instock","14":"taxable","15":"shipping-taxable","16":"product-type-grouped"},"yoast_head":"<!-- This site is optimized with the Yoast SEO plugin v27.3 - https:\/\/yoast.com\/product\/yoast-seo-wordpress\/ -->\n<title>Pack d\u00eda del soltero\/a - Rodr\u00edguez Fern\u00e1ndez, Mara<\/title>\n<meta name=\"robots\" content=\"index, follow, max-snippet:-1, max-image-preview:large, max-video-preview:-1\" \/>\n<link rel=\"canonical\" href=\"https:\/\/lalaboralaula.es\/MP252526\/index.php\/producto\/pack-dia-del-soltero-a\/\" \/>\n<meta property=\"og:locale\" content=\"es_ES\" \/>\n<meta property=\"og:type\" content=\"article\" \/>\n<meta property=\"og:title\" content=\"Pack d\u00eda del soltero\/a - Rodr\u00edguez Fern\u00e1ndez, Mara\" \/>\n<meta property=\"og:description\" content=\"Hidrata y repara tu piel con el s\u00e9rum Hyaluron+ de Garnier, que fortalece la barrera cut\u00e1nea, y la crema Moisture Surge de Clinique, que aporta frescura y suavidad por 100 h. \u00a1Tu piel radiante y feliz en un solo pack!\" \/>\n<meta property=\"og:url\" content=\"https:\/\/lalaboralaula.es\/MP252526\/index.php\/producto\/pack-dia-del-soltero-a\/\" \/>\n<meta property=\"og:site_name\" content=\"Rodr\u00edguez Fern\u00e1ndez, Mara\" \/>\n<meta property=\"og:image\" content=\"https:\/\/lalaboralaula.es\/MP252526\/wp-content\/uploads\/2025\/11\/Imagen-5.jpeg\" \/>\n\t<meta property=\"og:image:width\" content=\"1024\" \/>\n\t<meta property=\"og:image:height\" content=\"1536\" \/>\n\t<meta property=\"og:image:type\" content=\"image\/jpeg\" \/>\n<meta name=\"twitter:card\" content=\"summary_large_image\" \/>\n<meta name=\"twitter:label1\" content=\"Tiempo de lectura\" \/>\n\t<meta name=\"twitter:data1\" content=\"1 minuto\" \/>\n<script type=\"application\/ld+json\" class=\"yoast-schema-graph\">{\"@context\":\"https:\\\/\\\/schema.org\",\"@graph\":[{\"@type\":\"WebPage\",\"@id\":\"https:\\\/\\\/lalaboralaula.es\\\/MP252526\\\/index.php\\\/producto\\\/pack-dia-del-soltero-a\\\/\",\"url\":\"https:\\\/\\\/lalaboralaula.es\\\/MP252526\\\/index.php\\\/producto\\\/pack-dia-del-soltero-a\\\/\",\"name\":\"Pack d\u00eda del soltero\\\/a - Rodr\u00edguez Fern\u00e1ndez, Mara\",\"isPartOf\":{\"@id\":\"https:\\\/\\\/lalaboralaula.es\\\/MP252526\\\/#website\"},\"primaryImageOfPage\":{\"@id\":\"https:\\\/\\\/lalaboralaula.es\\\/MP252526\\\/index.php\\\/producto\\\/pack-dia-del-soltero-a\\\/#primaryimage\"},\"image\":{\"@id\":\"https:\\\/\\\/lalaboralaula.es\\\/MP252526\\\/index.php\\\/producto\\\/pack-dia-del-soltero-a\\\/#primaryimage\"},\"thumbnailUrl\":\"https:\\\/\\\/lalaboralaula.es\\\/MP252526\\\/wp-content\\\/uploads\\\/2025\\\/11\\\/Imagen-5.jpeg\",\"datePublished\":\"2025-11-06T19:38:29+00:00\",\"breadcrumb\":{\"@id\":\"https:\\\/\\\/lalaboralaula.es\\\/MP252526\\\/index.php\\\/producto\\\/pack-dia-del-soltero-a\\\/#breadcrumb\"},\"inLanguage\":\"es\",\"potentialAction\":[{\"@type\":\"ReadAction\",\"target\":[\"https:\\\/\\\/lalaboralaula.es\\\/MP252526\\\/index.php\\\/producto\\\/pack-dia-del-soltero-a\\\/\"]}]},{\"@type\":\"ImageObject\",\"inLanguage\":\"es\",\"@id\":\"https:\\\/\\\/lalaboralaula.es\\\/MP252526\\\/index.php\\\/producto\\\/pack-dia-del-soltero-a\\\/#primaryimage\",\"url\":\"https:\\\/\\\/lalaboralaula.es\\\/MP252526\\\/wp-content\\\/uploads\\\/2025\\\/11\\\/Imagen-5.jpeg\",\"contentUrl\":\"https:\\\/\\\/lalaboralaula.es\\\/MP252526\\\/wp-content\\\/uploads\\\/2025\\\/11\\\/Imagen-5.jpeg\",\"width\":1024,\"height\":1536,\"caption\":\"Kit de skincare para el d\u00eda del soltero\"},{\"@type\":\"BreadcrumbList\",\"@id\":\"https:\\\/\\\/lalaboralaula.es\\\/MP252526\\\/index.php\\\/producto\\\/pack-dia-del-soltero-a\\\/#breadcrumb\",\"itemListElement\":[{\"@type\":\"ListItem\",\"position\":1,\"name\":\"Portada\",\"item\":\"https:\\\/\\\/lalaboralaula.es\\\/MP252526\\\/\"},{\"@type\":\"ListItem\",\"position\":2,\"name\":\"Tienda\",\"item\":\"https:\\\/\\\/lalaboralaula.es\\\/MP252526\\\/index.php\\\/tienda\\\/\"},{\"@type\":\"ListItem\",\"position\":3,\"name\":\"Pack d\u00eda del soltero\\\/a\"}]},{\"@type\":\"WebSite\",\"@id\":\"https:\\\/\\\/lalaboralaula.es\\\/MP252526\\\/#website\",\"url\":\"https:\\\/\\\/lalaboralaula.es\\\/MP252526\\\/\",\"name\":\"Rodr\u00edguez Fern\u00e1ndez, Mara\",\"description\":\"\",\"publisher\":{\"@id\":\"https:\\\/\\\/lalaboralaula.es\\\/MP252526\\\/#organization\"},\"potentialAction\":[{\"@type\":\"SearchAction\",\"target\":{\"@type\":\"EntryPoint\",\"urlTemplate\":\"https:\\\/\\\/lalaboralaula.es\\\/MP252526\\\/?s={search_term_string}\"},\"query-input\":{\"@type\":\"PropertyValueSpecification\",\"valueRequired\":true,\"valueName\":\"search_term_string\"}}],\"inLanguage\":\"es\"},{\"@type\":\"Organization\",\"@id\":\"https:\\\/\\\/lalaboralaula.es\\\/MP252526\\\/#organization\",\"name\":\"Rodr\u00edguez Fern\u00e1ndez, Mara\",\"url\":\"https:\\\/\\\/lalaboralaula.es\\\/MP252526\\\/\",\"logo\":{\"@type\":\"ImageObject\",\"inLanguage\":\"es\",\"@id\":\"https:\\\/\\\/lalaboralaula.es\\\/MP252526\\\/#\\\/schema\\\/logo\\\/image\\\/\",\"url\":\"https:\\\/\\\/lalaboralaula.es\\\/MP252526\\\/wp-content\\\/uploads\\\/2025\\\/10\\\/IMG_2511.jpg\",\"contentUrl\":\"https:\\\/\\\/lalaboralaula.es\\\/MP252526\\\/wp-content\\\/uploads\\\/2025\\\/10\\\/IMG_2511.jpg\",\"width\":1028,\"height\":676,\"caption\":\"Rodr\u00edguez Fern\u00e1ndez, Mara\"},\"image\":{\"@id\":\"https:\\\/\\\/lalaboralaula.es\\\/MP252526\\\/#\\\/schema\\\/logo\\\/image\\\/\"}}]}<\/script>\n<!-- \/ Yoast SEO plugin. -->","yoast_head_json":{"title":"Pack d\u00eda del soltero\/a - Rodr\u00edguez Fern\u00e1ndez, Mara","robots":{"index":"index","follow":"follow","max-snippet":"max-snippet:-1","max-image-preview":"max-image-preview:large","max-video-preview":"max-video-preview:-1"},"canonical":"https:\/\/lalaboralaula.es\/MP252526\/index.php\/producto\/pack-dia-del-soltero-a\/","og_locale":"es_ES","og_type":"article","og_title":"Pack d\u00eda del soltero\/a - Rodr\u00edguez Fern\u00e1ndez, Mara","og_description":"Hidrata y repara tu piel con el s\u00e9rum Hyaluron+ de Garnier, que fortalece la barrera cut\u00e1nea, y la crema Moisture Surge de Clinique, que aporta frescura y suavidad por 100 h. \u00a1Tu piel radiante y feliz en un solo pack!","og_url":"https:\/\/lalaboralaula.es\/MP252526\/index.php\/producto\/pack-dia-del-soltero-a\/","og_site_name":"Rodr\u00edguez Fern\u00e1ndez, Mara","og_image":[{"width":1024,"height":1536,"url":"https:\/\/lalaboralaula.es\/MP252526\/wp-content\/uploads\/2025\/11\/Imagen-5.jpeg","type":"image\/jpeg"}],"twitter_card":"summary_large_image","twitter_misc":{"Tiempo de lectura":"1 minuto"},"schema":{"@context":"https:\/\/schema.org","@graph":[{"@type":"WebPage","@id":"https:\/\/lalaboralaula.es\/MP252526\/index.php\/producto\/pack-dia-del-soltero-a\/","url":"https:\/\/lalaboralaula.es\/MP252526\/index.php\/producto\/pack-dia-del-soltero-a\/","name":"Pack d\u00eda del soltero\/a - Rodr\u00edguez Fern\u00e1ndez, Mara","isPartOf":{"@id":"https:\/\/lalaboralaula.es\/MP252526\/#website"},"primaryImageOfPage":{"@id":"https:\/\/lalaboralaula.es\/MP252526\/index.php\/producto\/pack-dia-del-soltero-a\/#primaryimage"},"image":{"@id":"https:\/\/lalaboralaula.es\/MP252526\/index.php\/producto\/pack-dia-del-soltero-a\/#primaryimage"},"thumbnailUrl":"https:\/\/lalaboralaula.es\/MP252526\/wp-content\/uploads\/2025\/11\/Imagen-5.jpeg","datePublished":"2025-11-06T19:38:29+00:00","breadcrumb":{"@id":"https:\/\/lalaboralaula.es\/MP252526\/index.php\/producto\/pack-dia-del-soltero-a\/#breadcrumb"},"inLanguage":"es","potentialAction":[{"@type":"ReadAction","target":["https:\/\/lalaboralaula.es\/MP252526\/index.php\/producto\/pack-dia-del-soltero-a\/"]}]},{"@type":"ImageObject","inLanguage":"es","@id":"https:\/\/lalaboralaula.es\/MP252526\/index.php\/producto\/pack-dia-del-soltero-a\/#primaryimage","url":"https:\/\/lalaboralaula.es\/MP252526\/wp-content\/uploads\/2025\/11\/Imagen-5.jpeg","contentUrl":"https:\/\/lalaboralaula.es\/MP252526\/wp-content\/uploads\/2025\/11\/Imagen-5.jpeg","width":1024,"height":1536,"caption":"Kit de skincare para el d\u00eda del soltero"},{"@type":"BreadcrumbList","@id":"https:\/\/lalaboralaula.es\/MP252526\/index.php\/producto\/pack-dia-del-soltero-a\/#breadcrumb","itemListElement":[{"@type":"ListItem","position":1,"name":"Portada","item":"https:\/\/lalaboralaula.es\/MP252526\/"},{"@type":"ListItem","position":2,"name":"Tienda","item":"https:\/\/lalaboralaula.es\/MP252526\/index.php\/tienda\/"},{"@type":"ListItem","position":3,"name":"Pack d\u00eda del soltero\/a"}]},{"@type":"WebSite","@id":"https:\/\/lalaboralaula.es\/MP252526\/#website","url":"https:\/\/lalaboralaula.es\/MP252526\/","name":"Rodr\u00edguez Fern\u00e1ndez, Mara","description":"","publisher":{"@id":"https:\/\/lalaboralaula.es\/MP252526\/#organization"},"potentialAction":[{"@type":"SearchAction","target":{"@type":"EntryPoint","urlTemplate":"https:\/\/lalaboralaula.es\/MP252526\/?s={search_term_string}"},"query-input":{"@type":"PropertyValueSpecification","valueRequired":true,"valueName":"search_term_string"}}],"inLanguage":"es"},{"@type":"Organization","@id":"https:\/\/lalaboralaula.es\/MP252526\/#organization","name":"Rodr\u00edguez Fern\u00e1ndez, Mara","url":"https:\/\/lalaboralaula.es\/MP252526\/","logo":{"@type":"ImageObject","inLanguage":"es","@id":"https:\/\/lalaboralaula.es\/MP252526\/#\/schema\/logo\/image\/","url":"https:\/\/lalaboralaula.es\/MP252526\/wp-content\/uploads\/2025\/10\/IMG_2511.jpg","contentUrl":"https:\/\/lalaboralaula.es\/MP252526\/wp-content\/uploads\/2025\/10\/IMG_2511.jpg","width":1028,"height":676,"caption":"Rodr\u00edguez Fern\u00e1ndez, Mara"},"image":{"@id":"https:\/\/lalaboralaula.es\/MP252526\/#\/schema\/logo\/image\/"}}]}},"_links":{"self":[{"href":"https:\/\/lalaboralaula.es\/MP252526\/index.php\/wp-json\/wp\/v2\/product\/177","targetHints":{"allow":["GET"]}}],"collection":[{"href":"https:\/\/lalaboralaula.es\/MP252526\/index.php\/wp-json\/wp\/v2\/product"}],"about":[{"href":"https:\/\/lalaboralaula.es\/MP252526\/index.php\/wp-json\/wp\/v2\/types\/product"}],"replies":[{"embeddable":true,"href":"https:\/\/lalaboralaula.es\/MP252526\/index.php\/wp-json\/wp\/v2\/comments?post=177"}],"wp:featuredmedia":[{"embeddable":true,"href":"https:\/\/lalaboralaula.es\/MP252526\/index.php\/wp-json\/wp\/v2\/media\/178"}],"wp:attachment":[{"href":"https:\/\/lalaboralaula.es\/MP252526\/index.php\/wp-json\/wp\/v2\/media?parent=177"}],"wp:term":[{"taxonomy":"product_brand","embeddable":true,"href":"https:\/\/lalaboralaula.es\/MP252526\/index.php\/wp-json\/wp\/v2\/product_brand?post=177"},{"taxonomy":"product_cat","embeddable":true,"href":"https:\/\/lalaboralaula.es\/MP252526\/index.php\/wp-json\/wp\/v2\/product_cat?post=177"},{"taxonomy":"product_tag","embeddable":true,"href":"https:\/\/lalaboralaula.es\/MP252526\/index.php\/wp-json\/wp\/v2\/product_tag?post=177"}],"curies":[{"name":"wp","href":"https:\/\/api.w.org\/{rel}","templated":true}]}}