{"id":79,"date":"2025-10-23T20:30:52","date_gmt":"2025-10-23T18:30:52","guid":{"rendered":"https:\/\/lalaboralaula.es\/MP242526\/?page_id=79"},"modified":"2025-12-11T20:28:13","modified_gmt":"2025-12-11T19:28:13","slug":"aura-essentials","status":"publish","type":"page","link":"https:\/\/lalaboralaula.es\/MP242526\/","title":{"rendered":""},"content":{"rendered":"\n<div class=\"wp-block-group alignfull\" style=\"padding-top:var(--wp--preset--spacing--30);padding-right:var(--wp--preset--spacing--30);padding-bottom:var(--wp--preset--spacing--30);padding-left:var(--wp--preset--spacing--30)\"><div class=\"wp-block-group__inner-container is-layout-constrained wp-container-core-group-is-layout-23b1a4dc wp-block-group-is-layout-constrained\">\n<div class=\"wp-block-group alignwide is-content-justification-space-between is-layout-flex wp-container-core-group-is-layout-b585a4aa wp-block-group-is-layout-flex\">\n<div class=\"wp-block-group is-layout-flex wp-container-core-group-is-layout-7a92790e wp-block-group-is-layout-flex\"><\/div>\n<\/div>\n<\/div><\/div>\n\n\n\n<div class=\"wp-block-group alignfull is-content-justification-center\" style=\"margin-top:0;margin-bottom:0;padding-top:calc( 0.5 * var(--wp--style--root--padding-right, var(--wp--custom--gap--horizontal)));padding-right:var(--wp--style--root--padding-right, var(--wp--custom--gap--horizontal));padding-bottom:calc( 0.5 * var(--wp--style--root--padding-right, var(--wp--custom--gap--horizontal)));padding-left:var(--wp--style--root--padding-left, var(--wp--custom--gap--horizontal))\"><div class=\"wp-block-group__inner-container is-layout-constrained wp-container-core-group-is-layout-df757ecc wp-block-group-is-layout-constrained\">\n<div style=\"height:calc( 0.25 * var(--wp--style--root--padding-right, var(--wp--custom--gap--horizontal)))\" aria-hidden=\"true\" class=\"wp-block-spacer\"><\/div>\n\n\n\n<div style=\"height:var(--wp--preset--spacing--30)\" aria-hidden=\"true\" class=\"wp-block-spacer\"><\/div>\n\n\n\n<div class=\"wp-block-group alignfull is-content-justification-center\" style=\"margin-top:0;margin-bottom:0;padding-top:calc( 0.5 * var(--wp--style--root--padding-right, var(--wp--custom--gap--horizontal)));padding-right:var(--wp--style--root--padding-right, var(--wp--custom--gap--horizontal));padding-bottom:calc( 0.5 * var(--wp--style--root--padding-right, var(--wp--custom--gap--horizontal)));padding-left:var(--wp--style--root--padding-left, var(--wp--custom--gap--horizontal))\"><div class=\"wp-block-group__inner-container is-layout-constrained wp-container-core-group-is-layout-c7f866ca wp-block-group-is-layout-constrained\">\n<div style=\"height:calc( 0.25 * var(--wp--style--root--padding-right, var(--wp--custom--gap--horizontal)))\" aria-hidden=\"true\" class=\"wp-block-spacer\"><\/div>\n\n\n\n<div class=\"wp-block-columns alignfull is-layout-flex wp-container-core-columns-is-layout-7c9548a8 wp-block-columns-is-layout-flex\" style=\"padding-top:0;padding-right:0;padding-bottom:0;padding-left:0\">\n<div class=\"wp-block-column is-layout-flow wp-block-column-is-layout-flow\">\n<div class=\"wp-block-cover is-light\" style=\"min-height:100vh;aspect-ratio:unset;\"><img loading=\"lazy\" decoding=\"async\" width=\"1122\" height=\"1474\" class=\"wp-block-cover__image-background wp-image-361 size-full\" alt=\"\" src=\"https:\/\/lalaboralaula.es\/MP242526\/wp-content\/uploads\/2025\/12\/IMG_6465.jpeg\" data-object-fit=\"cover\" srcset=\"https:\/\/lalaboralaula.es\/MP242526\/wp-content\/uploads\/2025\/12\/IMG_6465.jpeg 1122w, https:\/\/lalaboralaula.es\/MP242526\/wp-content\/uploads\/2025\/12\/IMG_6465-228x300.jpeg 228w, https:\/\/lalaboralaula.es\/MP242526\/wp-content\/uploads\/2025\/12\/IMG_6465-779x1024.jpeg 779w, https:\/\/lalaboralaula.es\/MP242526\/wp-content\/uploads\/2025\/12\/IMG_6465-768x1009.jpeg 768w, https:\/\/lalaboralaula.es\/MP242526\/wp-content\/uploads\/2025\/12\/IMG_6465-416x547.jpeg 416w\" sizes=\"auto, (max-width: 1122px) 100vw, 1122px\" \/><span aria-hidden=\"true\" class=\"wp-block-cover__background has-background-dim-0 has-background-dim\" style=\"background-color:#cac4c6\"><\/span><div class=\"wp-block-cover__inner-container is-layout-flow wp-block-cover-is-layout-flow\">\n<p class=\"has-text-align-center has-large-font-size\"><\/p>\n<\/div><\/div>\n<\/div>\n\n\n\n<div class=\"wp-block-column is-vertically-aligned-center is-layout-constrained wp-container-core-column-is-layout-254f1302 wp-block-column-is-layout-constrained\" style=\"padding-top:0;padding-right:0;padding-bottom:0;padding-left:0\">\n<div class=\"wp-block-group alignfull\" style=\"margin-top:var(--wp--preset--spacing--40);margin-bottom:var(--wp--preset--spacing--40);padding-top:0px;padding-right:60px;padding-bottom:0px;padding-left:60px\"><div class=\"wp-block-group__inner-container is-layout-flow wp-block-group-is-layout-flow\">\n<h2 class=\"wp-block-heading has-text-align-left has-large-font-size\">B\u00e1sicos que marcan tendencia <\/h2>\n\n\n\n<p style=\"margin-bottom:var(--wp--preset--spacing--40)\">En Aura Essentials encontrar\u00e1s looks para cualquier ocasi\u00f3n\u2026  Desde b\u00e1sicos que podr\u00e1s combinar con todo, hasta looks m\u00e1s elegantes. <br><\/p>\n\n\n\n<p><\/p>\n\n\n\n<p><a href=\"https:\/\/lalaboralaula.es\/MP242526\/index.php\/producto\/sudadera-essential-crew\/\"> <\/a><\/p>\n\n\n\n<div class=\"wp-block-buttons is-layout-flex wp-block-buttons-is-layout-flex\" style=\"margin-top:64px\"><\/div>\n<\/div><\/div>\n<\/div>\n<\/div>\n\n\n\n<div class=\"wp-block-columns alignfull is-layout-flex wp-container-core-columns-is-layout-7c9548a8 wp-block-columns-is-layout-flex\" style=\"padding-top:0;padding-right:0;padding-bottom:0;padding-left:0\">\n<div class=\"wp-block-column is-vertically-aligned-center is-layout-flow wp-block-column-is-layout-flow\" style=\"padding-top:0;padding-right:0;padding-bottom:0;padding-left:0\">\n<div class=\"wp-block-group\" style=\"padding-top:50px;padding-right:50px;padding-bottom:50px;padding-left:50px\"><div class=\"wp-block-group__inner-container is-layout-constrained wp-container-core-group-is-layout-bd9266ff wp-block-group-is-layout-constrained\">\n<div class=\"wp-block-group\"><div class=\"wp-block-group__inner-container is-layout-flow wp-block-group-is-layout-flow\">\n<h5 class=\"wp-block-heading\" style=\"text-transform:capitalize\"><\/h5>\n\n\n\n<p style=\"margin-top:25px;margin-right:0;margin-bottom:0;margin-left:0;padding-top:0;padding-right:0;padding-bottom:0;padding-left:0\">Descubre la combinaci\u00f3n perfecta de comodidad y tendencia con nuestros pantalones <strong>wide leg de tiro alto<\/strong>. Su corte fluido y holgado realza cualquier silueta, mientras que el tiro alto estiliza tu figura.<\/p>\n\n\n\n<h5 class=\"wp-block-heading\" style=\"text-transform:capitalize\"><\/h5>\n\n\n\n<p style=\"margin-top:25px\"><a href=\"https:\/\/lalaboralaula.es\/MP242526\/index.php\/producto\/pantalon-wide-leg-tiro-alto\/\">Pantalones Wide Leg Tiro Alto <\/a><\/p>\n<\/div><\/div>\n<\/div><\/div>\n<\/div>\n\n\n\n<div class=\"wp-block-column is-vertically-aligned-center is-layout-flow wp-block-column-is-layout-flow\">\n<div class=\"wp-block-cover is-light\" style=\"min-height:926px;aspect-ratio:unset;\"><img loading=\"lazy\" decoding=\"async\" width=\"1024\" height=\"1536\" class=\"wp-block-cover__image-background wp-image-305 size-full\" alt=\"\" src=\"https:\/\/lalaboralaula.es\/MP242526\/wp-content\/uploads\/2025\/11\/03687378802-A2M.webp\" data-object-fit=\"cover\" srcset=\"https:\/\/lalaboralaula.es\/MP242526\/wp-content\/uploads\/2025\/11\/03687378802-A2M.webp 1024w, https:\/\/lalaboralaula.es\/MP242526\/wp-content\/uploads\/2025\/11\/03687378802-A2M-200x300.webp 200w, https:\/\/lalaboralaula.es\/MP242526\/wp-content\/uploads\/2025\/11\/03687378802-A2M-683x1024.webp 683w, https:\/\/lalaboralaula.es\/MP242526\/wp-content\/uploads\/2025\/11\/03687378802-A2M-768x1152.webp 768w, https:\/\/lalaboralaula.es\/MP242526\/wp-content\/uploads\/2025\/11\/03687378802-A2M-416x624.webp 416w\" sizes=\"auto, (max-width: 1024px) 100vw, 1024px\" \/><span aria-hidden=\"true\" class=\"wp-block-cover__background has-background-dim-0 has-background-dim\" style=\"background-color:#d9d6d7\"><\/span><div class=\"wp-block-cover__inner-container is-layout-flow wp-block-cover-is-layout-flow\">\n<p class=\"has-text-align-center has-large-font-size\"><\/p>\n<\/div><\/div>\n<\/div>\n<\/div>\n\n\n\n<div style=\"height:calc( 0.25 * var(--wp--style--root--padding-right, var(--wp--custom--gap--horizontal)))\" aria-hidden=\"true\" class=\"wp-block-spacer\"><\/div>\n<\/div><\/div>\n\n\n\n<div style=\"height:calc( 0.25 * var(--wp--style--root--padding-right, var(--wp--custom--gap--horizontal)))\" aria-hidden=\"true\" class=\"wp-block-spacer\"><\/div>\n<\/div><\/div>\n\n\n\n<div class=\"wp-block-group alignfull is-content-justification-center\" style=\"margin-top:0;margin-bottom:0;padding-top:calc( 0.5 * var(--wp--style--root--padding-right, var(--wp--custom--gap--horizontal)));padding-right:var(--wp--style--root--padding-right, var(--wp--custom--gap--horizontal));padding-bottom:calc( 0.5 * var(--wp--style--root--padding-right, var(--wp--custom--gap--horizontal)));padding-left:var(--wp--style--root--padding-left, var(--wp--custom--gap--horizontal))\"><div class=\"wp-block-group__inner-container is-layout-constrained wp-container-core-group-is-layout-df757ecc wp-block-group-is-layout-constrained\">\n<div style=\"height:0px\" aria-hidden=\"true\" class=\"wp-block-spacer\"><\/div>\n\n\n\n<div class=\"wp-block-columns alignwide is-layout-flex wp-container-core-columns-is-layout-b3bd7b48 wp-block-columns-is-layout-flex\" style=\"margin-top:0px;margin-bottom:0px;padding-top:0;padding-right:0;padding-bottom:0;padding-left:0\">\n<div class=\"wp-block-column is-layout-flow wp-block-column-is-layout-flow\">\n<div class=\"wp-block-cover is-light has-custom-content-position is-position-bottom-center has-white-color\" style=\"padding-bottom:56px;min-height:572px;aspect-ratio:unset;\"><img loading=\"lazy\" decoding=\"async\" width=\"709\" height=\"1024\" class=\"wp-block-cover__image-background wp-image-271 size-large\" alt=\"\" src=\"https:\/\/lalaboralaula.es\/MP242526\/wp-content\/uploads\/2025\/11\/87b92febdecdedfe2c0f9efc7ba3b57c-709x1024.jpg\" data-object-fit=\"cover\" srcset=\"https:\/\/lalaboralaula.es\/MP242526\/wp-content\/uploads\/2025\/11\/87b92febdecdedfe2c0f9efc7ba3b57c-709x1024.jpg 709w, https:\/\/lalaboralaula.es\/MP242526\/wp-content\/uploads\/2025\/11\/87b92febdecdedfe2c0f9efc7ba3b57c-208x300.jpg 208w, https:\/\/lalaboralaula.es\/MP242526\/wp-content\/uploads\/2025\/11\/87b92febdecdedfe2c0f9efc7ba3b57c-416x601.jpg 416w, https:\/\/lalaboralaula.es\/MP242526\/wp-content\/uploads\/2025\/11\/87b92febdecdedfe2c0f9efc7ba3b57c.jpg 736w\" sizes=\"auto, (max-width: 709px) 100vw, 709px\" \/><span aria-hidden=\"true\" class=\"wp-block-cover__background has-background-dim-30 has-background-dim\" style=\"background-color:#d7dade\"><\/span><div class=\"wp-block-cover__inner-container is-layout-flow wp-block-cover-is-layout-flow\">\n<h4 class=\"wp-block-heading has-text-align-center\" style=\"margin-bottom:24px\"><\/h4>\n\n\n\n<p class=\"has-text-align-center has-link-color wp-elements-5edcb30a7df462f23aeed5775c30422a\" style=\"margin-top:0;margin-bottom:0;padding-top:0;padding-bottom:0\"><\/p>\n<\/div><\/div>\n<\/div>\n\n\n\n<div class=\"wp-block-column is-layout-flow wp-block-column-is-layout-flow\">\n<div class=\"wp-block-cover is-light has-custom-content-position is-position-bottom-center has-white-color\" style=\"padding-bottom:56px;min-height:569px;aspect-ratio:unset;\"><img loading=\"lazy\" decoding=\"async\" width=\"683\" height=\"1024\" class=\"wp-block-cover__image-background wp-image-269 size-large\" alt=\"\" src=\"https:\/\/lalaboralaula.es\/MP242526\/wp-content\/uploads\/2025\/11\/c78d4d62dd24be6ea25736c5ce7bf27f-683x1024.jpg\" data-object-fit=\"cover\" srcset=\"https:\/\/lalaboralaula.es\/MP242526\/wp-content\/uploads\/2025\/11\/c78d4d62dd24be6ea25736c5ce7bf27f-683x1024.jpg 683w, https:\/\/lalaboralaula.es\/MP242526\/wp-content\/uploads\/2025\/11\/c78d4d62dd24be6ea25736c5ce7bf27f-200x300.jpg 200w, https:\/\/lalaboralaula.es\/MP242526\/wp-content\/uploads\/2025\/11\/c78d4d62dd24be6ea25736c5ce7bf27f-768x1152.jpg 768w, https:\/\/lalaboralaula.es\/MP242526\/wp-content\/uploads\/2025\/11\/c78d4d62dd24be6ea25736c5ce7bf27f-1024x1536.jpg 1024w, https:\/\/lalaboralaula.es\/MP242526\/wp-content\/uploads\/2025\/11\/c78d4d62dd24be6ea25736c5ce7bf27f-416x624.jpg 416w, https:\/\/lalaboralaula.es\/MP242526\/wp-content\/uploads\/2025\/11\/c78d4d62dd24be6ea25736c5ce7bf27f.jpg 1080w\" sizes=\"auto, (max-width: 683px) 100vw, 683px\" \/><span aria-hidden=\"true\" class=\"wp-block-cover__background has-background-dim-30 has-background-dim\" style=\"background-color:#b7b3b6\"><\/span><div class=\"wp-block-cover__inner-container is-layout-flow wp-block-cover-is-layout-flow\">\n<p class=\"has-text-align-center\"><\/p>\n\n\n\n<p class=\"has-text-align-center has-link-color wp-elements-5edcb30a7df462f23aeed5775c30422a\" style=\"margin-top:0;margin-bottom:0;padding-top:0;padding-bottom:0\"><\/p>\n<\/div><\/div>\n<\/div>\n\n\n\n<div class=\"wp-block-column is-layout-flow wp-block-column-is-layout-flow\">\n<div class=\"wp-block-cover is-light has-custom-content-position is-position-bottom-center has-white-color\" style=\"padding-bottom:56px;min-height:566px;aspect-ratio:unset;\"><img loading=\"lazy\" decoding=\"async\" width=\"683\" height=\"1024\" class=\"wp-block-cover__image-background wp-image-270 size-large\" alt=\"\" src=\"https:\/\/lalaboralaula.es\/MP242526\/wp-content\/uploads\/2025\/11\/39d6f14339bca70da5028511e9a40cda-683x1024.jpg\" data-object-fit=\"cover\" srcset=\"https:\/\/lalaboralaula.es\/MP242526\/wp-content\/uploads\/2025\/11\/39d6f14339bca70da5028511e9a40cda-683x1024.jpg 683w, https:\/\/lalaboralaula.es\/MP242526\/wp-content\/uploads\/2025\/11\/39d6f14339bca70da5028511e9a40cda-200x300.jpg 200w, https:\/\/lalaboralaula.es\/MP242526\/wp-content\/uploads\/2025\/11\/39d6f14339bca70da5028511e9a40cda-768x1152.jpg 768w, https:\/\/lalaboralaula.es\/MP242526\/wp-content\/uploads\/2025\/11\/39d6f14339bca70da5028511e9a40cda-1024x1536.jpg 1024w, https:\/\/lalaboralaula.es\/MP242526\/wp-content\/uploads\/2025\/11\/39d6f14339bca70da5028511e9a40cda-416x624.jpg 416w, https:\/\/lalaboralaula.es\/MP242526\/wp-content\/uploads\/2025\/11\/39d6f14339bca70da5028511e9a40cda.jpg 1080w\" sizes=\"auto, (max-width: 683px) 100vw, 683px\" \/><span aria-hidden=\"true\" class=\"wp-block-cover__background has-background-dim-30 has-background-dim\" style=\"background-color:#cecdcd\"><\/span><div class=\"wp-block-cover__inner-container is-layout-flow wp-block-cover-is-layout-flow\">\n<p><\/p>\n<\/div><\/div>\n<\/div>\n<\/div>\n\n\n\n<div style=\"height:calc( 0.25 * var(--wp--style--root--padding-right, var(--wp--custom--gap--horizontal)))\" aria-hidden=\"true\" class=\"wp-block-spacer\"><\/div>\n<\/div><\/div>\n\n\n\n\n\n<figure class=\"wp-block-image size-full\"><a href=\"https:\/\/lalaboralaula.es\/MP242526\/index.php\/categoria-producto\/trazos-del-alma-en-acuarela\/\"><img loading=\"lazy\" decoding=\"async\" width=\"811\" height=\"569\" src=\"https:\/\/lalaboralaula.es\/MP242526\/wp-content\/uploads\/2025\/11\/Captura-de-pantalla-2025-11-20-201058.png\" alt=\"\" class=\"wp-image-347\" srcset=\"https:\/\/lalaboralaula.es\/MP242526\/wp-content\/uploads\/2025\/11\/Captura-de-pantalla-2025-11-20-201058.png 811w, https:\/\/lalaboralaula.es\/MP242526\/wp-content\/uploads\/2025\/11\/Captura-de-pantalla-2025-11-20-201058-300x210.png 300w, https:\/\/lalaboralaula.es\/MP242526\/wp-content\/uploads\/2025\/11\/Captura-de-pantalla-2025-11-20-201058-768x539.png 768w, https:\/\/lalaboralaula.es\/MP242526\/wp-content\/uploads\/2025\/11\/Captura-de-pantalla-2025-11-20-201058-416x292.png 416w\" sizes=\"auto, (max-width: 811px) 100vw, 811px\" \/><\/a><\/figure>\n\n\n\n<h3 class=\"wp-block-heading\"><strong><a href=\"https:\/\/lalaboralaula.es\/MP242526\/index.php\/2025\/12\/11\/susurros-de-papel-y-color-como-un-bullet-journal-despierta-tu-creatividad-y-emociones\/\">Trazos del Alma en Acuarela<\/a><\/strong><\/h3>\n\n\n\n<p><\/p>\n","protected":false},"excerpt":{"rendered":"<p>B\u00e1sicos que marcan tendencia En Aura Essentials encontrar\u00e1s looks para cualquier ocasi\u00f3n\u2026 Desde b\u00e1sicos que podr\u00e1s combinar con todo, hasta looks m\u00e1s elegantes. Descubre la combinaci\u00f3n perfecta de comodidad y tendencia con nuestros pantalones wide leg de tiro alto. Su corte fluido y holgado realza cualquier silueta, mientras que el tiro alto estiliza tu figura. [&hellip;]<\/p>\n","protected":false},"author":1,"featured_media":0,"parent":0,"menu_order":0,"comment_status":"closed","ping_status":"closed","template":"","meta":{"footnotes":""},"class_list":["post-79","page","type-page","status-publish","hentry"],"yoast_head":"<!-- This site is optimized with the Yoast SEO plugin v27.4 - https:\/\/yoast.com\/product\/yoast-seo-wordpress\/ -->\n<title>-<\/title>\n<meta name=\"robots\" content=\"index, follow, max-snippet:-1, max-image-preview:large, max-video-preview:-1\" \/>\n<link rel=\"canonical\" href=\"https:\/\/lalaboralaula.es\/MP242526\/\" \/>\n<meta property=\"og:locale\" content=\"es_ES\" \/>\n<meta property=\"og:type\" content=\"article\" \/>\n<meta property=\"og:title\" content=\"-\" \/>\n<meta property=\"og:description\" content=\"B\u00e1sicos que marcan tendencia En Aura Essentials encontrar\u00e1s looks para cualquier ocasi\u00f3n\u2026 Desde b\u00e1sicos que podr\u00e1s combinar con todo, hasta looks m\u00e1s elegantes. Descubre la combinaci\u00f3n perfecta de comodidad y tendencia con nuestros pantalones wide leg de tiro alto. Su corte fluido y holgado realza cualquier silueta, mientras que el tiro alto estiliza tu figura. [&hellip;]\" \/>\n<meta property=\"og:url\" content=\"https:\/\/lalaboralaula.es\/MP242526\/\" \/>\n<meta property=\"article:modified_time\" content=\"2025-12-11T19:28:13+00:00\" \/>\n<meta property=\"og:image\" content=\"https:\/\/lalaboralaula.es\/MP242526\/wp-content\/uploads\/2025\/12\/IMG_6465.jpeg\" \/>\n\t<meta property=\"og:image:width\" content=\"1122\" \/>\n\t<meta property=\"og:image:height\" content=\"1474\" \/>\n\t<meta property=\"og:image:type\" content=\"image\/jpeg\" \/>\n<meta name=\"twitter:card\" content=\"summary_large_image\" \/>\n<meta name=\"twitter:label1\" content=\"Tiempo de lectura\" \/>\n\t<meta name=\"twitter:data1\" content=\"2 minutos\" \/>\n<script type=\"application\/ld+json\" class=\"yoast-schema-graph\">{\"@context\":\"https:\\\/\\\/schema.org\",\"@graph\":[{\"@type\":\"WebPage\",\"@id\":\"https:\\\/\\\/lalaboralaula.es\\\/MP242526\\\/\",\"url\":\"https:\\\/\\\/lalaboralaula.es\\\/MP242526\\\/\",\"name\":\"-\",\"isPartOf\":{\"@id\":\"https:\\\/\\\/lalaboralaula.es\\\/MP242526\\\/#website\"},\"primaryImageOfPage\":{\"@id\":\"https:\\\/\\\/lalaboralaula.es\\\/MP242526\\\/#primaryimage\"},\"image\":{\"@id\":\"https:\\\/\\\/lalaboralaula.es\\\/MP242526\\\/#primaryimage\"},\"thumbnailUrl\":\"https:\\\/\\\/lalaboralaula.es\\\/MP242526\\\/wp-content\\\/uploads\\\/2025\\\/12\\\/IMG_6465.jpeg\",\"datePublished\":\"2025-10-23T18:30:52+00:00\",\"dateModified\":\"2025-12-11T19:28:13+00:00\",\"inLanguage\":\"es\",\"potentialAction\":[{\"@type\":\"ReadAction\",\"target\":[\"https:\\\/\\\/lalaboralaula.es\\\/MP242526\\\/\"]}]},{\"@type\":\"ImageObject\",\"inLanguage\":\"es\",\"@id\":\"https:\\\/\\\/lalaboralaula.es\\\/MP242526\\\/#primaryimage\",\"url\":\"https:\\\/\\\/lalaboralaula.es\\\/MP242526\\\/wp-content\\\/uploads\\\/2025\\\/12\\\/IMG_6465.jpeg\",\"contentUrl\":\"https:\\\/\\\/lalaboralaula.es\\\/MP242526\\\/wp-content\\\/uploads\\\/2025\\\/12\\\/IMG_6465.jpeg\",\"width\":1122,\"height\":1474,\"caption\":\"Screenshot\"},{\"@type\":\"WebSite\",\"@id\":\"https:\\\/\\\/lalaboralaula.es\\\/MP242526\\\/#website\",\"url\":\"https:\\\/\\\/lalaboralaula.es\\\/MP242526\\\/\",\"name\":\"Aura Essentials\",\"description\":\"\",\"potentialAction\":[{\"@type\":\"SearchAction\",\"target\":{\"@type\":\"EntryPoint\",\"urlTemplate\":\"https:\\\/\\\/lalaboralaula.es\\\/MP242526\\\/?s={search_term_string}\"},\"query-input\":{\"@type\":\"PropertyValueSpecification\",\"valueRequired\":true,\"valueName\":\"search_term_string\"}}],\"inLanguage\":\"es\"}]}<\/script>\n<!-- \/ Yoast SEO plugin. -->","yoast_head_json":{"title":"-","robots":{"index":"index","follow":"follow","max-snippet":"max-snippet:-1","max-image-preview":"max-image-preview:large","max-video-preview":"max-video-preview:-1"},"canonical":"https:\/\/lalaboralaula.es\/MP242526\/","og_locale":"es_ES","og_type":"article","og_title":"-","og_description":"B\u00e1sicos que marcan tendencia En Aura Essentials encontrar\u00e1s looks para cualquier ocasi\u00f3n\u2026 Desde b\u00e1sicos que podr\u00e1s combinar con todo, hasta looks m\u00e1s elegantes. Descubre la combinaci\u00f3n perfecta de comodidad y tendencia con nuestros pantalones wide leg de tiro alto. Su corte fluido y holgado realza cualquier silueta, mientras que el tiro alto estiliza tu figura. [&hellip;]","og_url":"https:\/\/lalaboralaula.es\/MP242526\/","article_modified_time":"2025-12-11T19:28:13+00:00","og_image":[{"width":1122,"height":1474,"url":"https:\/\/lalaboralaula.es\/MP242526\/wp-content\/uploads\/2025\/12\/IMG_6465.jpeg","type":"image\/jpeg"}],"twitter_card":"summary_large_image","twitter_misc":{"Tiempo de lectura":"2 minutos"},"schema":{"@context":"https:\/\/schema.org","@graph":[{"@type":"WebPage","@id":"https:\/\/lalaboralaula.es\/MP242526\/","url":"https:\/\/lalaboralaula.es\/MP242526\/","name":"-","isPartOf":{"@id":"https:\/\/lalaboralaula.es\/MP242526\/#website"},"primaryImageOfPage":{"@id":"https:\/\/lalaboralaula.es\/MP242526\/#primaryimage"},"image":{"@id":"https:\/\/lalaboralaula.es\/MP242526\/#primaryimage"},"thumbnailUrl":"https:\/\/lalaboralaula.es\/MP242526\/wp-content\/uploads\/2025\/12\/IMG_6465.jpeg","datePublished":"2025-10-23T18:30:52+00:00","dateModified":"2025-12-11T19:28:13+00:00","inLanguage":"es","potentialAction":[{"@type":"ReadAction","target":["https:\/\/lalaboralaula.es\/MP242526\/"]}]},{"@type":"ImageObject","inLanguage":"es","@id":"https:\/\/lalaboralaula.es\/MP242526\/#primaryimage","url":"https:\/\/lalaboralaula.es\/MP242526\/wp-content\/uploads\/2025\/12\/IMG_6465.jpeg","contentUrl":"https:\/\/lalaboralaula.es\/MP242526\/wp-content\/uploads\/2025\/12\/IMG_6465.jpeg","width":1122,"height":1474,"caption":"Screenshot"},{"@type":"WebSite","@id":"https:\/\/lalaboralaula.es\/MP242526\/#website","url":"https:\/\/lalaboralaula.es\/MP242526\/","name":"Aura Essentials","description":"","potentialAction":[{"@type":"SearchAction","target":{"@type":"EntryPoint","urlTemplate":"https:\/\/lalaboralaula.es\/MP242526\/?s={search_term_string}"},"query-input":{"@type":"PropertyValueSpecification","valueRequired":true,"valueName":"search_term_string"}}],"inLanguage":"es"}]}},"_links":{"self":[{"href":"https:\/\/lalaboralaula.es\/MP242526\/index.php\/wp-json\/wp\/v2\/pages\/79","targetHints":{"allow":["GET"]}}],"collection":[{"href":"https:\/\/lalaboralaula.es\/MP242526\/index.php\/wp-json\/wp\/v2\/pages"}],"about":[{"href":"https:\/\/lalaboralaula.es\/MP242526\/index.php\/wp-json\/wp\/v2\/types\/page"}],"author":[{"embeddable":true,"href":"https:\/\/lalaboralaula.es\/MP242526\/index.php\/wp-json\/wp\/v2\/users\/1"}],"replies":[{"embeddable":true,"href":"https:\/\/lalaboralaula.es\/MP242526\/index.php\/wp-json\/wp\/v2\/comments?post=79"}],"version-history":[{"count":25,"href":"https:\/\/lalaboralaula.es\/MP242526\/index.php\/wp-json\/wp\/v2\/pages\/79\/revisions"}],"predecessor-version":[{"id":379,"href":"https:\/\/lalaboralaula.es\/MP242526\/index.php\/wp-json\/wp\/v2\/pages\/79\/revisions\/379"}],"wp:attachment":[{"href":"https:\/\/lalaboralaula.es\/MP242526\/index.php\/wp-json\/wp\/v2\/media?parent=79"}],"curies":[{"name":"wp","href":"https:\/\/api.w.org\/{rel}","templated":true}]}}