{"id":24,"date":"2025-10-15T18:13:18","date_gmt":"2025-10-15T18:13:18","guid":{"rendered":"https:\/\/lalaboralaula.es\/MP222526\/?page_id=24"},"modified":"2025-10-23T17:28:55","modified_gmt":"2025-10-23T17:28:55","slug":"sobre-pompom","status":"publish","type":"page","link":"https:\/\/lalaboralaula.es\/MP222526\/index.php\/sobre-pompom\/","title":{"rendered":"Sobre POMPOM"},"content":{"rendered":"\n<p>Somos una empresa especializada en un tipo de ropa \u00fanica, con un aura m\u00e1s oscura, un estilo g\u00f3tico\/emo con un rollo casual. Ropa con ese estilo sin ser sobre explotada y poder combinarla con el d\u00eda a d\u00eda.\u00a0<\/p>\n\n\n\n<p>\u00a0Estamos situados en un lugar concentrado en tiendas de ropa, pero ninguna tiene nuestro estilo \u00fanico.  Nuestra tienda esta abierta a todo el mundo, s\u00ed alguien no encuentra algo de su estilo en otras tiendas, podr\u00e1 acudir a nuestro establecimiento sin compromisos y observar si hay algo de su agrado para su d\u00eda a d\u00eda.<\/p>\n\n\n\n<p>Lograremos este gran trabajo con esfuerzo, dedicaci\u00f3n y una gran motivaci\u00f3n por parte de todo nuestro estilo.<\/p>\n\n\n\n<p>Nuestra marca esta pensada para todo tipo de personas que est\u00e9n dispuestas a abrirse en el \u00e1mbito de la moda y a probar algo nuevo y sobre todo para todos los que les gusta vestir con este toque g\u00f3tico e innovador que no pueden encontrar f\u00e1cilmente por all\u00ed.  <\/p>\n\n\n\n<p>Porque merecemos que haya m\u00e1s tiendas de ropa con estilos \u00fanicos de ropa y no siempre la t\u00edpica ropa pija y \u201cfemenina\u201d.\u00a0<\/p>\n\n\n\n<p><\/p>\n\n\n\n<p>Nuestra ropa se adaptara a las distintas \u00e9pocas del a\u00f1o y salidas. ara todas las \u00e9pocas del a\u00f1o, seg\u00fan cambie el clima tambi\u00e9n cambiara la ropa de all\u00ed, adapt\u00e1ndose a las temperaturas que haya en esa actualidad.\u00a0<\/p>\n\n\n\n<p><\/p>\n","protected":false},"excerpt":{"rendered":"<p>Somos una empresa especializada en un tipo de ropa \u00fanica, con un aura m\u00e1s oscura, un estilo g\u00f3tico\/emo con un rollo casual. Ropa con ese estilo sin ser sobre explotada y poder combinarla con el d\u00eda a d\u00eda.\u00a0 \u00a0Estamos situados en un lugar concentrado en tiendas de ropa, pero ninguna tiene nuestro estilo \u00fanico. Nuestra [&hellip;]<\/p>\n","protected":false},"author":1,"featured_media":0,"parent":0,"menu_order":0,"comment_status":"closed","ping_status":"closed","template":"template-fullwidth.php","meta":{"footnotes":""},"class_list":["post-24","page","type-page","status-publish","hentry"],"yoast_head":"<!-- This site is optimized with the Yoast SEO plugin v27.3 - https:\/\/yoast.com\/product\/yoast-seo-wordpress\/ -->\n<title>Sobre POMPOM - POMPOM<\/title>\n<meta name=\"robots\" content=\"index, follow, max-snippet:-1, max-image-preview:large, max-video-preview:-1\" \/>\n<link rel=\"canonical\" href=\"https:\/\/lalaboralaula.es\/MP222526\/index.php\/sobre-pompom\/\" \/>\n<meta property=\"og:locale\" content=\"es_ES\" \/>\n<meta property=\"og:type\" content=\"article\" \/>\n<meta property=\"og:title\" content=\"Sobre POMPOM - POMPOM\" \/>\n<meta property=\"og:description\" content=\"Somos una empresa especializada en un tipo de ropa \u00fanica, con un aura m\u00e1s oscura, un estilo g\u00f3tico\/emo con un rollo casual. Ropa con ese estilo sin ser sobre explotada y poder combinarla con el d\u00eda a d\u00eda.\u00a0 \u00a0Estamos situados en un lugar concentrado en tiendas de ropa, pero ninguna tiene nuestro estilo \u00fanico. Nuestra [&hellip;]\" \/>\n<meta property=\"og:url\" content=\"https:\/\/lalaboralaula.es\/MP222526\/index.php\/sobre-pompom\/\" \/>\n<meta property=\"og:site_name\" content=\"POMPOM\" \/>\n<meta property=\"article:modified_time\" content=\"2025-10-23T17:28:55+00:00\" \/>\n<meta name=\"twitter:card\" content=\"summary_large_image\" \/>\n<meta name=\"twitter:label1\" content=\"Tiempo de lectura\" \/>\n\t<meta name=\"twitter:data1\" content=\"1 minuto\" \/>\n<script type=\"application\/ld+json\" class=\"yoast-schema-graph\">{\"@context\":\"https:\\\/\\\/schema.org\",\"@graph\":[{\"@type\":\"WebPage\",\"@id\":\"https:\\\/\\\/lalaboralaula.es\\\/MP222526\\\/index.php\\\/sobre-pompom\\\/\",\"url\":\"https:\\\/\\\/lalaboralaula.es\\\/MP222526\\\/index.php\\\/sobre-pompom\\\/\",\"name\":\"Sobre POMPOM - POMPOM\",\"isPartOf\":{\"@id\":\"https:\\\/\\\/lalaboralaula.es\\\/MP222526\\\/#website\"},\"datePublished\":\"2025-10-15T18:13:18+00:00\",\"dateModified\":\"2025-10-23T17:28:55+00:00\",\"breadcrumb\":{\"@id\":\"https:\\\/\\\/lalaboralaula.es\\\/MP222526\\\/index.php\\\/sobre-pompom\\\/#breadcrumb\"},\"inLanguage\":\"es\",\"potentialAction\":[{\"@type\":\"ReadAction\",\"target\":[\"https:\\\/\\\/lalaboralaula.es\\\/MP222526\\\/index.php\\\/sobre-pompom\\\/\"]}]},{\"@type\":\"BreadcrumbList\",\"@id\":\"https:\\\/\\\/lalaboralaula.es\\\/MP222526\\\/index.php\\\/sobre-pompom\\\/#breadcrumb\",\"itemListElement\":[{\"@type\":\"ListItem\",\"position\":1,\"name\":\"Portada\",\"item\":\"https:\\\/\\\/lalaboralaula.es\\\/MP222526\\\/\"},{\"@type\":\"ListItem\",\"position\":2,\"name\":\"Sobre POMPOM\"}]},{\"@type\":\"WebSite\",\"@id\":\"https:\\\/\\\/lalaboralaula.es\\\/MP222526\\\/#website\",\"url\":\"https:\\\/\\\/lalaboralaula.es\\\/MP222526\\\/\",\"name\":\"POMPOM\",\"description\":\"POMPOM: marca de ropa ficticia para un trabajo educativo.\",\"publisher\":{\"@id\":\"https:\\\/\\\/lalaboralaula.es\\\/MP222526\\\/#organization\"},\"potentialAction\":[{\"@type\":\"SearchAction\",\"target\":{\"@type\":\"EntryPoint\",\"urlTemplate\":\"https:\\\/\\\/lalaboralaula.es\\\/MP222526\\\/?s={search_term_string}\"},\"query-input\":{\"@type\":\"PropertyValueSpecification\",\"valueRequired\":true,\"valueName\":\"search_term_string\"}}],\"inLanguage\":\"es\"},{\"@type\":\"Organization\",\"@id\":\"https:\\\/\\\/lalaboralaula.es\\\/MP222526\\\/#organization\",\"name\":\"POMPOM\",\"url\":\"https:\\\/\\\/lalaboralaula.es\\\/MP222526\\\/\",\"logo\":{\"@type\":\"ImageObject\",\"inLanguage\":\"es\",\"@id\":\"https:\\\/\\\/lalaboralaula.es\\\/MP222526\\\/#\\\/schema\\\/logo\\\/image\\\/\",\"url\":\"https:\\\/\\\/lalaboralaula.es\\\/MP222526\\\/wp-content\\\/uploads\\\/2025\\\/10\\\/cropped-cropped-Copia-de-Copia-de-POm-1-1.jpg\",\"contentUrl\":\"https:\\\/\\\/lalaboralaula.es\\\/MP222526\\\/wp-content\\\/uploads\\\/2025\\\/10\\\/cropped-cropped-Copia-de-Copia-de-POm-1-1.jpg\",\"width\":512,\"height\":512,\"caption\":\"POMPOM\"},\"image\":{\"@id\":\"https:\\\/\\\/lalaboralaula.es\\\/MP222526\\\/#\\\/schema\\\/logo\\\/image\\\/\"}}]}<\/script>\n<!-- \/ Yoast SEO plugin. -->","yoast_head_json":{"title":"Sobre POMPOM - POMPOM","robots":{"index":"index","follow":"follow","max-snippet":"max-snippet:-1","max-image-preview":"max-image-preview:large","max-video-preview":"max-video-preview:-1"},"canonical":"https:\/\/lalaboralaula.es\/MP222526\/index.php\/sobre-pompom\/","og_locale":"es_ES","og_type":"article","og_title":"Sobre POMPOM - POMPOM","og_description":"Somos una empresa especializada en un tipo de ropa \u00fanica, con un aura m\u00e1s oscura, un estilo g\u00f3tico\/emo con un rollo casual. Ropa con ese estilo sin ser sobre explotada y poder combinarla con el d\u00eda a d\u00eda.\u00a0 \u00a0Estamos situados en un lugar concentrado en tiendas de ropa, pero ninguna tiene nuestro estilo \u00fanico. Nuestra [&hellip;]","og_url":"https:\/\/lalaboralaula.es\/MP222526\/index.php\/sobre-pompom\/","og_site_name":"POMPOM","article_modified_time":"2025-10-23T17:28:55+00:00","twitter_card":"summary_large_image","twitter_misc":{"Tiempo de lectura":"1 minuto"},"schema":{"@context":"https:\/\/schema.org","@graph":[{"@type":"WebPage","@id":"https:\/\/lalaboralaula.es\/MP222526\/index.php\/sobre-pompom\/","url":"https:\/\/lalaboralaula.es\/MP222526\/index.php\/sobre-pompom\/","name":"Sobre POMPOM - POMPOM","isPartOf":{"@id":"https:\/\/lalaboralaula.es\/MP222526\/#website"},"datePublished":"2025-10-15T18:13:18+00:00","dateModified":"2025-10-23T17:28:55+00:00","breadcrumb":{"@id":"https:\/\/lalaboralaula.es\/MP222526\/index.php\/sobre-pompom\/#breadcrumb"},"inLanguage":"es","potentialAction":[{"@type":"ReadAction","target":["https:\/\/lalaboralaula.es\/MP222526\/index.php\/sobre-pompom\/"]}]},{"@type":"BreadcrumbList","@id":"https:\/\/lalaboralaula.es\/MP222526\/index.php\/sobre-pompom\/#breadcrumb","itemListElement":[{"@type":"ListItem","position":1,"name":"Portada","item":"https:\/\/lalaboralaula.es\/MP222526\/"},{"@type":"ListItem","position":2,"name":"Sobre POMPOM"}]},{"@type":"WebSite","@id":"https:\/\/lalaboralaula.es\/MP222526\/#website","url":"https:\/\/lalaboralaula.es\/MP222526\/","name":"POMPOM","description":"POMPOM: marca de ropa ficticia para un trabajo educativo.","publisher":{"@id":"https:\/\/lalaboralaula.es\/MP222526\/#organization"},"potentialAction":[{"@type":"SearchAction","target":{"@type":"EntryPoint","urlTemplate":"https:\/\/lalaboralaula.es\/MP222526\/?s={search_term_string}"},"query-input":{"@type":"PropertyValueSpecification","valueRequired":true,"valueName":"search_term_string"}}],"inLanguage":"es"},{"@type":"Organization","@id":"https:\/\/lalaboralaula.es\/MP222526\/#organization","name":"POMPOM","url":"https:\/\/lalaboralaula.es\/MP222526\/","logo":{"@type":"ImageObject","inLanguage":"es","@id":"https:\/\/lalaboralaula.es\/MP222526\/#\/schema\/logo\/image\/","url":"https:\/\/lalaboralaula.es\/MP222526\/wp-content\/uploads\/2025\/10\/cropped-cropped-Copia-de-Copia-de-POm-1-1.jpg","contentUrl":"https:\/\/lalaboralaula.es\/MP222526\/wp-content\/uploads\/2025\/10\/cropped-cropped-Copia-de-Copia-de-POm-1-1.jpg","width":512,"height":512,"caption":"POMPOM"},"image":{"@id":"https:\/\/lalaboralaula.es\/MP222526\/#\/schema\/logo\/image\/"}}]}},"_links":{"self":[{"href":"https:\/\/lalaboralaula.es\/MP222526\/index.php\/wp-json\/wp\/v2\/pages\/24","targetHints":{"allow":["GET"]}}],"collection":[{"href":"https:\/\/lalaboralaula.es\/MP222526\/index.php\/wp-json\/wp\/v2\/pages"}],"about":[{"href":"https:\/\/lalaboralaula.es\/MP222526\/index.php\/wp-json\/wp\/v2\/types\/page"}],"author":[{"embeddable":true,"href":"https:\/\/lalaboralaula.es\/MP222526\/index.php\/wp-json\/wp\/v2\/users\/1"}],"replies":[{"embeddable":true,"href":"https:\/\/lalaboralaula.es\/MP222526\/index.php\/wp-json\/wp\/v2\/comments?post=24"}],"version-history":[{"count":4,"href":"https:\/\/lalaboralaula.es\/MP222526\/index.php\/wp-json\/wp\/v2\/pages\/24\/revisions"}],"predecessor-version":[{"id":61,"href":"https:\/\/lalaboralaula.es\/MP222526\/index.php\/wp-json\/wp\/v2\/pages\/24\/revisions\/61"}],"wp:attachment":[{"href":"https:\/\/lalaboralaula.es\/MP222526\/index.php\/wp-json\/wp\/v2\/media?parent=24"}],"curies":[{"name":"wp","href":"https:\/\/api.w.org\/{rel}","templated":true}]}}