{"id":123,"date":"2025-10-30T20:03:31","date_gmt":"2025-10-30T19:03:31","guid":{"rendered":"https:\/\/lalaboralaula.es\/MP202526\/?post_type=product&#038;p=123"},"modified":"2025-11-18T16:14:42","modified_gmt":"2025-11-18T15:14:42","slug":"draftrun-aerox","status":"publish","type":"product","link":"https:\/\/lalaboralaula.es\/MP202526\/index.php\/producto\/draftrun-aerox\/","title":{"rendered":"Mochila draftrun Aerox"},"content":{"rendered":"<p>Mochila que se caracteriza por su comodidad y tranquilidad al pon\u00e9rsela. La <strong data-start=\"589\" data-end=\"607\">Draftrun AeroX<\/strong> combinan dise\u00f1o minimalista con tecnolog\u00eda avanzada. Pensadas para gente deportista urbana, ofrecen una estabilidad buena, ventilaci\u00f3n \u00f3ptima y un look moderno que las hace perfectas tanto para viajar como para vestir a diario.<\/p>\n","protected":false},"excerpt":{"rendered":"<p>\u00abMochila resistente y ligera, con m\u00faltiples compartimentos y dise\u00f1o ergon\u00f3mico. Ideal para el d\u00eda a d\u00eda, viajes o estudios, fabricada con materiales duraderos y estilo moderno.\u00bb<\/p>\n","protected":false},"featured_media":181,"comment_status":"open","ping_status":"closed","template":"","meta":[],"product_brand":[],"product_cat":[19],"product_tag":[],"class_list":{"0":"post-123","1":"product","2":"type-product","3":"status-publish","4":"has-post-thumbnail","6":"product_cat-deporte","8":"first","9":"instock","10":"taxable","11":"shipping-taxable","12":"purchasable","13":"product-type-simple"},"yoast_head":"<!-- This site is optimized with the Yoast SEO plugin v27.3 - https:\/\/yoast.com\/product\/yoast-seo-wordpress\/ -->\n<title>Mochila draftrun Aerox - Drafturn Aerox<\/title>\n<meta name=\"robots\" content=\"index, follow, max-snippet:-1, max-image-preview:large, max-video-preview:-1\" \/>\n<link rel=\"canonical\" href=\"https:\/\/lalaboralaula.es\/MP202526\/index.php\/producto\/draftrun-aerox\/\" \/>\n<meta property=\"og:locale\" content=\"es_ES\" \/>\n<meta property=\"og:type\" content=\"article\" \/>\n<meta property=\"og:title\" content=\"Mochila draftrun Aerox - Drafturn Aerox\" \/>\n<meta property=\"og:description\" content=\"&quot;Mochila resistente y ligera, con m\u00faltiples compartimentos y dise\u00f1o ergon\u00f3mico. Ideal para el d\u00eda a d\u00eda, viajes o estudios, fabricada con materiales duraderos y estilo moderno.&quot;\" \/>\n<meta property=\"og:url\" content=\"https:\/\/lalaboralaula.es\/MP202526\/index.php\/producto\/draftrun-aerox\/\" \/>\n<meta property=\"og:site_name\" content=\"Drafturn Aerox\" \/>\n<meta property=\"article:modified_time\" content=\"2025-11-18T15:14:42+00:00\" \/>\n<meta property=\"og:image\" content=\"https:\/\/lalaboralaula.es\/MP202526\/wp-content\/uploads\/2025\/11\/mochila.png\" \/>\n\t<meta property=\"og:image:width\" content=\"799\" \/>\n\t<meta property=\"og:image:height\" content=\"1136\" \/>\n\t<meta property=\"og:image:type\" content=\"image\/png\" \/>\n<meta name=\"twitter:card\" content=\"summary_large_image\" \/>\n<meta name=\"twitter:label1\" content=\"Tiempo de lectura\" \/>\n\t<meta name=\"twitter:data1\" content=\"1 minuto\" \/>\n<script type=\"application\/ld+json\" class=\"yoast-schema-graph\">{\"@context\":\"https:\\\/\\\/schema.org\",\"@graph\":[{\"@type\":\"WebPage\",\"@id\":\"https:\\\/\\\/lalaboralaula.es\\\/MP202526\\\/index.php\\\/producto\\\/draftrun-aerox\\\/\",\"url\":\"https:\\\/\\\/lalaboralaula.es\\\/MP202526\\\/index.php\\\/producto\\\/draftrun-aerox\\\/\",\"name\":\"Mochila draftrun Aerox - Drafturn Aerox\",\"isPartOf\":{\"@id\":\"https:\\\/\\\/lalaboralaula.es\\\/MP202526\\\/#website\"},\"primaryImageOfPage\":{\"@id\":\"https:\\\/\\\/lalaboralaula.es\\\/MP202526\\\/index.php\\\/producto\\\/draftrun-aerox\\\/#primaryimage\"},\"image\":{\"@id\":\"https:\\\/\\\/lalaboralaula.es\\\/MP202526\\\/index.php\\\/producto\\\/draftrun-aerox\\\/#primaryimage\"},\"thumbnailUrl\":\"https:\\\/\\\/lalaboralaula.es\\\/MP202526\\\/wp-content\\\/uploads\\\/2025\\\/11\\\/mochila.png\",\"datePublished\":\"2025-10-30T19:03:31+00:00\",\"dateModified\":\"2025-11-18T15:14:42+00:00\",\"breadcrumb\":{\"@id\":\"https:\\\/\\\/lalaboralaula.es\\\/MP202526\\\/index.php\\\/producto\\\/draftrun-aerox\\\/#breadcrumb\"},\"inLanguage\":\"es\",\"potentialAction\":[{\"@type\":\"ReadAction\",\"target\":[\"https:\\\/\\\/lalaboralaula.es\\\/MP202526\\\/index.php\\\/producto\\\/draftrun-aerox\\\/\"]}]},{\"@type\":\"ImageObject\",\"inLanguage\":\"es\",\"@id\":\"https:\\\/\\\/lalaboralaula.es\\\/MP202526\\\/index.php\\\/producto\\\/draftrun-aerox\\\/#primaryimage\",\"url\":\"https:\\\/\\\/lalaboralaula.es\\\/MP202526\\\/wp-content\\\/uploads\\\/2025\\\/11\\\/mochila.png\",\"contentUrl\":\"https:\\\/\\\/lalaboralaula.es\\\/MP202526\\\/wp-content\\\/uploads\\\/2025\\\/11\\\/mochila.png\",\"width\":799,\"height\":1136},{\"@type\":\"BreadcrumbList\",\"@id\":\"https:\\\/\\\/lalaboralaula.es\\\/MP202526\\\/index.php\\\/producto\\\/draftrun-aerox\\\/#breadcrumb\",\"itemListElement\":[{\"@type\":\"ListItem\",\"position\":1,\"name\":\"Home\",\"item\":\"https:\\\/\\\/lalaboralaula.es\\\/MP202526\\\/\"},{\"@type\":\"ListItem\",\"position\":2,\"name\":\"Tienda\",\"item\":\"https:\\\/\\\/lalaboralaula.es\\\/MP202526\\\/index.php\\\/tienda\\\/\"},{\"@type\":\"ListItem\",\"position\":3,\"name\":\"Mochila draftrun Aerox\"}]},{\"@type\":\"WebSite\",\"@id\":\"https:\\\/\\\/lalaboralaula.es\\\/MP202526\\\/#website\",\"url\":\"https:\\\/\\\/lalaboralaula.es\\\/MP202526\\\/\",\"name\":\"Matabuena \u00c1lvarez, Diego\",\"description\":\"marca de zapatillas c\u00f3modas, seguras y utilizables.\",\"publisher\":{\"@id\":\"https:\\\/\\\/lalaboralaula.es\\\/MP202526\\\/#organization\"},\"potentialAction\":[{\"@type\":\"SearchAction\",\"target\":{\"@type\":\"EntryPoint\",\"urlTemplate\":\"https:\\\/\\\/lalaboralaula.es\\\/MP202526\\\/?s={search_term_string}\"},\"query-input\":{\"@type\":\"PropertyValueSpecification\",\"valueRequired\":true,\"valueName\":\"search_term_string\"}}],\"inLanguage\":\"es\"},{\"@type\":\"Organization\",\"@id\":\"https:\\\/\\\/lalaboralaula.es\\\/MP202526\\\/#organization\",\"name\":\"Matabuena \u00c1lvarez, Diego\",\"url\":\"https:\\\/\\\/lalaboralaula.es\\\/MP202526\\\/\",\"logo\":{\"@type\":\"ImageObject\",\"inLanguage\":\"es\",\"@id\":\"https:\\\/\\\/lalaboralaula.es\\\/MP202526\\\/#\\\/schema\\\/logo\\\/image\\\/\",\"url\":\"https:\\\/\\\/lalaboralaula.es\\\/MP202526\\\/wp-content\\\/uploads\\\/2025\\\/10\\\/cropped-logodraftrun.png\",\"contentUrl\":\"https:\\\/\\\/lalaboralaula.es\\\/MP202526\\\/wp-content\\\/uploads\\\/2025\\\/10\\\/cropped-logodraftrun.png\",\"width\":1022,\"height\":624,\"caption\":\"Matabuena \u00c1lvarez, Diego\"},\"image\":{\"@id\":\"https:\\\/\\\/lalaboralaula.es\\\/MP202526\\\/#\\\/schema\\\/logo\\\/image\\\/\"}}]}<\/script>\n<!-- \/ Yoast SEO plugin. -->","yoast_head_json":{"title":"Mochila draftrun Aerox - Drafturn Aerox","robots":{"index":"index","follow":"follow","max-snippet":"max-snippet:-1","max-image-preview":"max-image-preview:large","max-video-preview":"max-video-preview:-1"},"canonical":"https:\/\/lalaboralaula.es\/MP202526\/index.php\/producto\/draftrun-aerox\/","og_locale":"es_ES","og_type":"article","og_title":"Mochila draftrun Aerox - Drafturn Aerox","og_description":"\"Mochila resistente y ligera, con m\u00faltiples compartimentos y dise\u00f1o ergon\u00f3mico. Ideal para el d\u00eda a d\u00eda, viajes o estudios, fabricada con materiales duraderos y estilo moderno.\"","og_url":"https:\/\/lalaboralaula.es\/MP202526\/index.php\/producto\/draftrun-aerox\/","og_site_name":"Drafturn Aerox","article_modified_time":"2025-11-18T15:14:42+00:00","og_image":[{"width":799,"height":1136,"url":"https:\/\/lalaboralaula.es\/MP202526\/wp-content\/uploads\/2025\/11\/mochila.png","type":"image\/png"}],"twitter_card":"summary_large_image","twitter_misc":{"Tiempo de lectura":"1 minuto"},"schema":{"@context":"https:\/\/schema.org","@graph":[{"@type":"WebPage","@id":"https:\/\/lalaboralaula.es\/MP202526\/index.php\/producto\/draftrun-aerox\/","url":"https:\/\/lalaboralaula.es\/MP202526\/index.php\/producto\/draftrun-aerox\/","name":"Mochila draftrun Aerox - Drafturn Aerox","isPartOf":{"@id":"https:\/\/lalaboralaula.es\/MP202526\/#website"},"primaryImageOfPage":{"@id":"https:\/\/lalaboralaula.es\/MP202526\/index.php\/producto\/draftrun-aerox\/#primaryimage"},"image":{"@id":"https:\/\/lalaboralaula.es\/MP202526\/index.php\/producto\/draftrun-aerox\/#primaryimage"},"thumbnailUrl":"https:\/\/lalaboralaula.es\/MP202526\/wp-content\/uploads\/2025\/11\/mochila.png","datePublished":"2025-10-30T19:03:31+00:00","dateModified":"2025-11-18T15:14:42+00:00","breadcrumb":{"@id":"https:\/\/lalaboralaula.es\/MP202526\/index.php\/producto\/draftrun-aerox\/#breadcrumb"},"inLanguage":"es","potentialAction":[{"@type":"ReadAction","target":["https:\/\/lalaboralaula.es\/MP202526\/index.php\/producto\/draftrun-aerox\/"]}]},{"@type":"ImageObject","inLanguage":"es","@id":"https:\/\/lalaboralaula.es\/MP202526\/index.php\/producto\/draftrun-aerox\/#primaryimage","url":"https:\/\/lalaboralaula.es\/MP202526\/wp-content\/uploads\/2025\/11\/mochila.png","contentUrl":"https:\/\/lalaboralaula.es\/MP202526\/wp-content\/uploads\/2025\/11\/mochila.png","width":799,"height":1136},{"@type":"BreadcrumbList","@id":"https:\/\/lalaboralaula.es\/MP202526\/index.php\/producto\/draftrun-aerox\/#breadcrumb","itemListElement":[{"@type":"ListItem","position":1,"name":"Home","item":"https:\/\/lalaboralaula.es\/MP202526\/"},{"@type":"ListItem","position":2,"name":"Tienda","item":"https:\/\/lalaboralaula.es\/MP202526\/index.php\/tienda\/"},{"@type":"ListItem","position":3,"name":"Mochila draftrun Aerox"}]},{"@type":"WebSite","@id":"https:\/\/lalaboralaula.es\/MP202526\/#website","url":"https:\/\/lalaboralaula.es\/MP202526\/","name":"Matabuena \u00c1lvarez, Diego","description":"marca de zapatillas c\u00f3modas, seguras y utilizables.","publisher":{"@id":"https:\/\/lalaboralaula.es\/MP202526\/#organization"},"potentialAction":[{"@type":"SearchAction","target":{"@type":"EntryPoint","urlTemplate":"https:\/\/lalaboralaula.es\/MP202526\/?s={search_term_string}"},"query-input":{"@type":"PropertyValueSpecification","valueRequired":true,"valueName":"search_term_string"}}],"inLanguage":"es"},{"@type":"Organization","@id":"https:\/\/lalaboralaula.es\/MP202526\/#organization","name":"Matabuena \u00c1lvarez, Diego","url":"https:\/\/lalaboralaula.es\/MP202526\/","logo":{"@type":"ImageObject","inLanguage":"es","@id":"https:\/\/lalaboralaula.es\/MP202526\/#\/schema\/logo\/image\/","url":"https:\/\/lalaboralaula.es\/MP202526\/wp-content\/uploads\/2025\/10\/cropped-logodraftrun.png","contentUrl":"https:\/\/lalaboralaula.es\/MP202526\/wp-content\/uploads\/2025\/10\/cropped-logodraftrun.png","width":1022,"height":624,"caption":"Matabuena \u00c1lvarez, Diego"},"image":{"@id":"https:\/\/lalaboralaula.es\/MP202526\/#\/schema\/logo\/image\/"}}]}},"_links":{"self":[{"href":"https:\/\/lalaboralaula.es\/MP202526\/index.php\/wp-json\/wp\/v2\/product\/123","targetHints":{"allow":["GET"]}}],"collection":[{"href":"https:\/\/lalaboralaula.es\/MP202526\/index.php\/wp-json\/wp\/v2\/product"}],"about":[{"href":"https:\/\/lalaboralaula.es\/MP202526\/index.php\/wp-json\/wp\/v2\/types\/product"}],"replies":[{"embeddable":true,"href":"https:\/\/lalaboralaula.es\/MP202526\/index.php\/wp-json\/wp\/v2\/comments?post=123"}],"wp:featuredmedia":[{"embeddable":true,"href":"https:\/\/lalaboralaula.es\/MP202526\/index.php\/wp-json\/wp\/v2\/media\/181"}],"wp:attachment":[{"href":"https:\/\/lalaboralaula.es\/MP202526\/index.php\/wp-json\/wp\/v2\/media?parent=123"}],"wp:term":[{"taxonomy":"product_brand","embeddable":true,"href":"https:\/\/lalaboralaula.es\/MP202526\/index.php\/wp-json\/wp\/v2\/product_brand?post=123"},{"taxonomy":"product_cat","embeddable":true,"href":"https:\/\/lalaboralaula.es\/MP202526\/index.php\/wp-json\/wp\/v2\/product_cat?post=123"},{"taxonomy":"product_tag","embeddable":true,"href":"https:\/\/lalaboralaula.es\/MP202526\/index.php\/wp-json\/wp\/v2\/product_tag?post=123"}],"curies":[{"name":"wp","href":"https:\/\/api.w.org\/{rel}","templated":true}]}}