{"id":23,"date":"2025-10-23T17:40:27","date_gmt":"2025-10-23T17:40:27","guid":{"rendered":"https:\/\/lalaboralaula.es\/MP202526\/?page_id=23"},"modified":"2025-11-18T16:09:15","modified_gmt":"2025-11-18T15:09:15","slug":"draftrun","status":"publish","type":"page","link":"https:\/\/lalaboralaula.es\/MP202526\/","title":{"rendered":"DRAFTRUN"},"content":{"rendered":"\n<div class=\"wp-block-group alignfull is-content-justification-center\" style=\"margin-top:0;margin-bottom:0;padding-top:calc( 0.5 * var(--wp--style--root--padding-right, var(--wp--custom--gap--horizontal)));padding-right:var(--wp--style--root--padding-right, var(--wp--custom--gap--horizontal));padding-bottom:calc( 0.5 * var(--wp--style--root--padding-right, var(--wp--custom--gap--horizontal)));padding-left:var(--wp--style--root--padding-left, var(--wp--custom--gap--horizontal))\"><div class=\"wp-block-group__inner-container is-layout-constrained wp-container-core-group-is-layout-df757ecc wp-block-group-is-layout-constrained\">\n<div style=\"height:calc( 0.25 * var(--wp--style--root--padding-right, var(--wp--custom--gap--horizontal)))\" aria-hidden=\"true\" class=\"wp-block-spacer\"><\/div>\n\n\n\n<div class=\"wp-block-cover alignfull\" style=\"margin-top:0;margin-bottom:0;padding-top:3%;padding-right:0%;padding-bottom:10%;padding-left:5%;min-height:600px;aspect-ratio:unset;\"><img loading=\"lazy\" decoding=\"async\" width=\"458\" height=\"280\" class=\"wp-block-cover__image-background wp-image-175 size-full\" alt=\"\" src=\"https:\/\/lalaboralaula.es\/MP202526\/wp-content\/uploads\/2025\/11\/banner.png\" data-object-fit=\"cover\" srcset=\"https:\/\/lalaboralaula.es\/MP202526\/wp-content\/uploads\/2025\/11\/banner.png 458w, https:\/\/lalaboralaula.es\/MP202526\/wp-content\/uploads\/2025\/11\/banner-300x183.png 300w, https:\/\/lalaboralaula.es\/MP202526\/wp-content\/uploads\/2025\/11\/banner-416x254.png 416w\" sizes=\"auto, (max-width: 458px) 100vw, 458px\" \/><span aria-hidden=\"true\" class=\"wp-block-cover__background has-background-dim\" style=\"background-color:#22253a\"><\/span><div class=\"wp-block-cover__inner-container is-layout-flow wp-container-core-cover-is-layout-afcb1702 wp-block-cover-is-layout-flow\">\n<h3 class=\"wp-block-heading has-white-color has-text-color has-link-color wp-elements-bbc3626838d57820d501de0ea2a9557a\"><strong>Ponlas y Descubre<\/strong><\/h3>\n\n\n\n<p>Con una amplia variedad de zapatillas de dise\u00f1o para elevar tu progreso deportivo.<\/p>\n\n\n\n<div class=\"wp-block-buttons is-layout-flex wp-block-buttons-is-layout-flex\" style=\"margin-top:var(--wp--preset--spacing--30);margin-bottom:var(--wp--preset--spacing--30)\">\n<div class=\"wp-block-button\"><a class=\"wp-block-button__link wp-element-button\" href=\"https:\/\/lalaboralaula.es\/MP202526\/index.php\/tienda\/\"><br>\t\t\t\t\t\tComprar zapatillas\t\t\t\t\t<\/a><\/div>\n<\/div>\n<\/div><\/div>\n\n\n\n<div style=\"height:calc( 0.25 * var(--wp--style--root--padding-right, var(--wp--custom--gap--horizontal)))\" aria-hidden=\"true\" class=\"wp-block-spacer\"><\/div>\n<\/div><\/div>\n\n\n\n<div class=\"wp-block-group alignfull is-content-justification-center\" style=\"margin-top:0;margin-bottom:0;padding-top:calc( 0.5 * var(--wp--style--root--padding-right, var(--wp--custom--gap--horizontal)));padding-right:var(--wp--style--root--padding-right, var(--wp--custom--gap--horizontal));padding-bottom:calc( 0.5 * var(--wp--style--root--padding-right, var(--wp--custom--gap--horizontal)));padding-left:var(--wp--style--root--padding-left, var(--wp--custom--gap--horizontal))\"><div class=\"wp-block-group__inner-container is-layout-constrained wp-container-core-group-is-layout-df757ecc wp-block-group-is-layout-constrained\">\n<div style=\"height:calc( 0.25 * var(--wp--style--root--padding-right, var(--wp--custom--gap--horizontal)))\" aria-hidden=\"true\" class=\"wp-block-spacer\"><\/div>\n\n\n\n<div class=\"wp-block-columns alignwide is-layout-flex wp-container-core-columns-is-layout-b3bd7b48 wp-block-columns-is-layout-flex\" style=\"margin-top:0px;margin-bottom:0px;padding-top:0;padding-right:0;padding-bottom:0;padding-left:0\">\n<div class=\"wp-block-column is-layout-flow wp-block-column-is-layout-flow\">\n<div class=\"wp-block-cover is-light has-custom-content-position is-position-bottom-center has-white-color\" style=\"padding-bottom:56px\"><img loading=\"lazy\" decoding=\"async\" width=\"792\" height=\"1024\" class=\"wp-block-cover__image-background wp-image-180 size-large\" alt=\"\" src=\"https:\/\/lalaboralaula.es\/MP202526\/wp-content\/uploads\/2025\/11\/zapasss-792x1024.jpg\" data-object-fit=\"cover\" srcset=\"https:\/\/lalaboralaula.es\/MP202526\/wp-content\/uploads\/2025\/11\/zapasss-792x1024.jpg 792w, https:\/\/lalaboralaula.es\/MP202526\/wp-content\/uploads\/2025\/11\/zapasss-232x300.jpg 232w, https:\/\/lalaboralaula.es\/MP202526\/wp-content\/uploads\/2025\/11\/zapasss-768x993.jpg 768w, https:\/\/lalaboralaula.es\/MP202526\/wp-content\/uploads\/2025\/11\/zapasss-416x538.jpg 416w, https:\/\/lalaboralaula.es\/MP202526\/wp-content\/uploads\/2025\/11\/zapasss.jpg 1100w\" sizes=\"auto, (max-width: 792px) 100vw, 792px\" \/><span aria-hidden=\"true\" class=\"wp-block-cover__background has-background-dim-30 has-background-dim\" style=\"background-color:#877e80\"><\/span><div class=\"wp-block-cover__inner-container is-layout-flow wp-block-cover-is-layout-flow\">\n<h4 class=\"wp-block-heading has-text-align-center\" style=\"margin-bottom:24px\">Utilizable para salir<\/h4>\n\n\n\n<p class=\"has-text-align-center has-link-color wp-elements-5ca92fe08734763471de2efcaa711c54\" style=\"margin-top:0;margin-bottom:0;padding-top:0;padding-bottom:0\">\n\t\t\t\t\t\t<a href=\"https:\/\/lalaboralaula.es\/MP202526\/index.php\/tienda\/\" data-type=\"link\" data-id=\"https:\/\/lalaboralaula.es\/MP202526\/index.php\/tienda\/\">Comprar ahora<\/a>\n\t\t\t\t\t<\/p>\n<\/div><\/div>\n<\/div>\n\n\n\n<div class=\"wp-block-column is-layout-flow wp-block-column-is-layout-flow\">\n<div class=\"wp-block-cover has-custom-content-position is-position-bottom-center is-light has-white-color\" style=\"padding-bottom:56px\"><img loading=\"lazy\" decoding=\"async\" width=\"720\" height=\"1024\" class=\"wp-block-cover__image-background wp-image-181 size-large\" alt=\"\" src=\"https:\/\/lalaboralaula.es\/MP202526\/wp-content\/uploads\/2025\/11\/mochila-720x1024.png\" data-object-fit=\"cover\" srcset=\"https:\/\/lalaboralaula.es\/MP202526\/wp-content\/uploads\/2025\/11\/mochila-720x1024.png 720w, https:\/\/lalaboralaula.es\/MP202526\/wp-content\/uploads\/2025\/11\/mochila-211x300.png 211w, https:\/\/lalaboralaula.es\/MP202526\/wp-content\/uploads\/2025\/11\/mochila.png 799w\" sizes=\"auto, (max-width: 720px) 100vw, 720px\" \/><span aria-hidden=\"true\" class=\"wp-block-cover__background has-background-dim-30 has-background-dim\" style=\"background-color:#7d7e7d\"><\/span><div class=\"wp-block-cover__inner-container is-layout-flow wp-block-cover-is-layout-flow\">\n<h4 class=\"wp-block-heading has-text-align-center\" style=\"margin-bottom:24px\">Regalos diferentes<\/h4>\n\n\n\n<p class=\"has-text-align-center has-link-color wp-elements-5ca92fe08734763471de2efcaa711c54\" style=\"margin-top:0;margin-bottom:0;padding-top:0;padding-bottom:0\">\n\t\t\t\t\t\t<a href=\"https:\/\/lalaboralaula.es\/MP202526\/index.php\/tienda\/\" data-type=\"link\" data-id=\"https:\/\/lalaboralaula.es\/MP202526\/index.php\/tienda\/\">Comprar ahora<\/a>\n\t\t\t\t\t<\/p>\n<\/div><\/div>\n<\/div>\n\n\n\n<div class=\"wp-block-column is-layout-flow wp-block-column-is-layout-flow\">\n<div class=\"wp-block-cover is-light has-custom-content-position is-position-bottom-center has-white-color\" style=\"padding-bottom:56px\"><img loading=\"lazy\" decoding=\"async\" width=\"1024\" height=\"1536\" class=\"wp-block-cover__image-background wp-image-167 size-full\" alt=\"\" src=\"https:\/\/lalaboralaula.es\/MP202526\/wp-content\/uploads\/2025\/11\/productosdraftrun.png\" data-object-fit=\"cover\" srcset=\"https:\/\/lalaboralaula.es\/MP202526\/wp-content\/uploads\/2025\/11\/productosdraftrun.png 1024w, https:\/\/lalaboralaula.es\/MP202526\/wp-content\/uploads\/2025\/11\/productosdraftrun-200x300.png 200w\" sizes=\"auto, (max-width: 1024px) 100vw, 1024px\" \/><span aria-hidden=\"true\" class=\"wp-block-cover__background has-background-dim-30 has-background-dim\" style=\"background-color:#e4e4e4\"><\/span><div class=\"wp-block-cover__inner-container is-layout-flow wp-block-cover-is-layout-flow\">\n<h4 class=\"wp-block-heading has-text-align-center\" style=\"margin-bottom:24px\">Nuestras zapatillas<\/h4>\n\n\n\n<p class=\"has-text-align-center has-link-color wp-elements-5ca92fe08734763471de2efcaa711c54\" style=\"margin-top:0;margin-bottom:0;padding-top:0;padding-bottom:0\">\n\t\t\t\t\t\t<a href=\"https:\/\/lalaboralaula.es\/MP202526\/index.php\/tienda\/\" data-type=\"link\" data-id=\"https:\/\/lalaboralaula.es\/MP202526\/index.php\/tienda\/\">Comprar ahora<\/a>\n\t\t\t\t\t<\/p>\n<\/div><\/div>\n<\/div>\n<\/div>\n\n\n\n<div style=\"height:calc( 0.25 * var(--wp--style--root--padding-right, var(--wp--custom--gap--horizontal)))\" aria-hidden=\"true\" class=\"wp-block-spacer\"><\/div>\n<\/div><\/div>\n\n\n\n<div class=\"wp-block-group alignfull is-content-justification-center\" style=\"margin-top:0;margin-bottom:0;padding-top:calc( 0.5 * var(--wp--style--root--padding-right, var(--wp--custom--gap--horizontal)));padding-right:var(--wp--style--root--padding-right, var(--wp--custom--gap--horizontal));padding-bottom:calc( 0.5 * var(--wp--style--root--padding-right, var(--wp--custom--gap--horizontal)));padding-left:var(--wp--style--root--padding-left, var(--wp--custom--gap--horizontal))\"><div class=\"wp-block-group__inner-container is-layout-constrained wp-container-core-group-is-layout-df757ecc wp-block-group-is-layout-constrained\">\n<div style=\"height:calc( 0.25 * var(--wp--style--root--padding-right, var(--wp--custom--gap--horizontal)))\" aria-hidden=\"true\" class=\"wp-block-spacer\"><\/div>\n\n\n\n<div class=\"wp-block-group alignwide\"><div class=\"wp-block-group__inner-container is-layout-constrained wp-block-group-is-layout-constrained\">\n<h2 class=\"wp-block-heading alignfull has-text-align-left\" style=\"font-style:normal;font-weight:100\">Nuestros servicios<\/h2>\n<\/div><\/div>\n\n\n\n<div style=\"height:var(--wp--preset--spacing--20)\" aria-hidden=\"true\" class=\"wp-block-spacer\"><\/div>\n\n\n\n<div class=\"wp-block-columns alignwide is-layout-flex wp-container-core-columns-is-layout-549b0c86 wp-block-columns-is-layout-flex\">\n<div class=\"wp-block-column is-layout-flow wp-block-column-is-layout-flow\">\n<h3 class=\"wp-block-heading is-service-name has-medium-font-size\" style=\"font-style:normal;font-weight:700\">\u00bfC\u00f3mo elegir la talla perfecta?<\/h3>\n\n\n\n<p class=\"is-service-description\">Mide tu pie y compara con la tabla de tallas de la marca. Deja medio cent\u00edmetro de espacio en la punta y, si dudas entre dos n\u00fameros, elige el mayor para mayor comodidad.<\/p>\n\n\n\n<p class=\"is-service-link\"><a href=\"#\">Iniciar<\/a> \u2192<\/p>\n<\/div>\n\n\n\n<div class=\"wp-block-column is-layout-flow wp-block-column-is-layout-flow\">\n<h3 class=\"wp-block-heading is-service-name has-medium-font-size\" style=\"font-style:normal;font-weight:700\">Tipos de mochilas y su uso<\/h3>\n\n\n\n<p class=\"is-service-description\">Las hay urbanas, deportivas, de viaje o escolares. Las urbanas combinan estilo y funcionalidad, las deportivas son m\u00e1s resistentes y las de viaje ofrecen mayor capacidad y organizaci\u00f3n.<\/p>\n\n\n\n<p class=\"is-service-link\"><a href=\"#\">Iniciar<\/a> \u2192<\/p>\n<\/div>\n\n\n\n<div class=\"wp-block-column is-layout-flow wp-block-column-is-layout-flow\">\n<h3 class=\"wp-block-heading is-service-name has-medium-font-size\" style=\"font-style:normal;font-weight:700\">C\u00f3mo cuidar tus zapatillas<\/h3>\n\n\n\n<p class=\"is-service-description\">L\u00edmpialas con pa\u00f1o h\u00famedo y jab\u00f3n suave, seca al aire y guarda con forma. Usa sprays protectores para evitar manchas y alargar su vida \u00fatil.<\/p>\n\n\n\n<p class=\"is-service-link\"><a href=\"#\">Iniciar<\/a> \u2192<\/p>\n<\/div>\n<\/div>\n\n\n\n<div style=\"height:calc( 0.25 * var(--wp--style--root--padding-right, var(--wp--custom--gap--horizontal)))\" aria-hidden=\"true\" class=\"wp-block-spacer\"><\/div>\n<\/div><\/div>\n\n\n\n<h3 class=\"wp-block-heading\">\u00bfPor qu\u00e9 elegir nuestras zapatillas y mochilas?<\/h3>\n\n\n\n<p>En nuestra tienda no solo compras productos, compras <strong>calidad, estilo y confianza<\/strong>. Trabajamos con materiales resistentes y dise\u00f1os modernos que se adaptan a tu ritmo de vida. Ya sea para un d\u00eda de clases, una escapada o tu rutina diaria, nuestras <strong>zapatillas<\/strong> te aseguran comodidad y estilo, mientras que nuestras <strong>mochilas<\/strong> te ofrecen espacio, resistencia y dise\u00f1o \u00fanico.<\/p>\n\n\n\n<p>Adem\u00e1s, ofrecemos env\u00edos r\u00e1pidos, pagos seguros y atenci\u00f3n al cliente personalizada. No vendemos simplemente moda, sino productos pensados para durar y acompa\u00f1arte a donde vayas.<br>\u00a1Tu pr\u00f3xima aventura empieza con el paso que des con nosotros!<\/p>\n\n\n\n<p><\/p>\n","protected":false},"excerpt":{"rendered":"<p>Nuestros servicios \u00bfC\u00f3mo elegir la talla perfecta? Mide tu pie y compara con la tabla de tallas de la marca. Deja medio cent\u00edmetro de espacio en la punta y, si dudas entre dos n\u00fameros, elige el mayor para mayor comodidad. Iniciar \u2192 Tipos de mochilas y su uso Las hay urbanas, deportivas, de viaje o [&hellip;]<\/p>\n","protected":false},"author":1,"featured_media":0,"parent":0,"menu_order":0,"comment_status":"closed","ping_status":"closed","template":"","meta":{"footnotes":""},"class_list":["post-23","page","type-page","status-publish","hentry"],"yoast_head":"<!-- This site is optimized with the Yoast SEO plugin v27.3 - https:\/\/yoast.com\/product\/yoast-seo-wordpress\/ -->\n<title>DRAFTRUN - Drafturn Aerox<\/title>\n<meta name=\"robots\" content=\"index, follow, max-snippet:-1, max-image-preview:large, max-video-preview:-1\" \/>\n<link rel=\"canonical\" href=\"https:\/\/lalaboralaula.es\/MP202526\/\" \/>\n<meta property=\"og:locale\" content=\"es_ES\" \/>\n<meta property=\"og:type\" content=\"article\" \/>\n<meta property=\"og:title\" content=\"DRAFTRUN - Drafturn Aerox\" \/>\n<meta property=\"og:description\" content=\"Nuestros servicios \u00bfC\u00f3mo elegir la talla perfecta? Mide tu pie y compara con la tabla de tallas de la marca. Deja medio cent\u00edmetro de espacio en la punta y, si dudas entre dos n\u00fameros, elige el mayor para mayor comodidad. Iniciar \u2192 Tipos de mochilas y su uso Las hay urbanas, deportivas, de viaje o [&hellip;]\" \/>\n<meta property=\"og:url\" content=\"https:\/\/lalaboralaula.es\/MP202526\/\" \/>\n<meta property=\"og:site_name\" content=\"Drafturn Aerox\" \/>\n<meta property=\"article:modified_time\" content=\"2025-11-18T15:09:15+00:00\" \/>\n<meta property=\"og:image\" content=\"https:\/\/lalaboralaula.es\/MP202526\/wp-content\/uploads\/2025\/11\/banner.png\" \/>\n\t<meta property=\"og:image:width\" content=\"458\" \/>\n\t<meta property=\"og:image:height\" content=\"280\" \/>\n\t<meta property=\"og:image:type\" content=\"image\/png\" \/>\n<meta name=\"twitter:card\" content=\"summary_large_image\" \/>\n<meta name=\"twitter:label1\" content=\"Tiempo de lectura\" \/>\n\t<meta name=\"twitter:data1\" content=\"2 minutos\" \/>\n<script type=\"application\/ld+json\" class=\"yoast-schema-graph\">{\"@context\":\"https:\\\/\\\/schema.org\",\"@graph\":[{\"@type\":\"WebPage\",\"@id\":\"https:\\\/\\\/lalaboralaula.es\\\/MP202526\\\/\",\"url\":\"https:\\\/\\\/lalaboralaula.es\\\/MP202526\\\/\",\"name\":\"DRAFTRUN - Drafturn Aerox\",\"isPartOf\":{\"@id\":\"https:\\\/\\\/lalaboralaula.es\\\/MP202526\\\/#website\"},\"primaryImageOfPage\":{\"@id\":\"https:\\\/\\\/lalaboralaula.es\\\/MP202526\\\/#primaryimage\"},\"image\":{\"@id\":\"https:\\\/\\\/lalaboralaula.es\\\/MP202526\\\/#primaryimage\"},\"thumbnailUrl\":\"https:\\\/\\\/lalaboralaula.es\\\/MP202526\\\/wp-content\\\/uploads\\\/2025\\\/11\\\/banner.png\",\"datePublished\":\"2025-10-23T17:40:27+00:00\",\"dateModified\":\"2025-11-18T15:09:15+00:00\",\"breadcrumb\":{\"@id\":\"https:\\\/\\\/lalaboralaula.es\\\/MP202526\\\/#breadcrumb\"},\"inLanguage\":\"es\",\"potentialAction\":[{\"@type\":\"ReadAction\",\"target\":[\"https:\\\/\\\/lalaboralaula.es\\\/MP202526\\\/\"]}]},{\"@type\":\"ImageObject\",\"inLanguage\":\"es\",\"@id\":\"https:\\\/\\\/lalaboralaula.es\\\/MP202526\\\/#primaryimage\",\"url\":\"https:\\\/\\\/lalaboralaula.es\\\/MP202526\\\/wp-content\\\/uploads\\\/2025\\\/11\\\/banner.png\",\"contentUrl\":\"https:\\\/\\\/lalaboralaula.es\\\/MP202526\\\/wp-content\\\/uploads\\\/2025\\\/11\\\/banner.png\",\"width\":458,\"height\":280},{\"@type\":\"BreadcrumbList\",\"@id\":\"https:\\\/\\\/lalaboralaula.es\\\/MP202526\\\/#breadcrumb\",\"itemListElement\":[{\"@type\":\"ListItem\",\"position\":1,\"name\":\"Home\",\"item\":\"https:\\\/\\\/lalaboralaula.es\\\/MP202526\\\/\"},{\"@type\":\"ListItem\",\"position\":2,\"name\":\"DRAFTRUN\"}]},{\"@type\":\"WebSite\",\"@id\":\"https:\\\/\\\/lalaboralaula.es\\\/MP202526\\\/#website\",\"url\":\"https:\\\/\\\/lalaboralaula.es\\\/MP202526\\\/\",\"name\":\"Matabuena \u00c1lvarez, Diego\",\"description\":\"marca de zapatillas c\u00f3modas, seguras y utilizables.\",\"publisher\":{\"@id\":\"https:\\\/\\\/lalaboralaula.es\\\/MP202526\\\/#organization\"},\"potentialAction\":[{\"@type\":\"SearchAction\",\"target\":{\"@type\":\"EntryPoint\",\"urlTemplate\":\"https:\\\/\\\/lalaboralaula.es\\\/MP202526\\\/?s={search_term_string}\"},\"query-input\":{\"@type\":\"PropertyValueSpecification\",\"valueRequired\":true,\"valueName\":\"search_term_string\"}}],\"inLanguage\":\"es\"},{\"@type\":\"Organization\",\"@id\":\"https:\\\/\\\/lalaboralaula.es\\\/MP202526\\\/#organization\",\"name\":\"Matabuena \u00c1lvarez, Diego\",\"url\":\"https:\\\/\\\/lalaboralaula.es\\\/MP202526\\\/\",\"logo\":{\"@type\":\"ImageObject\",\"inLanguage\":\"es\",\"@id\":\"https:\\\/\\\/lalaboralaula.es\\\/MP202526\\\/#\\\/schema\\\/logo\\\/image\\\/\",\"url\":\"https:\\\/\\\/lalaboralaula.es\\\/MP202526\\\/wp-content\\\/uploads\\\/2025\\\/10\\\/cropped-logodraftrun.png\",\"contentUrl\":\"https:\\\/\\\/lalaboralaula.es\\\/MP202526\\\/wp-content\\\/uploads\\\/2025\\\/10\\\/cropped-logodraftrun.png\",\"width\":1022,\"height\":624,\"caption\":\"Matabuena \u00c1lvarez, Diego\"},\"image\":{\"@id\":\"https:\\\/\\\/lalaboralaula.es\\\/MP202526\\\/#\\\/schema\\\/logo\\\/image\\\/\"}}]}<\/script>\n<!-- \/ Yoast SEO plugin. -->","yoast_head_json":{"title":"DRAFTRUN - Drafturn Aerox","robots":{"index":"index","follow":"follow","max-snippet":"max-snippet:-1","max-image-preview":"max-image-preview:large","max-video-preview":"max-video-preview:-1"},"canonical":"https:\/\/lalaboralaula.es\/MP202526\/","og_locale":"es_ES","og_type":"article","og_title":"DRAFTRUN - Drafturn Aerox","og_description":"Nuestros servicios \u00bfC\u00f3mo elegir la talla perfecta? Mide tu pie y compara con la tabla de tallas de la marca. Deja medio cent\u00edmetro de espacio en la punta y, si dudas entre dos n\u00fameros, elige el mayor para mayor comodidad. Iniciar \u2192 Tipos de mochilas y su uso Las hay urbanas, deportivas, de viaje o [&hellip;]","og_url":"https:\/\/lalaboralaula.es\/MP202526\/","og_site_name":"Drafturn Aerox","article_modified_time":"2025-11-18T15:09:15+00:00","og_image":[{"width":458,"height":280,"url":"https:\/\/lalaboralaula.es\/MP202526\/wp-content\/uploads\/2025\/11\/banner.png","type":"image\/png"}],"twitter_card":"summary_large_image","twitter_misc":{"Tiempo de lectura":"2 minutos"},"schema":{"@context":"https:\/\/schema.org","@graph":[{"@type":"WebPage","@id":"https:\/\/lalaboralaula.es\/MP202526\/","url":"https:\/\/lalaboralaula.es\/MP202526\/","name":"DRAFTRUN - Drafturn Aerox","isPartOf":{"@id":"https:\/\/lalaboralaula.es\/MP202526\/#website"},"primaryImageOfPage":{"@id":"https:\/\/lalaboralaula.es\/MP202526\/#primaryimage"},"image":{"@id":"https:\/\/lalaboralaula.es\/MP202526\/#primaryimage"},"thumbnailUrl":"https:\/\/lalaboralaula.es\/MP202526\/wp-content\/uploads\/2025\/11\/banner.png","datePublished":"2025-10-23T17:40:27+00:00","dateModified":"2025-11-18T15:09:15+00:00","breadcrumb":{"@id":"https:\/\/lalaboralaula.es\/MP202526\/#breadcrumb"},"inLanguage":"es","potentialAction":[{"@type":"ReadAction","target":["https:\/\/lalaboralaula.es\/MP202526\/"]}]},{"@type":"ImageObject","inLanguage":"es","@id":"https:\/\/lalaboralaula.es\/MP202526\/#primaryimage","url":"https:\/\/lalaboralaula.es\/MP202526\/wp-content\/uploads\/2025\/11\/banner.png","contentUrl":"https:\/\/lalaboralaula.es\/MP202526\/wp-content\/uploads\/2025\/11\/banner.png","width":458,"height":280},{"@type":"BreadcrumbList","@id":"https:\/\/lalaboralaula.es\/MP202526\/#breadcrumb","itemListElement":[{"@type":"ListItem","position":1,"name":"Home","item":"https:\/\/lalaboralaula.es\/MP202526\/"},{"@type":"ListItem","position":2,"name":"DRAFTRUN"}]},{"@type":"WebSite","@id":"https:\/\/lalaboralaula.es\/MP202526\/#website","url":"https:\/\/lalaboralaula.es\/MP202526\/","name":"Matabuena \u00c1lvarez, Diego","description":"marca de zapatillas c\u00f3modas, seguras y utilizables.","publisher":{"@id":"https:\/\/lalaboralaula.es\/MP202526\/#organization"},"potentialAction":[{"@type":"SearchAction","target":{"@type":"EntryPoint","urlTemplate":"https:\/\/lalaboralaula.es\/MP202526\/?s={search_term_string}"},"query-input":{"@type":"PropertyValueSpecification","valueRequired":true,"valueName":"search_term_string"}}],"inLanguage":"es"},{"@type":"Organization","@id":"https:\/\/lalaboralaula.es\/MP202526\/#organization","name":"Matabuena \u00c1lvarez, Diego","url":"https:\/\/lalaboralaula.es\/MP202526\/","logo":{"@type":"ImageObject","inLanguage":"es","@id":"https:\/\/lalaboralaula.es\/MP202526\/#\/schema\/logo\/image\/","url":"https:\/\/lalaboralaula.es\/MP202526\/wp-content\/uploads\/2025\/10\/cropped-logodraftrun.png","contentUrl":"https:\/\/lalaboralaula.es\/MP202526\/wp-content\/uploads\/2025\/10\/cropped-logodraftrun.png","width":1022,"height":624,"caption":"Matabuena \u00c1lvarez, Diego"},"image":{"@id":"https:\/\/lalaboralaula.es\/MP202526\/#\/schema\/logo\/image\/"}}]}},"_links":{"self":[{"href":"https:\/\/lalaboralaula.es\/MP202526\/index.php\/wp-json\/wp\/v2\/pages\/23","targetHints":{"allow":["GET"]}}],"collection":[{"href":"https:\/\/lalaboralaula.es\/MP202526\/index.php\/wp-json\/wp\/v2\/pages"}],"about":[{"href":"https:\/\/lalaboralaula.es\/MP202526\/index.php\/wp-json\/wp\/v2\/types\/page"}],"author":[{"embeddable":true,"href":"https:\/\/lalaboralaula.es\/MP202526\/index.php\/wp-json\/wp\/v2\/users\/1"}],"replies":[{"embeddable":true,"href":"https:\/\/lalaboralaula.es\/MP202526\/index.php\/wp-json\/wp\/v2\/comments?post=23"}],"version-history":[{"count":10,"href":"https:\/\/lalaboralaula.es\/MP202526\/index.php\/wp-json\/wp\/v2\/pages\/23\/revisions"}],"predecessor-version":[{"id":202,"href":"https:\/\/lalaboralaula.es\/MP202526\/index.php\/wp-json\/wp\/v2\/pages\/23\/revisions\/202"}],"wp:attachment":[{"href":"https:\/\/lalaboralaula.es\/MP202526\/index.php\/wp-json\/wp\/v2\/media?parent=23"}],"curies":[{"name":"wp","href":"https:\/\/api.w.org\/{rel}","templated":true}]}}