{"id":228,"date":"2025-11-13T18:05:12","date_gmt":"2025-11-13T18:05:12","guid":{"rendered":"https:\/\/lalaboralaula.es\/MP192526\/?post_type=product&#038;p=228"},"modified":"2025-11-13T18:43:05","modified_gmt":"2025-11-13T18:43:05","slug":"pack-anillos-desierto","status":"publish","type":"product","link":"https:\/\/lalaboralaula.es\/MP192526\/index.php\/producto\/pack-anillos-desierto\/","title":{"rendered":"Pack anillos desierto"},"content":{"rendered":"<article class=\"text-token-text-primary w-full focus:outline-none [--shadow-height:45px] has-data-writing-block:pointer-events-none has-data-writing-block:-mt-(--shadow-height) has-data-writing-block:pt-(--shadow-height) [&amp;:has([data-writing-block])&gt;*]:pointer-events-auto [content-visibility:auto] supports-[content-visibility:auto]:[contain-intrinsic-size:auto_100lvh] scroll-mt-[calc(var(--header-height)+min(200px,max(70px,20svh)))]\" dir=\"auto\" tabindex=\"-1\" data-turn-id=\"request-WEB:af2b9a06-8e31-430b-aec0-be0bb18f1ee4-2\" data-testid=\"conversation-turn-6\" data-scroll-anchor=\"true\" data-turn=\"assistant\">\n<div class=\"text-base my-auto mx-auto pb-10 [--thread-content-margin:--spacing(4)] thread-sm:[--thread-content-margin:--spacing(6)] thread-lg:[--thread-content-margin:--spacing(16)] px-(--thread-content-margin)\">\n<div class=\"[--thread-content-max-width:40rem] thread-lg:[--thread-content-max-width:48rem] mx-auto max-w-(--thread-content-max-width) flex-1 group\/turn-messages focus-visible:outline-hidden relative flex w-full min-w-0 flex-col agent-turn\" tabindex=\"-1\">\n<div class=\"flex max-w-full flex-col grow\">\n<div class=\"min-h-8 text-message relative flex w-full flex-col items-end gap-2 text-start break-words whitespace-normal [.text-message+&amp;]:mt-1\" dir=\"auto\" data-message-author-role=\"assistant\" data-message-id=\"1b8366a6-d492-4963-b2ed-a5b462570d26\" data-message-model-slug=\"gpt-5\">\n<div class=\"flex w-full flex-col gap-1 empty:hidden first:pt-[1px]\">\n<div class=\"markdown prose dark:prose-invert w-full break-words dark markdown-new-styling\">\n<p data-start=\"0\" data-end=\"342\">El <strong data-start=\"3\" data-end=\"33\">Pack de Anillos \u201cDesierto\u201d<\/strong> en color <strong data-start=\"43\" data-end=\"53\">dorado<\/strong> es una colecci\u00f3n inspirada en la fuerza silenciosa y la belleza infinita del paisaje des\u00e9rtico. Cada pieza representa un fragmento de ese universo dorado donde el sol se funde con la arena, creando destellos que hipnotizan y transmiten una sensaci\u00f3n de calma, poder y elegancia natural.<\/p>\n<p data-start=\"344\" data-end=\"828\">Dise\u00f1ados con atenci\u00f3n al detalle, los anillos del pack combinan texturas suaves y relieves org\u00e1nicos que evocan las ondulaciones del viento sobre las dunas. Su acabado dorado, c\u00e1lido y luminoso, refleja la luz de manera sutil, creando un efecto radiante que se adapta perfectamente a cualquier tono de piel. Algunos anillos destacan por sus l\u00edneas finas y delicadas, mientras que otros apuestan por un dise\u00f1o m\u00e1s audaz, con formas curvas y volumen que aportan car\u00e1cter y presencia.<\/p>\n<p data-start=\"830\" data-end=\"1217\">El <strong data-start=\"833\" data-end=\"852\">Pack \u201cDesierto\u201d<\/strong> ofrece m\u00faltiples combinaciones para expresar distintos estilos y emociones. Pueden llevarse juntos para crear una composici\u00f3n llamativa y contempor\u00e1nea, o por separado para lograr un toque elegante y discreto. Esta versatilidad los convierte en el complemento ideal para cualquier ocasi\u00f3n: desde un look casual de d\u00eda hasta un conjunto sofisticado para la noche.<\/p>\n<p data-start=\"1219\" data-end=\"1554\">M\u00e1s que simples accesorios, los anillos <strong data-start=\"1259\" data-end=\"1271\">Desierto<\/strong> son una declaraci\u00f3n de identidad. Representan el equilibrio entre la suavidad y la fuerza, la sencillez y la grandeza, la serenidad y la energ\u00eda del entorno natural. El color dorado simboliza la luz del sol que nunca se apaga, la riqueza interior y el poder de brillar sin exceso.<\/p>\n<p data-start=\"1556\" data-end=\"1787\" data-is-last-node=\"\" data-is-only-node=\"\">Perfectos para esp\u00edritus libres, so\u00f1adores y amantes del dise\u00f1o con significado, los anillos \u201cDesierto\u201d transforman cada gesto en una historia de elegancia atemporal. Son un tributo a la belleza del desierto: pura, dorada y eterna.<\/p>\n<\/div>\n<\/div>\n<\/div>\n<\/div>\n<div class=\"z-0 flex min-h-[46px] justify-start\"><\/div>\n<div class=\"mt-3 w-full empty:hidden\">\n<div class=\"text-center\"><\/div>\n<\/div>\n<\/div>\n<\/div>\n<\/article>\n<div class=\"pointer-events-none h-px w-px\" aria-hidden=\"true\" data-edge=\"true\"><\/div>\n","protected":false},"excerpt":{"rendered":"<p>El Pack de Anillos \u201cDesierto\u201d en color dorado es una colecci\u00f3n inspirada en la fuerza silenciosa y la belleza infinita del paisaje des\u00e9rtico. Cada pieza representa un fragmento de ese universo dorado donde el sol se funde con la arena, creando destellos que hipnotizan y transmiten una sensaci\u00f3n de calma, poder y elegancia natural. Dise\u00f1ados [&hellip;]<\/p>\n","protected":false},"featured_media":230,"comment_status":"open","ping_status":"closed","template":"","meta":[],"product_brand":[],"product_cat":[22,33,25],"product_tag":[],"class_list":{"0":"post-228","1":"product","2":"type-product","3":"status-publish","4":"has-post-thumbnail","6":"product_cat-anillos","7":"product_cat-pack-anillos","8":"product_cat-packs","10":"first","11":"instock","12":"taxable","13":"shipping-taxable","14":"product-type-grouped"},"yoast_head":"<!-- This site is optimized with the Yoast SEO plugin v27.3 - https:\/\/yoast.com\/product\/yoast-seo-wordpress\/ -->\n<title>Pack anillos desierto - Solertia Jewellery.<\/title>\n<meta name=\"description\" content=\"La nueva gama de anillos desierto viene pisando fuerte, como una tormenta de verano que arrasa con todo. \u00bfA qu\u00e9 esperas? Corre!! Que vuelan...\" \/>\n<meta name=\"robots\" content=\"index, follow, max-snippet:-1, max-image-preview:large, max-video-preview:-1\" \/>\n<link rel=\"canonical\" href=\"https:\/\/lalaboralaula.es\/MP192526\/index.php\/producto\/pack-anillos-desierto\/\" \/>\n<meta property=\"og:locale\" content=\"es_ES\" \/>\n<meta property=\"og:type\" content=\"article\" \/>\n<meta property=\"og:title\" content=\"Pack anillos desierto - Solertia Jewellery.\" \/>\n<meta property=\"og:description\" content=\"La nueva gama de anillos desierto viene pisando fuerte, como una tormenta de verano que arrasa con todo. \u00bfA qu\u00e9 esperas? Corre!! Que vuelan...\" \/>\n<meta property=\"og:url\" content=\"https:\/\/lalaboralaula.es\/MP192526\/index.php\/producto\/pack-anillos-desierto\/\" \/>\n<meta property=\"og:site_name\" content=\"Solertia Jewellery.\" \/>\n<meta property=\"article:modified_time\" content=\"2025-11-13T18:43:05+00:00\" \/>\n<meta property=\"og:image\" content=\"https:\/\/lalaboralaula.es\/MP192526\/wp-content\/uploads\/2025\/11\/Captura-de-pantalla-2025-11-13-190902.png\" \/>\n\t<meta property=\"og:image:width\" content=\"807\" \/>\n\t<meta property=\"og:image:height\" content=\"601\" \/>\n\t<meta property=\"og:image:type\" content=\"image\/png\" \/>\n<meta name=\"twitter:card\" content=\"summary_large_image\" \/>\n<meta name=\"twitter:label1\" content=\"Tiempo de lectura\" \/>\n\t<meta name=\"twitter:data1\" content=\"2 minutos\" \/>\n<script type=\"application\/ld+json\" class=\"yoast-schema-graph\">{\"@context\":\"https:\\\/\\\/schema.org\",\"@graph\":[{\"@type\":\"WebPage\",\"@id\":\"https:\\\/\\\/lalaboralaula.es\\\/MP192526\\\/index.php\\\/producto\\\/pack-anillos-desierto\\\/\",\"url\":\"https:\\\/\\\/lalaboralaula.es\\\/MP192526\\\/index.php\\\/producto\\\/pack-anillos-desierto\\\/\",\"name\":\"Pack anillos desierto - Solertia Jewellery.\",\"isPartOf\":{\"@id\":\"https:\\\/\\\/lalaboralaula.es\\\/MP192526\\\/#website\"},\"primaryImageOfPage\":{\"@id\":\"https:\\\/\\\/lalaboralaula.es\\\/MP192526\\\/index.php\\\/producto\\\/pack-anillos-desierto\\\/#primaryimage\"},\"image\":{\"@id\":\"https:\\\/\\\/lalaboralaula.es\\\/MP192526\\\/index.php\\\/producto\\\/pack-anillos-desierto\\\/#primaryimage\"},\"thumbnailUrl\":\"https:\\\/\\\/lalaboralaula.es\\\/MP192526\\\/wp-content\\\/uploads\\\/2025\\\/11\\\/Captura-de-pantalla-2025-11-13-190902.png\",\"datePublished\":\"2025-11-13T18:05:12+00:00\",\"dateModified\":\"2025-11-13T18:43:05+00:00\",\"description\":\"La nueva gama de anillos desierto viene pisando fuerte, como una tormenta de verano que arrasa con todo. \u00bfA qu\u00e9 esperas? Corre!! Que vuelan...\",\"breadcrumb\":{\"@id\":\"https:\\\/\\\/lalaboralaula.es\\\/MP192526\\\/index.php\\\/producto\\\/pack-anillos-desierto\\\/#breadcrumb\"},\"inLanguage\":\"es\",\"potentialAction\":[{\"@type\":\"ReadAction\",\"target\":[\"https:\\\/\\\/lalaboralaula.es\\\/MP192526\\\/index.php\\\/producto\\\/pack-anillos-desierto\\\/\"]}]},{\"@type\":\"ImageObject\",\"inLanguage\":\"es\",\"@id\":\"https:\\\/\\\/lalaboralaula.es\\\/MP192526\\\/index.php\\\/producto\\\/pack-anillos-desierto\\\/#primaryimage\",\"url\":\"https:\\\/\\\/lalaboralaula.es\\\/MP192526\\\/wp-content\\\/uploads\\\/2025\\\/11\\\/Captura-de-pantalla-2025-11-13-190902.png\",\"contentUrl\":\"https:\\\/\\\/lalaboralaula.es\\\/MP192526\\\/wp-content\\\/uploads\\\/2025\\\/11\\\/Captura-de-pantalla-2025-11-13-190902.png\",\"width\":807,\"height\":601,\"caption\":\"Pack joyas desierto\"},{\"@type\":\"BreadcrumbList\",\"@id\":\"https:\\\/\\\/lalaboralaula.es\\\/MP192526\\\/index.php\\\/producto\\\/pack-anillos-desierto\\\/#breadcrumb\",\"itemListElement\":[{\"@type\":\"ListItem\",\"position\":1,\"name\":\"Portada\",\"item\":\"https:\\\/\\\/lalaboralaula.es\\\/MP192526\\\/\"},{\"@type\":\"ListItem\",\"position\":2,\"name\":\"Tienda\",\"item\":\"https:\\\/\\\/lalaboralaula.es\\\/MP192526\\\/index.php\\\/tienda\\\/\"},{\"@type\":\"ListItem\",\"position\":3,\"name\":\"Pack anillos desierto\"}]},{\"@type\":\"WebSite\",\"@id\":\"https:\\\/\\\/lalaboralaula.es\\\/MP192526\\\/#website\",\"url\":\"https:\\\/\\\/lalaboralaula.es\\\/MP192526\\\/\",\"name\":\"Solertia Jewellery.\",\"description\":\"Joyas con mucha marca.\",\"publisher\":{\"@id\":\"https:\\\/\\\/lalaboralaula.es\\\/MP192526\\\/#organization\"},\"potentialAction\":[{\"@type\":\"SearchAction\",\"target\":{\"@type\":\"EntryPoint\",\"urlTemplate\":\"https:\\\/\\\/lalaboralaula.es\\\/MP192526\\\/?s={search_term_string}\"},\"query-input\":{\"@type\":\"PropertyValueSpecification\",\"valueRequired\":true,\"valueName\":\"search_term_string\"}}],\"inLanguage\":\"es\"},{\"@type\":\"Organization\",\"@id\":\"https:\\\/\\\/lalaboralaula.es\\\/MP192526\\\/#organization\",\"name\":\"Solertia Jewellery.\",\"url\":\"https:\\\/\\\/lalaboralaula.es\\\/MP192526\\\/\",\"logo\":{\"@type\":\"ImageObject\",\"inLanguage\":\"es\",\"@id\":\"https:\\\/\\\/lalaboralaula.es\\\/MP192526\\\/#\\\/schema\\\/logo\\\/image\\\/\",\"url\":\"https:\\\/\\\/lalaboralaula.es\\\/MP192526\\\/wp-content\\\/uploads\\\/2026\\\/01\\\/cropped-Logo-solertia-.png\",\"contentUrl\":\"https:\\\/\\\/lalaboralaula.es\\\/MP192526\\\/wp-content\\\/uploads\\\/2026\\\/01\\\/cropped-Logo-solertia-.png\",\"width\":500,\"height\":247,\"caption\":\"Solertia Jewellery.\"},\"image\":{\"@id\":\"https:\\\/\\\/lalaboralaula.es\\\/MP192526\\\/#\\\/schema\\\/logo\\\/image\\\/\"}}]}<\/script>\n<!-- \/ Yoast SEO plugin. -->","yoast_head_json":{"title":"Pack anillos desierto - Solertia Jewellery.","description":"La nueva gama de anillos desierto viene pisando fuerte, como una tormenta de verano que arrasa con todo. \u00bfA qu\u00e9 esperas? Corre!! Que vuelan...","robots":{"index":"index","follow":"follow","max-snippet":"max-snippet:-1","max-image-preview":"max-image-preview:large","max-video-preview":"max-video-preview:-1"},"canonical":"https:\/\/lalaboralaula.es\/MP192526\/index.php\/producto\/pack-anillos-desierto\/","og_locale":"es_ES","og_type":"article","og_title":"Pack anillos desierto - Solertia Jewellery.","og_description":"La nueva gama de anillos desierto viene pisando fuerte, como una tormenta de verano que arrasa con todo. \u00bfA qu\u00e9 esperas? Corre!! Que vuelan...","og_url":"https:\/\/lalaboralaula.es\/MP192526\/index.php\/producto\/pack-anillos-desierto\/","og_site_name":"Solertia Jewellery.","article_modified_time":"2025-11-13T18:43:05+00:00","og_image":[{"width":807,"height":601,"url":"https:\/\/lalaboralaula.es\/MP192526\/wp-content\/uploads\/2025\/11\/Captura-de-pantalla-2025-11-13-190902.png","type":"image\/png"}],"twitter_card":"summary_large_image","twitter_misc":{"Tiempo de lectura":"2 minutos"},"schema":{"@context":"https:\/\/schema.org","@graph":[{"@type":"WebPage","@id":"https:\/\/lalaboralaula.es\/MP192526\/index.php\/producto\/pack-anillos-desierto\/","url":"https:\/\/lalaboralaula.es\/MP192526\/index.php\/producto\/pack-anillos-desierto\/","name":"Pack anillos desierto - Solertia Jewellery.","isPartOf":{"@id":"https:\/\/lalaboralaula.es\/MP192526\/#website"},"primaryImageOfPage":{"@id":"https:\/\/lalaboralaula.es\/MP192526\/index.php\/producto\/pack-anillos-desierto\/#primaryimage"},"image":{"@id":"https:\/\/lalaboralaula.es\/MP192526\/index.php\/producto\/pack-anillos-desierto\/#primaryimage"},"thumbnailUrl":"https:\/\/lalaboralaula.es\/MP192526\/wp-content\/uploads\/2025\/11\/Captura-de-pantalla-2025-11-13-190902.png","datePublished":"2025-11-13T18:05:12+00:00","dateModified":"2025-11-13T18:43:05+00:00","description":"La nueva gama de anillos desierto viene pisando fuerte, como una tormenta de verano que arrasa con todo. \u00bfA qu\u00e9 esperas? Corre!! Que vuelan...","breadcrumb":{"@id":"https:\/\/lalaboralaula.es\/MP192526\/index.php\/producto\/pack-anillos-desierto\/#breadcrumb"},"inLanguage":"es","potentialAction":[{"@type":"ReadAction","target":["https:\/\/lalaboralaula.es\/MP192526\/index.php\/producto\/pack-anillos-desierto\/"]}]},{"@type":"ImageObject","inLanguage":"es","@id":"https:\/\/lalaboralaula.es\/MP192526\/index.php\/producto\/pack-anillos-desierto\/#primaryimage","url":"https:\/\/lalaboralaula.es\/MP192526\/wp-content\/uploads\/2025\/11\/Captura-de-pantalla-2025-11-13-190902.png","contentUrl":"https:\/\/lalaboralaula.es\/MP192526\/wp-content\/uploads\/2025\/11\/Captura-de-pantalla-2025-11-13-190902.png","width":807,"height":601,"caption":"Pack joyas desierto"},{"@type":"BreadcrumbList","@id":"https:\/\/lalaboralaula.es\/MP192526\/index.php\/producto\/pack-anillos-desierto\/#breadcrumb","itemListElement":[{"@type":"ListItem","position":1,"name":"Portada","item":"https:\/\/lalaboralaula.es\/MP192526\/"},{"@type":"ListItem","position":2,"name":"Tienda","item":"https:\/\/lalaboralaula.es\/MP192526\/index.php\/tienda\/"},{"@type":"ListItem","position":3,"name":"Pack anillos desierto"}]},{"@type":"WebSite","@id":"https:\/\/lalaboralaula.es\/MP192526\/#website","url":"https:\/\/lalaboralaula.es\/MP192526\/","name":"Solertia Jewellery.","description":"Joyas con mucha marca.","publisher":{"@id":"https:\/\/lalaboralaula.es\/MP192526\/#organization"},"potentialAction":[{"@type":"SearchAction","target":{"@type":"EntryPoint","urlTemplate":"https:\/\/lalaboralaula.es\/MP192526\/?s={search_term_string}"},"query-input":{"@type":"PropertyValueSpecification","valueRequired":true,"valueName":"search_term_string"}}],"inLanguage":"es"},{"@type":"Organization","@id":"https:\/\/lalaboralaula.es\/MP192526\/#organization","name":"Solertia Jewellery.","url":"https:\/\/lalaboralaula.es\/MP192526\/","logo":{"@type":"ImageObject","inLanguage":"es","@id":"https:\/\/lalaboralaula.es\/MP192526\/#\/schema\/logo\/image\/","url":"https:\/\/lalaboralaula.es\/MP192526\/wp-content\/uploads\/2026\/01\/cropped-Logo-solertia-.png","contentUrl":"https:\/\/lalaboralaula.es\/MP192526\/wp-content\/uploads\/2026\/01\/cropped-Logo-solertia-.png","width":500,"height":247,"caption":"Solertia Jewellery."},"image":{"@id":"https:\/\/lalaboralaula.es\/MP192526\/#\/schema\/logo\/image\/"}}]}},"_links":{"self":[{"href":"https:\/\/lalaboralaula.es\/MP192526\/index.php\/wp-json\/wp\/v2\/product\/228","targetHints":{"allow":["GET"]}}],"collection":[{"href":"https:\/\/lalaboralaula.es\/MP192526\/index.php\/wp-json\/wp\/v2\/product"}],"about":[{"href":"https:\/\/lalaboralaula.es\/MP192526\/index.php\/wp-json\/wp\/v2\/types\/product"}],"replies":[{"embeddable":true,"href":"https:\/\/lalaboralaula.es\/MP192526\/index.php\/wp-json\/wp\/v2\/comments?post=228"}],"wp:featuredmedia":[{"embeddable":true,"href":"https:\/\/lalaboralaula.es\/MP192526\/index.php\/wp-json\/wp\/v2\/media\/230"}],"wp:attachment":[{"href":"https:\/\/lalaboralaula.es\/MP192526\/index.php\/wp-json\/wp\/v2\/media?parent=228"}],"wp:term":[{"taxonomy":"product_brand","embeddable":true,"href":"https:\/\/lalaboralaula.es\/MP192526\/index.php\/wp-json\/wp\/v2\/product_brand?post=228"},{"taxonomy":"product_cat","embeddable":true,"href":"https:\/\/lalaboralaula.es\/MP192526\/index.php\/wp-json\/wp\/v2\/product_cat?post=228"},{"taxonomy":"product_tag","embeddable":true,"href":"https:\/\/lalaboralaula.es\/MP192526\/index.php\/wp-json\/wp\/v2\/product_tag?post=228"}],"curies":[{"name":"wp","href":"https:\/\/api.w.org\/{rel}","templated":true}]}}