{"id":33,"date":"2025-10-23T16:58:54","date_gmt":"2025-10-23T16:58:54","guid":{"rendered":"https:\/\/lalaboralaula.es\/MP192526\/?page_id=33"},"modified":"2025-10-23T17:28:17","modified_gmt":"2025-10-23T17:28:17","slug":"sobre-nosotros","status":"publish","type":"page","link":"https:\/\/lalaboralaula.es\/MP192526\/index.php\/sobre-nosotros\/","title":{"rendered":"Sobre nosotros."},"content":{"rendered":"\n<div class=\"wp-block-query is-layout-flow wp-block-query-is-layout-flow\"><ul class=\"wp-block-post-template is-layout-flow wp-block-post-template-is-layout-flow\"><li class=\"wp-block-post post-345 post type-post status-publish format-standard hentry category-uncategorized\">\n\n<hr class=\"wp-block-separator has-css-opacity\"\/>\n\n<\/li><li class=\"wp-block-post post-6 post type-post status-publish format-standard hentry category-uncategorized\">\n\n<hr class=\"wp-block-separator has-css-opacity\"\/>\n\n<\/li><\/ul>\n\n<div class=\"alignleft is-style-default wp-block-site-logo\"><a href=\"https:\/\/lalaboralaula.es\/MP192526\/\" class=\"custom-logo-link\" rel=\"home\"><img loading=\"lazy\" decoding=\"async\" width=\"121\" height=\"59\" src=\"https:\/\/lalaboralaula.es\/MP192526\/wp-content\/uploads\/2026\/01\/cropped-Logo-solertia-.png\" class=\"custom-logo\" alt=\"Solertia Jewellery.\" srcset=\"https:\/\/lalaboralaula.es\/MP192526\/wp-content\/uploads\/2026\/01\/cropped-Logo-solertia-.png 500w, https:\/\/lalaboralaula.es\/MP192526\/wp-content\/uploads\/2026\/01\/cropped-Logo-solertia--300x148.png 300w, https:\/\/lalaboralaula.es\/MP192526\/wp-content\/uploads\/2026\/01\/cropped-Logo-solertia--416x206.png 416w\" sizes=\"auto, (max-width: 121px) 100vw, 121px\" \/><\/a><\/div><\/div>\n\n\n\n<p>Misi\u00f3n: la raz\u00f3n de ser de la compa\u00f1\u00eda. \u00bfPor qu\u00e9 existe?\u00a0\u00a0<\/p>\n\n\n\n<p>Con el simple detalle de una peque\u00f1a joya, de alzar tu presencia y adem\u00e1s hacerte notar all\u00e1 donde vayas. Los accesorios, por peque\u00f1os que sean siempre marcan la diferencia. Por ello, Solertia Jewellery decide impulsarse al mercado con una de las mejores iniciativas para aquellas mujeres empoderadas.<\/p>\n\n\n\n<p>Visi\u00f3n: la direcci\u00f3n estrat\u00e9gica de la compa\u00f1\u00eda. \u00bfD\u00f3nde queremos llegar?&nbsp;<\/p>\n\n\n\n<p>Nuestra visi\u00f3n crece como un \u00e1rbol, donde sabemos que nuestras se sit\u00faan en nuestro lugar de nacimiento, y crecimiento pero teniendo en cuenta que queremos que nuestro \u00e1rbol crezca, y se ramifique todo lo posible, es decir, expandirnos tanto como podamos sin perder nuestra esencia.<\/p>\n\n\n\n<p>Valores: los principios que gu\u00edan la conducta de la compa\u00f1\u00eda. \u00bfEn qu\u00e9 creemos?&nbsp;<\/p>\n\n\n\n<p>Dise\u00f1ar joyas exclusivas que combinan lujo y creatividad, ofreciendo piezas \u00fanicas que empoderan a quienes las llevan. Ser la marca de referencia en joyer\u00eda de dise\u00f1o contempor\u00e1neo, donde cada creaci\u00f3n es un s\u00edmbolo de liderazgo, innovaci\u00f3n y elegancia eterna. Joyas \u00fanicas para mentes \u00fanicas. Cada joya no solo expresa lujo y distinci\u00f3n, sino tambi\u00e9n creatividad e individualidad. No creamos para las masas, creamos para l\u00edderes con visi\u00f3n propia.<\/p>\n\n\n\n<figure class=\"wp-block-gallery has-nested-images columns-default is-cropped wp-block-gallery-1 is-layout-flex wp-block-gallery-is-layout-flex\">\n<figure class=\"wp-block-image size-large is-resized\"><img loading=\"lazy\" decoding=\"async\" width=\"679\" height=\"1024\" data-id=\"37\" src=\"https:\/\/lalaboralaula.es\/MP192526\/wp-content\/uploads\/2025\/10\/image-1.png\" alt=\"\" class=\"wp-image-37\" style=\"width:175px;height:auto\" srcset=\"https:\/\/lalaboralaula.es\/MP192526\/wp-content\/uploads\/2025\/10\/image-1.png 679w, https:\/\/lalaboralaula.es\/MP192526\/wp-content\/uploads\/2025\/10\/image-1-416x627.png 416w, https:\/\/lalaboralaula.es\/MP192526\/wp-content\/uploads\/2025\/10\/image-1-199x300.png 199w\" sizes=\"auto, (max-width: 679px) 100vw, 679px\" \/><\/figure>\n\n\n\n<figure class=\"wp-block-image size-large is-resized\"><img loading=\"lazy\" decoding=\"async\" width=\"750\" height=\"750\" data-id=\"38\" src=\"https:\/\/lalaboralaula.es\/MP192526\/wp-content\/uploads\/2025\/10\/image-2.png\" alt=\"\" class=\"wp-image-38\" style=\"width:206px;height:auto\" srcset=\"https:\/\/lalaboralaula.es\/MP192526\/wp-content\/uploads\/2025\/10\/image-2.png 750w, https:\/\/lalaboralaula.es\/MP192526\/wp-content\/uploads\/2025\/10\/image-2-324x324.png 324w, https:\/\/lalaboralaula.es\/MP192526\/wp-content\/uploads\/2025\/10\/image-2-100x100.png 100w, https:\/\/lalaboralaula.es\/MP192526\/wp-content\/uploads\/2025\/10\/image-2-416x416.png 416w, https:\/\/lalaboralaula.es\/MP192526\/wp-content\/uploads\/2025\/10\/image-2-300x300.png 300w, https:\/\/lalaboralaula.es\/MP192526\/wp-content\/uploads\/2025\/10\/image-2-150x150.png 150w\" sizes=\"auto, (max-width: 750px) 100vw, 750px\" \/><\/figure>\n\n\n\n<figure class=\"wp-block-image size-large is-resized\"><img loading=\"lazy\" decoding=\"async\" width=\"683\" height=\"1024\" data-id=\"36\" src=\"https:\/\/lalaboralaula.es\/MP192526\/wp-content\/uploads\/2025\/10\/image-683x1024.png\" alt=\"\" class=\"wp-image-36\" style=\"width:196px;height:auto\" srcset=\"https:\/\/lalaboralaula.es\/MP192526\/wp-content\/uploads\/2025\/10\/image-683x1024.png 683w, https:\/\/lalaboralaula.es\/MP192526\/wp-content\/uploads\/2025\/10\/image-416x624.png 416w, https:\/\/lalaboralaula.es\/MP192526\/wp-content\/uploads\/2025\/10\/image-200x300.png 200w, https:\/\/lalaboralaula.es\/MP192526\/wp-content\/uploads\/2025\/10\/image.png 700w\" sizes=\"auto, (max-width: 683px) 100vw, 683px\" \/><\/figure>\n<\/figure>\n\n\n\n<p><\/p>\n","protected":false},"excerpt":{"rendered":"<p>Misi\u00f3n: la raz\u00f3n de ser de la compa\u00f1\u00eda. \u00bfPor qu\u00e9 existe?\u00a0\u00a0 Con el simple detalle de una peque\u00f1a joya, de alzar tu presencia y adem\u00e1s hacerte notar all\u00e1 donde vayas. Los accesorios, por peque\u00f1os que sean siempre marcan la diferencia. Por ello, Solertia Jewellery decide impulsarse al mercado con una de las mejores iniciativas para [&hellip;]<\/p>\n","protected":false},"author":1,"featured_media":0,"parent":0,"menu_order":0,"comment_status":"closed","ping_status":"closed","template":"template-fullwidth.php","meta":{"footnotes":""},"class_list":["post-33","page","type-page","status-publish","hentry"],"yoast_head":"<!-- This site is optimized with the Yoast SEO plugin v27.3 - https:\/\/yoast.com\/product\/yoast-seo-wordpress\/ -->\n<title>Sobre nosotros. - Solertia Jewellery.<\/title>\n<meta name=\"robots\" content=\"index, follow, max-snippet:-1, max-image-preview:large, max-video-preview:-1\" \/>\n<link rel=\"canonical\" href=\"https:\/\/lalaboralaula.es\/MP192526\/index.php\/sobre-nosotros\/\" \/>\n<meta property=\"og:locale\" content=\"es_ES\" \/>\n<meta property=\"og:type\" content=\"article\" \/>\n<meta property=\"og:title\" content=\"Sobre nosotros. - Solertia Jewellery.\" \/>\n<meta property=\"og:description\" content=\"Misi\u00f3n: la raz\u00f3n de ser de la compa\u00f1\u00eda. \u00bfPor qu\u00e9 existe?\u00a0\u00a0 Con el simple detalle de una peque\u00f1a joya, de alzar tu presencia y adem\u00e1s hacerte notar all\u00e1 donde vayas. Los accesorios, por peque\u00f1os que sean siempre marcan la diferencia. Por ello, Solertia Jewellery decide impulsarse al mercado con una de las mejores iniciativas para [&hellip;]\" \/>\n<meta property=\"og:url\" content=\"https:\/\/lalaboralaula.es\/MP192526\/index.php\/sobre-nosotros\/\" \/>\n<meta property=\"og:site_name\" content=\"Solertia Jewellery.\" \/>\n<meta property=\"article:modified_time\" content=\"2025-10-23T17:28:17+00:00\" \/>\n<meta property=\"og:image\" content=\"https:\/\/lalaboralaula.es\/MP192526\/wp-content\/uploads\/2025\/10\/image-1.png\" \/>\n<meta name=\"twitter:card\" content=\"summary_large_image\" \/>\n<meta name=\"twitter:label1\" content=\"Tiempo de lectura\" \/>\n\t<meta name=\"twitter:data1\" content=\"1 minuto\" \/>\n<script type=\"application\/ld+json\" class=\"yoast-schema-graph\">{\"@context\":\"https:\\\/\\\/schema.org\",\"@graph\":[{\"@type\":\"WebPage\",\"@id\":\"https:\\\/\\\/lalaboralaula.es\\\/MP192526\\\/index.php\\\/sobre-nosotros\\\/\",\"url\":\"https:\\\/\\\/lalaboralaula.es\\\/MP192526\\\/index.php\\\/sobre-nosotros\\\/\",\"name\":\"Sobre nosotros. - Solertia Jewellery.\",\"isPartOf\":{\"@id\":\"https:\\\/\\\/lalaboralaula.es\\\/MP192526\\\/#website\"},\"primaryImageOfPage\":{\"@id\":\"https:\\\/\\\/lalaboralaula.es\\\/MP192526\\\/index.php\\\/sobre-nosotros\\\/#primaryimage\"},\"image\":{\"@id\":\"https:\\\/\\\/lalaboralaula.es\\\/MP192526\\\/index.php\\\/sobre-nosotros\\\/#primaryimage\"},\"thumbnailUrl\":\"https:\\\/\\\/lalaboralaula.es\\\/MP192526\\\/wp-content\\\/uploads\\\/2025\\\/10\\\/image-1.png\",\"datePublished\":\"2025-10-23T16:58:54+00:00\",\"dateModified\":\"2025-10-23T17:28:17+00:00\",\"breadcrumb\":{\"@id\":\"https:\\\/\\\/lalaboralaula.es\\\/MP192526\\\/index.php\\\/sobre-nosotros\\\/#breadcrumb\"},\"inLanguage\":\"es\",\"potentialAction\":[{\"@type\":\"ReadAction\",\"target\":[\"https:\\\/\\\/lalaboralaula.es\\\/MP192526\\\/index.php\\\/sobre-nosotros\\\/\"]}]},{\"@type\":\"ImageObject\",\"inLanguage\":\"es\",\"@id\":\"https:\\\/\\\/lalaboralaula.es\\\/MP192526\\\/index.php\\\/sobre-nosotros\\\/#primaryimage\",\"url\":\"https:\\\/\\\/lalaboralaula.es\\\/MP192526\\\/wp-content\\\/uploads\\\/2025\\\/10\\\/image-1.png\",\"contentUrl\":\"https:\\\/\\\/lalaboralaula.es\\\/MP192526\\\/wp-content\\\/uploads\\\/2025\\\/10\\\/image-1.png\",\"width\":679,\"height\":1024},{\"@type\":\"BreadcrumbList\",\"@id\":\"https:\\\/\\\/lalaboralaula.es\\\/MP192526\\\/index.php\\\/sobre-nosotros\\\/#breadcrumb\",\"itemListElement\":[{\"@type\":\"ListItem\",\"position\":1,\"name\":\"Portada\",\"item\":\"https:\\\/\\\/lalaboralaula.es\\\/MP192526\\\/\"},{\"@type\":\"ListItem\",\"position\":2,\"name\":\"Sobre nosotros.\"}]},{\"@type\":\"WebSite\",\"@id\":\"https:\\\/\\\/lalaboralaula.es\\\/MP192526\\\/#website\",\"url\":\"https:\\\/\\\/lalaboralaula.es\\\/MP192526\\\/\",\"name\":\"Solertia Jewellery.\",\"description\":\"Joyas con mucha marca.\",\"publisher\":{\"@id\":\"https:\\\/\\\/lalaboralaula.es\\\/MP192526\\\/#organization\"},\"potentialAction\":[{\"@type\":\"SearchAction\",\"target\":{\"@type\":\"EntryPoint\",\"urlTemplate\":\"https:\\\/\\\/lalaboralaula.es\\\/MP192526\\\/?s={search_term_string}\"},\"query-input\":{\"@type\":\"PropertyValueSpecification\",\"valueRequired\":true,\"valueName\":\"search_term_string\"}}],\"inLanguage\":\"es\"},{\"@type\":\"Organization\",\"@id\":\"https:\\\/\\\/lalaboralaula.es\\\/MP192526\\\/#organization\",\"name\":\"Solertia Jewellery.\",\"url\":\"https:\\\/\\\/lalaboralaula.es\\\/MP192526\\\/\",\"logo\":{\"@type\":\"ImageObject\",\"inLanguage\":\"es\",\"@id\":\"https:\\\/\\\/lalaboralaula.es\\\/MP192526\\\/#\\\/schema\\\/logo\\\/image\\\/\",\"url\":\"https:\\\/\\\/lalaboralaula.es\\\/MP192526\\\/wp-content\\\/uploads\\\/2026\\\/01\\\/cropped-Logo-solertia-.png\",\"contentUrl\":\"https:\\\/\\\/lalaboralaula.es\\\/MP192526\\\/wp-content\\\/uploads\\\/2026\\\/01\\\/cropped-Logo-solertia-.png\",\"width\":500,\"height\":247,\"caption\":\"Solertia Jewellery.\"},\"image\":{\"@id\":\"https:\\\/\\\/lalaboralaula.es\\\/MP192526\\\/#\\\/schema\\\/logo\\\/image\\\/\"}}]}<\/script>\n<!-- \/ Yoast SEO plugin. -->","yoast_head_json":{"title":"Sobre nosotros. - Solertia Jewellery.","robots":{"index":"index","follow":"follow","max-snippet":"max-snippet:-1","max-image-preview":"max-image-preview:large","max-video-preview":"max-video-preview:-1"},"canonical":"https:\/\/lalaboralaula.es\/MP192526\/index.php\/sobre-nosotros\/","og_locale":"es_ES","og_type":"article","og_title":"Sobre nosotros. - Solertia Jewellery.","og_description":"Misi\u00f3n: la raz\u00f3n de ser de la compa\u00f1\u00eda. \u00bfPor qu\u00e9 existe?\u00a0\u00a0 Con el simple detalle de una peque\u00f1a joya, de alzar tu presencia y adem\u00e1s hacerte notar all\u00e1 donde vayas. Los accesorios, por peque\u00f1os que sean siempre marcan la diferencia. Por ello, Solertia Jewellery decide impulsarse al mercado con una de las mejores iniciativas para [&hellip;]","og_url":"https:\/\/lalaboralaula.es\/MP192526\/index.php\/sobre-nosotros\/","og_site_name":"Solertia Jewellery.","article_modified_time":"2025-10-23T17:28:17+00:00","og_image":[{"url":"https:\/\/lalaboralaula.es\/MP192526\/wp-content\/uploads\/2025\/10\/image-1.png","type":"","width":"","height":""}],"twitter_card":"summary_large_image","twitter_misc":{"Tiempo de lectura":"1 minuto"},"schema":{"@context":"https:\/\/schema.org","@graph":[{"@type":"WebPage","@id":"https:\/\/lalaboralaula.es\/MP192526\/index.php\/sobre-nosotros\/","url":"https:\/\/lalaboralaula.es\/MP192526\/index.php\/sobre-nosotros\/","name":"Sobre nosotros. - Solertia Jewellery.","isPartOf":{"@id":"https:\/\/lalaboralaula.es\/MP192526\/#website"},"primaryImageOfPage":{"@id":"https:\/\/lalaboralaula.es\/MP192526\/index.php\/sobre-nosotros\/#primaryimage"},"image":{"@id":"https:\/\/lalaboralaula.es\/MP192526\/index.php\/sobre-nosotros\/#primaryimage"},"thumbnailUrl":"https:\/\/lalaboralaula.es\/MP192526\/wp-content\/uploads\/2025\/10\/image-1.png","datePublished":"2025-10-23T16:58:54+00:00","dateModified":"2025-10-23T17:28:17+00:00","breadcrumb":{"@id":"https:\/\/lalaboralaula.es\/MP192526\/index.php\/sobre-nosotros\/#breadcrumb"},"inLanguage":"es","potentialAction":[{"@type":"ReadAction","target":["https:\/\/lalaboralaula.es\/MP192526\/index.php\/sobre-nosotros\/"]}]},{"@type":"ImageObject","inLanguage":"es","@id":"https:\/\/lalaboralaula.es\/MP192526\/index.php\/sobre-nosotros\/#primaryimage","url":"https:\/\/lalaboralaula.es\/MP192526\/wp-content\/uploads\/2025\/10\/image-1.png","contentUrl":"https:\/\/lalaboralaula.es\/MP192526\/wp-content\/uploads\/2025\/10\/image-1.png","width":679,"height":1024},{"@type":"BreadcrumbList","@id":"https:\/\/lalaboralaula.es\/MP192526\/index.php\/sobre-nosotros\/#breadcrumb","itemListElement":[{"@type":"ListItem","position":1,"name":"Portada","item":"https:\/\/lalaboralaula.es\/MP192526\/"},{"@type":"ListItem","position":2,"name":"Sobre nosotros."}]},{"@type":"WebSite","@id":"https:\/\/lalaboralaula.es\/MP192526\/#website","url":"https:\/\/lalaboralaula.es\/MP192526\/","name":"Solertia Jewellery.","description":"Joyas con mucha marca.","publisher":{"@id":"https:\/\/lalaboralaula.es\/MP192526\/#organization"},"potentialAction":[{"@type":"SearchAction","target":{"@type":"EntryPoint","urlTemplate":"https:\/\/lalaboralaula.es\/MP192526\/?s={search_term_string}"},"query-input":{"@type":"PropertyValueSpecification","valueRequired":true,"valueName":"search_term_string"}}],"inLanguage":"es"},{"@type":"Organization","@id":"https:\/\/lalaboralaula.es\/MP192526\/#organization","name":"Solertia Jewellery.","url":"https:\/\/lalaboralaula.es\/MP192526\/","logo":{"@type":"ImageObject","inLanguage":"es","@id":"https:\/\/lalaboralaula.es\/MP192526\/#\/schema\/logo\/image\/","url":"https:\/\/lalaboralaula.es\/MP192526\/wp-content\/uploads\/2026\/01\/cropped-Logo-solertia-.png","contentUrl":"https:\/\/lalaboralaula.es\/MP192526\/wp-content\/uploads\/2026\/01\/cropped-Logo-solertia-.png","width":500,"height":247,"caption":"Solertia Jewellery."},"image":{"@id":"https:\/\/lalaboralaula.es\/MP192526\/#\/schema\/logo\/image\/"}}]}},"_links":{"self":[{"href":"https:\/\/lalaboralaula.es\/MP192526\/index.php\/wp-json\/wp\/v2\/pages\/33","targetHints":{"allow":["GET"]}}],"collection":[{"href":"https:\/\/lalaboralaula.es\/MP192526\/index.php\/wp-json\/wp\/v2\/pages"}],"about":[{"href":"https:\/\/lalaboralaula.es\/MP192526\/index.php\/wp-json\/wp\/v2\/types\/page"}],"author":[{"embeddable":true,"href":"https:\/\/lalaboralaula.es\/MP192526\/index.php\/wp-json\/wp\/v2\/users\/1"}],"replies":[{"embeddable":true,"href":"https:\/\/lalaboralaula.es\/MP192526\/index.php\/wp-json\/wp\/v2\/comments?post=33"}],"version-history":[{"count":2,"href":"https:\/\/lalaboralaula.es\/MP192526\/index.php\/wp-json\/wp\/v2\/pages\/33\/revisions"}],"predecessor-version":[{"id":39,"href":"https:\/\/lalaboralaula.es\/MP192526\/index.php\/wp-json\/wp\/v2\/pages\/33\/revisions\/39"}],"wp:attachment":[{"href":"https:\/\/lalaboralaula.es\/MP192526\/index.php\/wp-json\/wp\/v2\/media?parent=33"}],"curies":[{"name":"wp","href":"https:\/\/api.w.org\/{rel}","templated":true}]}}