{"id":230,"date":"2025-11-13T19:44:13","date_gmt":"2025-11-13T18:44:13","guid":{"rendered":"https:\/\/lalaboralaula.es\/MP182526\/?post_type=product&#038;p=230"},"modified":"2025-12-04T20:22:33","modified_gmt":"2025-12-04T19:22:33","slug":"mascara-de-pestanas-glesy","status":"publish","type":"product","link":"https:\/\/lalaboralaula.es\/MP182526\/index.php\/producto\/mascara-de-pestanas-glesy\/","title":{"rendered":"M\u00e1scara de pesta\u00f1as Glesy"},"content":{"rendered":"<p>Provoca huracanes con nuestra m\u00e1scara de pesta\u00f1as de Glesy Makeup.<\/p>\n<p>Hoy te traemos un acierto total para tus pr\u00f3ximos looks y es que con nuestra m\u00e1scara de pesta\u00f1as de Glesy makeup no se te resistir\u00e1 ni la playa, ni la piscina, ni esa pool party a la que est\u00e1s deseando ir. Con una f\u00f3rmula ultra-resistente nuestro rimmel consigue en pocas pasadas que tus ojos resalten durante todo el dia.<\/p>\n<p>Como todos nuestros productos este tambi\u00e9n es sostenible y no testado con animales.<\/p>\n<p>Disponemos de 3 colores vibrantes Negro Azabache un color usual para lxs m\u00e1s tradicionales y por otra parte dos colores revolucionarios para lxs m\u00e1s atrevidxs Azul Sky y Rosa Bubble\u00a0 dos colores que har\u00e1n las delicias de cualquier persona con maquillajes arriesgados.<\/p>\n<p>Asique no dudes y \u00a1hazte con ellas cuanto antes!<\/p>\n","protected":false},"excerpt":{"rendered":"<p>M\u00e1scara de pesta\u00f1as waterproof y ultraresistente Glesy Makeup. Con nuestra m\u00e1scara de pesta\u00f1as prep\u00e1rate para que tus ojos sean el centro de atenci\u00f3n. Colores disponibles para todos los gustos<\/p>\n","protected":false},"featured_media":317,"comment_status":"open","ping_status":"closed","template":"","meta":[],"product_brand":[],"product_cat":[37,36],"product_tag":[41,39,40,38,43,42],"class_list":{"0":"post-230","1":"product","2":"type-product","3":"status-publish","4":"has-post-thumbnail","6":"product_cat-mascara-de-pestanas","7":"product_cat-ojos","8":"product_tag-azul","9":"product_tag-mascara-de-pestanas","10":"product_tag-negro","11":"product_tag-ojos","12":"product_tag-rimmel","13":"product_tag-rosa","15":"first","16":"instock","17":"sale","18":"shipping-taxable","19":"purchasable","20":"product-type-variable"},"yoast_head":"<!-- This site is optimized with the Yoast SEO plugin v27.3 - https:\/\/yoast.com\/product\/yoast-seo-wordpress\/ -->\n<title>M\u00e1scara de pesta\u00f1as Glesy - Glesy Makeup<\/title>\n<meta name=\"description\" content=\"M\u00e1scara de pesta\u00f1as en 3 colores de Glesy Makeup. Disponible en negro, rosa y azul. Para todos los gustos. Entra y descubre nuestra tienda.\" \/>\n<meta name=\"robots\" content=\"index, follow, max-snippet:-1, max-image-preview:large, max-video-preview:-1\" \/>\n<link rel=\"canonical\" href=\"https:\/\/lalaboralaula.es\/MP182526\/index.php\/producto\/mascara-de-pestanas-glesy\/\" \/>\n<meta property=\"og:locale\" content=\"es_ES\" \/>\n<meta property=\"og:type\" content=\"article\" \/>\n<meta property=\"og:title\" content=\"M\u00e1scara de pesta\u00f1as Glesy - Glesy Makeup\" \/>\n<meta property=\"og:description\" content=\"M\u00e1scara de pesta\u00f1as en 3 colores de Glesy Makeup. Disponible en negro, rosa y azul. Para todos los gustos. Entra y descubre nuestra tienda.\" \/>\n<meta property=\"og:url\" content=\"https:\/\/lalaboralaula.es\/MP182526\/index.php\/producto\/mascara-de-pestanas-glesy\/\" \/>\n<meta property=\"og:site_name\" content=\"Glesy Makeup\" \/>\n<meta property=\"article:modified_time\" content=\"2025-12-04T19:22:33+00:00\" \/>\n<meta property=\"og:image\" content=\"https:\/\/lalaboralaula.es\/MP182526\/wp-content\/uploads\/2025\/11\/mujer-utilizando-mascara-de-pestanas-glesy.jpg\" \/>\n\t<meta property=\"og:image:width\" content=\"721\" \/>\n\t<meta property=\"og:image:height\" content=\"898\" \/>\n\t<meta property=\"og:image:type\" content=\"image\/jpeg\" \/>\n<meta name=\"twitter:card\" content=\"summary_large_image\" \/>\n<meta name=\"twitter:label1\" content=\"Tiempo de lectura\" \/>\n\t<meta name=\"twitter:data1\" content=\"1 minuto\" \/>\n<script type=\"application\/ld+json\" class=\"yoast-schema-graph\">{\"@context\":\"https:\\\/\\\/schema.org\",\"@graph\":[{\"@type\":\"WebPage\",\"@id\":\"https:\\\/\\\/lalaboralaula.es\\\/MP182526\\\/index.php\\\/producto\\\/mascara-de-pestanas-glesy\\\/\",\"url\":\"https:\\\/\\\/lalaboralaula.es\\\/MP182526\\\/index.php\\\/producto\\\/mascara-de-pestanas-glesy\\\/\",\"name\":\"M\u00e1scara de pesta\u00f1as Glesy - Glesy Makeup\",\"isPartOf\":{\"@id\":\"https:\\\/\\\/lalaboralaula.es\\\/MP182526\\\/#website\"},\"primaryImageOfPage\":{\"@id\":\"https:\\\/\\\/lalaboralaula.es\\\/MP182526\\\/index.php\\\/producto\\\/mascara-de-pestanas-glesy\\\/#primaryimage\"},\"image\":{\"@id\":\"https:\\\/\\\/lalaboralaula.es\\\/MP182526\\\/index.php\\\/producto\\\/mascara-de-pestanas-glesy\\\/#primaryimage\"},\"thumbnailUrl\":\"https:\\\/\\\/lalaboralaula.es\\\/MP182526\\\/wp-content\\\/uploads\\\/2025\\\/11\\\/mujer-utilizando-mascara-de-pestanas-glesy.jpg\",\"datePublished\":\"2025-11-13T18:44:13+00:00\",\"dateModified\":\"2025-12-04T19:22:33+00:00\",\"description\":\"M\u00e1scara de pesta\u00f1as en 3 colores de Glesy Makeup. Disponible en negro, rosa y azul. Para todos los gustos. Entra y descubre nuestra tienda.\",\"breadcrumb\":{\"@id\":\"https:\\\/\\\/lalaboralaula.es\\\/MP182526\\\/index.php\\\/producto\\\/mascara-de-pestanas-glesy\\\/#breadcrumb\"},\"inLanguage\":\"es\",\"potentialAction\":[{\"@type\":\"ReadAction\",\"target\":[\"https:\\\/\\\/lalaboralaula.es\\\/MP182526\\\/index.php\\\/producto\\\/mascara-de-pestanas-glesy\\\/\"]}]},{\"@type\":\"ImageObject\",\"inLanguage\":\"es\",\"@id\":\"https:\\\/\\\/lalaboralaula.es\\\/MP182526\\\/index.php\\\/producto\\\/mascara-de-pestanas-glesy\\\/#primaryimage\",\"url\":\"https:\\\/\\\/lalaboralaula.es\\\/MP182526\\\/wp-content\\\/uploads\\\/2025\\\/11\\\/mujer-utilizando-mascara-de-pestanas-glesy.jpg\",\"contentUrl\":\"https:\\\/\\\/lalaboralaula.es\\\/MP182526\\\/wp-content\\\/uploads\\\/2025\\\/11\\\/mujer-utilizando-mascara-de-pestanas-glesy.jpg\",\"width\":721,\"height\":898,\"caption\":\"mujer utilizando mascara de pesta\u00f1as glesy\"},{\"@type\":\"BreadcrumbList\",\"@id\":\"https:\\\/\\\/lalaboralaula.es\\\/MP182526\\\/index.php\\\/producto\\\/mascara-de-pestanas-glesy\\\/#breadcrumb\",\"itemListElement\":[{\"@type\":\"ListItem\",\"position\":1,\"name\":\"Portada\",\"item\":\"https:\\\/\\\/lalaboralaula.es\\\/MP182526\\\/\"},{\"@type\":\"ListItem\",\"position\":2,\"name\":\"Tienda\",\"item\":\"https:\\\/\\\/lalaboralaula.es\\\/MP182526\\\/index.php\\\/tienda\\\/\"},{\"@type\":\"ListItem\",\"position\":3,\"name\":\"M\u00e1scara de pesta\u00f1as Glesy\"}]},{\"@type\":\"WebSite\",\"@id\":\"https:\\\/\\\/lalaboralaula.es\\\/MP182526\\\/#website\",\"url\":\"https:\\\/\\\/lalaboralaula.es\\\/MP182526\\\/\",\"name\":\"Glesy Makeup\",\"description\":\"S\u00e9 el cambio que quieres ver.\",\"publisher\":{\"@id\":\"https:\\\/\\\/lalaboralaula.es\\\/MP182526\\\/#organization\"},\"potentialAction\":[{\"@type\":\"SearchAction\",\"target\":{\"@type\":\"EntryPoint\",\"urlTemplate\":\"https:\\\/\\\/lalaboralaula.es\\\/MP182526\\\/?s={search_term_string}\"},\"query-input\":{\"@type\":\"PropertyValueSpecification\",\"valueRequired\":true,\"valueName\":\"search_term_string\"}}],\"inLanguage\":\"es\"},{\"@type\":\"Organization\",\"@id\":\"https:\\\/\\\/lalaboralaula.es\\\/MP182526\\\/#organization\",\"name\":\"Glesy Makeup\",\"url\":\"https:\\\/\\\/lalaboralaula.es\\\/MP182526\\\/\",\"logo\":{\"@type\":\"ImageObject\",\"inLanguage\":\"es\",\"@id\":\"https:\\\/\\\/lalaboralaula.es\\\/MP182526\\\/#\\\/schema\\\/logo\\\/image\\\/\",\"url\":\"https:\\\/\\\/lalaboralaula.es\\\/MP182526\\\/wp-content\\\/uploads\\\/2026\\\/02\\\/cropped-glesy-2.png\",\"contentUrl\":\"https:\\\/\\\/lalaboralaula.es\\\/MP182526\\\/wp-content\\\/uploads\\\/2026\\\/02\\\/cropped-glesy-2.png\",\"width\":500,\"height\":159,\"caption\":\"Glesy Makeup\"},\"image\":{\"@id\":\"https:\\\/\\\/lalaboralaula.es\\\/MP182526\\\/#\\\/schema\\\/logo\\\/image\\\/\"}}]}<\/script>\n<!-- \/ Yoast SEO plugin. -->","yoast_head_json":{"title":"M\u00e1scara de pesta\u00f1as Glesy - Glesy Makeup","description":"M\u00e1scara de pesta\u00f1as en 3 colores de Glesy Makeup. Disponible en negro, rosa y azul. Para todos los gustos. Entra y descubre nuestra tienda.","robots":{"index":"index","follow":"follow","max-snippet":"max-snippet:-1","max-image-preview":"max-image-preview:large","max-video-preview":"max-video-preview:-1"},"canonical":"https:\/\/lalaboralaula.es\/MP182526\/index.php\/producto\/mascara-de-pestanas-glesy\/","og_locale":"es_ES","og_type":"article","og_title":"M\u00e1scara de pesta\u00f1as Glesy - Glesy Makeup","og_description":"M\u00e1scara de pesta\u00f1as en 3 colores de Glesy Makeup. Disponible en negro, rosa y azul. Para todos los gustos. Entra y descubre nuestra tienda.","og_url":"https:\/\/lalaboralaula.es\/MP182526\/index.php\/producto\/mascara-de-pestanas-glesy\/","og_site_name":"Glesy Makeup","article_modified_time":"2025-12-04T19:22:33+00:00","og_image":[{"width":721,"height":898,"url":"https:\/\/lalaboralaula.es\/MP182526\/wp-content\/uploads\/2025\/11\/mujer-utilizando-mascara-de-pestanas-glesy.jpg","type":"image\/jpeg"}],"twitter_card":"summary_large_image","twitter_misc":{"Tiempo de lectura":"1 minuto"},"schema":{"@context":"https:\/\/schema.org","@graph":[{"@type":"WebPage","@id":"https:\/\/lalaboralaula.es\/MP182526\/index.php\/producto\/mascara-de-pestanas-glesy\/","url":"https:\/\/lalaboralaula.es\/MP182526\/index.php\/producto\/mascara-de-pestanas-glesy\/","name":"M\u00e1scara de pesta\u00f1as Glesy - Glesy Makeup","isPartOf":{"@id":"https:\/\/lalaboralaula.es\/MP182526\/#website"},"primaryImageOfPage":{"@id":"https:\/\/lalaboralaula.es\/MP182526\/index.php\/producto\/mascara-de-pestanas-glesy\/#primaryimage"},"image":{"@id":"https:\/\/lalaboralaula.es\/MP182526\/index.php\/producto\/mascara-de-pestanas-glesy\/#primaryimage"},"thumbnailUrl":"https:\/\/lalaboralaula.es\/MP182526\/wp-content\/uploads\/2025\/11\/mujer-utilizando-mascara-de-pestanas-glesy.jpg","datePublished":"2025-11-13T18:44:13+00:00","dateModified":"2025-12-04T19:22:33+00:00","description":"M\u00e1scara de pesta\u00f1as en 3 colores de Glesy Makeup. Disponible en negro, rosa y azul. Para todos los gustos. Entra y descubre nuestra tienda.","breadcrumb":{"@id":"https:\/\/lalaboralaula.es\/MP182526\/index.php\/producto\/mascara-de-pestanas-glesy\/#breadcrumb"},"inLanguage":"es","potentialAction":[{"@type":"ReadAction","target":["https:\/\/lalaboralaula.es\/MP182526\/index.php\/producto\/mascara-de-pestanas-glesy\/"]}]},{"@type":"ImageObject","inLanguage":"es","@id":"https:\/\/lalaboralaula.es\/MP182526\/index.php\/producto\/mascara-de-pestanas-glesy\/#primaryimage","url":"https:\/\/lalaboralaula.es\/MP182526\/wp-content\/uploads\/2025\/11\/mujer-utilizando-mascara-de-pestanas-glesy.jpg","contentUrl":"https:\/\/lalaboralaula.es\/MP182526\/wp-content\/uploads\/2025\/11\/mujer-utilizando-mascara-de-pestanas-glesy.jpg","width":721,"height":898,"caption":"mujer utilizando mascara de pesta\u00f1as glesy"},{"@type":"BreadcrumbList","@id":"https:\/\/lalaboralaula.es\/MP182526\/index.php\/producto\/mascara-de-pestanas-glesy\/#breadcrumb","itemListElement":[{"@type":"ListItem","position":1,"name":"Portada","item":"https:\/\/lalaboralaula.es\/MP182526\/"},{"@type":"ListItem","position":2,"name":"Tienda","item":"https:\/\/lalaboralaula.es\/MP182526\/index.php\/tienda\/"},{"@type":"ListItem","position":3,"name":"M\u00e1scara de pesta\u00f1as Glesy"}]},{"@type":"WebSite","@id":"https:\/\/lalaboralaula.es\/MP182526\/#website","url":"https:\/\/lalaboralaula.es\/MP182526\/","name":"Glesy Makeup","description":"S\u00e9 el cambio que quieres ver.","publisher":{"@id":"https:\/\/lalaboralaula.es\/MP182526\/#organization"},"potentialAction":[{"@type":"SearchAction","target":{"@type":"EntryPoint","urlTemplate":"https:\/\/lalaboralaula.es\/MP182526\/?s={search_term_string}"},"query-input":{"@type":"PropertyValueSpecification","valueRequired":true,"valueName":"search_term_string"}}],"inLanguage":"es"},{"@type":"Organization","@id":"https:\/\/lalaboralaula.es\/MP182526\/#organization","name":"Glesy Makeup","url":"https:\/\/lalaboralaula.es\/MP182526\/","logo":{"@type":"ImageObject","inLanguage":"es","@id":"https:\/\/lalaboralaula.es\/MP182526\/#\/schema\/logo\/image\/","url":"https:\/\/lalaboralaula.es\/MP182526\/wp-content\/uploads\/2026\/02\/cropped-glesy-2.png","contentUrl":"https:\/\/lalaboralaula.es\/MP182526\/wp-content\/uploads\/2026\/02\/cropped-glesy-2.png","width":500,"height":159,"caption":"Glesy Makeup"},"image":{"@id":"https:\/\/lalaboralaula.es\/MP182526\/#\/schema\/logo\/image\/"}}]}},"_links":{"self":[{"href":"https:\/\/lalaboralaula.es\/MP182526\/index.php\/wp-json\/wp\/v2\/product\/230","targetHints":{"allow":["GET"]}}],"collection":[{"href":"https:\/\/lalaboralaula.es\/MP182526\/index.php\/wp-json\/wp\/v2\/product"}],"about":[{"href":"https:\/\/lalaboralaula.es\/MP182526\/index.php\/wp-json\/wp\/v2\/types\/product"}],"replies":[{"embeddable":true,"href":"https:\/\/lalaboralaula.es\/MP182526\/index.php\/wp-json\/wp\/v2\/comments?post=230"}],"wp:featuredmedia":[{"embeddable":true,"href":"https:\/\/lalaboralaula.es\/MP182526\/index.php\/wp-json\/wp\/v2\/media\/317"}],"wp:attachment":[{"href":"https:\/\/lalaboralaula.es\/MP182526\/index.php\/wp-json\/wp\/v2\/media?parent=230"}],"wp:term":[{"taxonomy":"product_brand","embeddable":true,"href":"https:\/\/lalaboralaula.es\/MP182526\/index.php\/wp-json\/wp\/v2\/product_brand?post=230"},{"taxonomy":"product_cat","embeddable":true,"href":"https:\/\/lalaboralaula.es\/MP182526\/index.php\/wp-json\/wp\/v2\/product_cat?post=230"},{"taxonomy":"product_tag","embeddable":true,"href":"https:\/\/lalaboralaula.es\/MP182526\/index.php\/wp-json\/wp\/v2\/product_tag?post=230"}],"curies":[{"name":"wp","href":"https:\/\/api.w.org\/{rel}","templated":true}]}}