{"id":20,"date":"2025-10-23T18:58:54","date_gmt":"2025-10-23T16:58:54","guid":{"rendered":"https:\/\/lalaboralaula.es\/MP082526\/?page_id=20"},"modified":"2025-10-23T19:28:39","modified_gmt":"2025-10-23T17:28:39","slug":"sobre-hare","status":"publish","type":"page","link":"https:\/\/lalaboralaula.es\/MP082526\/index.php\/sobre-hare\/","title":{"rendered":"Sobre HARE"},"content":{"rendered":"\n<p>MISI\u00d3N\/VISI\u00d3N\/VALORES<\/p>\n\n\n\n<ul class=\"wp-block-list\">\n<li><strong>Misi\u00f3n:<\/strong>\u00a0<\/li>\n<\/ul>\n\n\n\n<p>&nbsp;Nuestra misi\u00f3n es recopilar la mayor cantidad de clientas y fidelizarlas con objetivo de cubrir gastos a lo largo del a\u00f1o&nbsp;<\/p>\n\n\n\n<ul class=\"wp-block-list\">\n<li><strong>Visi\u00f3n:<\/strong>\u00a0<\/li>\n<\/ul>\n\n\n\n<p>&nbsp;La visi\u00f3n que tenemos es ir consiguiendo beneficios con la idea en mente de expandir nuestro negocio poco a poco hasta llegar a entorno nacional.&nbsp;<\/p>\n\n\n\n<ul class=\"wp-block-list\">\n<li><strong>Valores:<\/strong>\u00a0<\/li>\n<\/ul>\n\n\n\n<p>&nbsp;Nuestros valores son conseguir que cada cliente se sienta a gusto y sepa tratar a sus rizos tal y como se lo merecen, tambi\u00e9n ayudar al medioambiente y por \u00faltimo, pero no menos importante, no usamos productos testados en animales.&nbsp;<\/p>\n\n\n\n<div class=\"wp-block-group alignfull\" style=\"padding-top:var(--wp--preset--spacing--40);padding-right:var(--wp--preset--spacing--30);padding-bottom:var(--wp--preset--spacing--40);padding-left:var(--wp--preset--spacing--30)\"><div class=\"wp-block-group__inner-container is-layout-constrained wp-container-core-group-is-layout-eb524166 wp-block-group-is-layout-constrained\">\n<div class=\"wp-block-group alignwide is-vertical is-content-justification-center is-layout-flex wp-container-core-group-is-layout-734eb2c2 wp-block-group-is-layout-flex\"><h1 class=\"has-link-color wp-elements-9728cce79011b64628d7f6beff066787 wp-block-site-title has-text-color has-contrast-color has-large-font-size\"><a href=\"https:\/\/lalaboralaula.es\/MP082526\" target=\"_self\" rel=\"home\">Fern\u00e1ndez Alvarado, Paula<\/a><\/h1>\n\n<nav class=\"is-responsive items-justified-center wp-block-navigation is-content-justification-center is-layout-flex wp-container-core-navigation-is-layout-64ede673 wp-block-navigation-is-layout-flex\" aria-label=\"Navigation\" \n\t\t data-wp-interactive=\"core\/navigation\" data-wp-context='{\"overlayOpenedBy\":{\"click\":false,\"hover\":false,\"focus\":false},\"type\":\"overlay\",\"roleAttribute\":\"\",\"ariaLabel\":\"Men\\u00fa\"}'><button aria-haspopup=\"dialog\" aria-label=\"Abrir el men\u00fa\" class=\"wp-block-navigation__responsive-container-open\" \n\t\t\t\tdata-wp-on--click=\"actions.openMenuOnClick\"\n\t\t\t\tdata-wp-on--keydown=\"actions.handleMenuKeydown\"\n\t\t\t><svg width=\"24\" height=\"24\" xmlns=\"http:\/\/www.w3.org\/2000\/svg\" viewBox=\"0 0 24 24\" aria-hidden=\"true\" focusable=\"false\"><path d=\"M4 7.5h16v1.5H4z\"><\/path><path d=\"M4 15h16v1.5H4z\"><\/path><\/svg><\/button>\n\t\t\t\t<div class=\"wp-block-navigation__responsive-container\"  id=\"modal-1\" \n\t\t\t\tdata-wp-class--has-modal-open=\"state.isMenuOpen\"\n\t\t\t\tdata-wp-class--is-menu-open=\"state.isMenuOpen\"\n\t\t\t\tdata-wp-watch=\"callbacks.initMenu\"\n\t\t\t\tdata-wp-on--keydown=\"actions.handleMenuKeydown\"\n\t\t\t\tdata-wp-on--focusout=\"actions.handleMenuFocusout\"\n\t\t\t\ttabindex=\"-1\"\n\t\t\t>\n\t\t\t\t\t<div class=\"wp-block-navigation__responsive-close\" tabindex=\"-1\">\n\t\t\t\t\t\t<div class=\"wp-block-navigation__responsive-dialog\" \n\t\t\t\tdata-wp-bind--aria-modal=\"state.ariaModal\"\n\t\t\t\tdata-wp-bind--aria-label=\"state.ariaLabel\"\n\t\t\t\tdata-wp-bind--role=\"state.roleAttribute\"\n\t\t\t>\n\t\t\t\t\t\t\t<button aria-label=\"Cerrar el men\u00fa\" class=\"wp-block-navigation__responsive-container-close\" \n\t\t\t\tdata-wp-on--click=\"actions.closeMenuOnClick\"\n\t\t\t><svg xmlns=\"http:\/\/www.w3.org\/2000\/svg\" viewBox=\"0 0 24 24\" width=\"24\" height=\"24\" aria-hidden=\"true\" focusable=\"false\"><path d=\"m13.06 12 6.47-6.47-1.06-1.06L12 10.94 5.53 4.47 4.47 5.53 10.94 12l-6.47 6.47 1.06 1.06L12 13.06l6.47 6.47 1.06-1.06L13.06 12Z\"><\/path><\/svg><\/button>\n\t\t\t\t\t\t\t<div class=\"wp-block-navigation__responsive-container-content\" \n\t\t\t\tdata-wp-watch=\"callbacks.focusFirstElement\"\n\t\t\t id=\"modal-1-content\">\n\t\t\t\t\t\t\t\t<ul class=\"wp-block-navigation__container is-responsive items-justified-center wp-block-navigation\"><ul class=\"wp-block-page-list\"><li class=\"wp-block-pages-list__item wp-block-navigation-item open-on-hover-click\"><a class=\"wp-block-pages-list__item__link wp-block-navigation-item__content\" href=\"https:\/\/lalaboralaula.es\/MP082526\/index.php\/atencion-al-cliente\/\">Atenci\u00f3n al cliente<\/a><\/li><li class=\"wp-block-pages-list__item wp-block-navigation-item open-on-hover-click\"><a class=\"wp-block-pages-list__item__link wp-block-navigation-item__content\" href=\"https:\/\/lalaboralaula.es\/MP082526\/index.php\/aviso-legal\/\">Aviso legal<\/a><\/li><li class=\"wp-block-pages-list__item wp-block-navigation-item open-on-hover-click\"><a class=\"wp-block-pages-list__item__link wp-block-navigation-item__content\" href=\"https:\/\/lalaboralaula.es\/MP082526\/index.php\/blog\/\">BLOG<\/a><\/li><li class=\"wp-block-pages-list__item wp-block-navigation-item open-on-hover-click\"><a class=\"wp-block-pages-list__item__link wp-block-navigation-item__content\" href=\"https:\/\/lalaboralaula.es\/MP082526\/index.php\/carrito\/\">Carrito<\/a><\/li><li class=\"wp-block-pages-list__item wp-block-navigation-item open-on-hover-click\"><a class=\"wp-block-pages-list__item__link wp-block-navigation-item__content\" href=\"https:\/\/lalaboralaula.es\/MP082526\/index.php\/envios-y-cambios-y-devoluciones\/\">Env\u00edos y cambios y devoluciones<\/a><\/li><li class=\"wp-block-pages-list__item wp-block-navigation-item open-on-hover-click\"><a class=\"wp-block-pages-list__item__link wp-block-navigation-item__content\" href=\"https:\/\/lalaboralaula.es\/MP082526\/index.php\/finalizar-compra\/\">Finalizar compra<\/a><\/li><li class=\"wp-block-pages-list__item wp-block-navigation-item open-on-hover-click menu-item-home\"><a class=\"wp-block-pages-list__item__link wp-block-navigation-item__content\" href=\"https:\/\/lalaboralaula.es\/MP082526\/\">HARE<\/a><\/li><li class=\"wp-block-pages-list__item wp-block-navigation-item open-on-hover-click\"><a class=\"wp-block-pages-list__item__link wp-block-navigation-item__content\" href=\"https:\/\/lalaboralaula.es\/MP082526\/index.php\/mi-cuenta\/\">Mi cuenta<\/a><\/li><li class=\"wp-block-pages-list__item wp-block-navigation-item open-on-hover-click\"><a class=\"wp-block-pages-list__item__link wp-block-navigation-item__content\" href=\"https:\/\/lalaboralaula.es\/MP082526\/index.php\/nuestro-compromiso-con-la-sostenibilidad\/\">NUESTRO COMPROMISO CON LA SOSTENIBILIDAD<\/a><\/li><li class=\"wp-block-pages-list__item wp-block-navigation-item open-on-hover-click\"><a class=\"wp-block-pages-list__item__link wp-block-navigation-item__content\" href=\"https:\/\/lalaboralaula.es\/MP082526\/index.php\/politica-de-cookies-ue\/\">Pol\u00edtica de cookies (UE)<\/a><\/li><li class=\"wp-block-pages-list__item wp-block-navigation-item open-on-hover-click\"><a class=\"wp-block-pages-list__item__link wp-block-navigation-item__content\" href=\"https:\/\/lalaboralaula.es\/MP082526\/index.php\/politica-de-privacidad\/\">Pol\u00edtica de privacidad<\/a><\/li><li class=\"wp-block-pages-list__item wp-block-navigation-item open-on-hover-click\"><a class=\"wp-block-pages-list__item__link wp-block-navigation-item__content\" href=\"https:\/\/lalaboralaula.es\/MP082526\/index.php\/programa-de-afiliados\/\">Programa de afiliados<\/a><\/li><li class=\"wp-block-pages-list__item wp-block-navigation-item open-on-hover-click\"><a class=\"wp-block-pages-list__item__link wp-block-navigation-item__content\" href=\"https:\/\/lalaboralaula.es\/MP082526\/index.php\/promociones-vigentes\/\">Promociones vigentes<\/a><\/li><li class=\"wp-block-pages-list__item wp-block-navigation-item open-on-hover-click\"><a class=\"wp-block-pages-list__item__link wp-block-navigation-item__content\" href=\"https:\/\/lalaboralaula.es\/MP082526\/index.php\/sample-page\/\">Sample Page<\/a><\/li><li class=\"wp-block-pages-list__item wp-block-navigation-item open-on-hover-click\"><a class=\"wp-block-pages-list__item__link wp-block-navigation-item__content\" href=\"https:\/\/lalaboralaula.es\/MP082526\/index.php\/sobre-hare\/\">Sobre HARE<\/a><\/li><li class=\"wp-block-pages-list__item wp-block-navigation-item open-on-hover-click\"><a class=\"wp-block-pages-list__item__link wp-block-navigation-item__content\" href=\"https:\/\/lalaboralaula.es\/MP082526\/index.php\/terminos-y-condiciones-de-uso-y-servicios\/\">T\u00e9rminos y condiciones de uso y servicios<\/a><\/li><li class=\"wp-block-pages-list__item wp-block-navigation-item open-on-hover-click\"><a class=\"wp-block-pages-list__item__link wp-block-navigation-item__content\" href=\"https:\/\/lalaboralaula.es\/MP082526\/index.php\/tienda\/\">Tienda<\/a><\/li><\/ul><\/ul>\n\t\t\t\t\t\t\t<\/div>\n\t\t\t\t\t\t<\/div>\n\t\t\t\t\t<\/div>\n\t\t\t\t<\/div><\/nav><\/div>\n\n\n\n<div class=\"wp-block-columns alignwide are-vertically-aligned-top is-layout-flex wp-container-core-columns-is-layout-08c01c1c wp-block-columns-is-layout-flex\">\n<div class=\"wp-block-column is-vertically-aligned-top is-layout-flow wp-block-column-is-layout-flow\">\n<div class=\"wp-block-group wp-container-content-231d8afb is-vertical is-content-justification-left is-nowrap is-layout-flex wp-container-core-group-is-layout-d439c89b wp-block-group-is-layout-flex\" style=\"margin-top:0;margin-bottom:0\">\n<figure class=\"wp-block-image size-large\"><img loading=\"lazy\" decoding=\"async\" width=\"683\" height=\"1024\" src=\"https:\/\/lalaboralaula.es\/MP082526\/wp-content\/uploads\/2025\/10\/foto1-683x1024.jpg\" alt=\"\" class=\"wp-image-23\" srcset=\"https:\/\/lalaboralaula.es\/MP082526\/wp-content\/uploads\/2025\/10\/foto1-683x1024.jpg 683w, https:\/\/lalaboralaula.es\/MP082526\/wp-content\/uploads\/2025\/10\/foto1-scaled-416x624.jpg 416w, https:\/\/lalaboralaula.es\/MP082526\/wp-content\/uploads\/2025\/10\/foto1-200x300.jpg 200w, https:\/\/lalaboralaula.es\/MP082526\/wp-content\/uploads\/2025\/10\/foto1-768x1152.jpg 768w, https:\/\/lalaboralaula.es\/MP082526\/wp-content\/uploads\/2025\/10\/foto1-1024x1536.jpg 1024w, https:\/\/lalaboralaula.es\/MP082526\/wp-content\/uploads\/2025\/10\/foto1-1365x2048.jpg 1365w, https:\/\/lalaboralaula.es\/MP082526\/wp-content\/uploads\/2025\/10\/foto1-scaled.jpg 1707w\" sizes=\"auto, (max-width: 683px) 100vw, 683px\" \/><\/figure>\n\n\n\n<div class=\"wp-block-group is-vertical is-nowrap is-layout-flex wp-container-core-group-is-layout-5280e479 wp-block-group-is-layout-flex\">\n<p class=\"has-medium-font-size\"><strong>\u201cEnse\u00f1amos a las mujeres a entender sus rizos, no a luchar contra ellos.\u201d<\/strong><\/p>\n<\/div>\n<\/div>\n<\/div>\n\n\n\n<div class=\"wp-block-column is-vertically-aligned-top is-layout-flow wp-block-column-is-layout-flow\">\n<div class=\"wp-block-group wp-container-content-231d8afb is-vertical is-layout-flex wp-container-core-group-is-layout-05b43539 wp-block-group-is-layout-flex\" style=\"margin-top:0;margin-bottom:0\">\n<div class=\"wp-block-group is-vertical is-nowrap is-layout-flex wp-container-core-group-is-layout-5280e479 wp-block-group-is-layout-flex\">\n<div style=\"height:0px\" aria-hidden=\"true\" class=\"wp-block-spacer wp-container-content-f96796aa\"><\/div>\n\n\n\n<p class=\"has-medium-font-size\"><strong>\u201cTu cabello no necesita cambiar, solo necesita que aprendas a escucharlo.\u201d<\/strong><\/p>\n<\/div>\n\n\n\n<figure class=\"wp-block-image size-large\" style=\"font-size:14px\"><img loading=\"lazy\" decoding=\"async\" width=\"683\" height=\"1024\" src=\"https:\/\/lalaboralaula.es\/MP082526\/wp-content\/uploads\/2025\/10\/pexels-polina-tankilevitch-4829011-1-683x1024.jpg\" alt=\"\" class=\"wp-image-24\" srcset=\"https:\/\/lalaboralaula.es\/MP082526\/wp-content\/uploads\/2025\/10\/pexels-polina-tankilevitch-4829011-1-683x1024.jpg 683w, https:\/\/lalaboralaula.es\/MP082526\/wp-content\/uploads\/2025\/10\/pexels-polina-tankilevitch-4829011-1-scaled-416x624.jpg 416w, https:\/\/lalaboralaula.es\/MP082526\/wp-content\/uploads\/2025\/10\/pexels-polina-tankilevitch-4829011-1-200x300.jpg 200w, https:\/\/lalaboralaula.es\/MP082526\/wp-content\/uploads\/2025\/10\/pexels-polina-tankilevitch-4829011-1-768x1152.jpg 768w, https:\/\/lalaboralaula.es\/MP082526\/wp-content\/uploads\/2025\/10\/pexels-polina-tankilevitch-4829011-1-1024x1536.jpg 1024w, https:\/\/lalaboralaula.es\/MP082526\/wp-content\/uploads\/2025\/10\/pexels-polina-tankilevitch-4829011-1-1365x2048.jpg 1365w, https:\/\/lalaboralaula.es\/MP082526\/wp-content\/uploads\/2025\/10\/pexels-polina-tankilevitch-4829011-1-scaled.jpg 1707w\" sizes=\"auto, (max-width: 683px) 100vw, 683px\" \/><\/figure>\n<\/div>\n<\/div>\n<\/div>\n<\/div><\/div>\n\n\n\n<p><\/p>\n","protected":false},"excerpt":{"rendered":"<p>MISI\u00d3N\/VISI\u00d3N\/VALORES &nbsp;Nuestra misi\u00f3n es recopilar la mayor cantidad de clientas y fidelizarlas con objetivo de cubrir gastos a lo largo del a\u00f1o&nbsp; &nbsp;La visi\u00f3n que tenemos es ir consiguiendo beneficios con la idea en mente de expandir nuestro negocio poco a poco hasta llegar a entorno nacional.&nbsp; &nbsp;Nuestros valores son conseguir que cada cliente se [&hellip;]<\/p>\n","protected":false},"author":1,"featured_media":0,"parent":0,"menu_order":0,"comment_status":"closed","ping_status":"closed","template":"template-fullwidth.php","meta":{"footnotes":""},"class_list":["post-20","page","type-page","status-publish","hentry"],"yoast_head":"<!-- This site is optimized with the Yoast SEO plugin v26.8 - https:\/\/yoast.com\/product\/yoast-seo-wordpress\/ -->\n<title>Sobre HARE - Fern\u00e1ndez Alvarado, Paula<\/title>\n<meta name=\"robots\" content=\"index, follow, max-snippet:-1, max-image-preview:large, max-video-preview:-1\" \/>\n<link rel=\"canonical\" href=\"https:\/\/lalaboralaula.es\/MP082526\/index.php\/sobre-hare\/\" \/>\n<meta property=\"og:locale\" content=\"es_ES\" \/>\n<meta property=\"og:type\" content=\"article\" \/>\n<meta property=\"og:title\" content=\"Sobre HARE - Fern\u00e1ndez Alvarado, Paula\" \/>\n<meta property=\"og:description\" content=\"MISI\u00d3N\/VISI\u00d3N\/VALORES &nbsp;Nuestra misi\u00f3n es recopilar la mayor cantidad de clientas y fidelizarlas con objetivo de cubrir gastos a lo largo del a\u00f1o&nbsp; &nbsp;La visi\u00f3n que tenemos es ir consiguiendo beneficios con la idea en mente de expandir nuestro negocio poco a poco hasta llegar a entorno nacional.&nbsp; &nbsp;Nuestros valores son conseguir que cada cliente se [&hellip;]\" \/>\n<meta property=\"og:url\" content=\"https:\/\/lalaboralaula.es\/MP082526\/index.php\/sobre-hare\/\" \/>\n<meta property=\"og:site_name\" content=\"Fern\u00e1ndez Alvarado, Paula\" \/>\n<meta property=\"article:modified_time\" content=\"2025-10-23T17:28:39+00:00\" \/>\n<meta property=\"og:image\" content=\"https:\/\/lalaboralaula.es\/MP082526\/wp-content\/uploads\/2025\/10\/foto1-scaled.jpg\" \/>\n\t<meta property=\"og:image:width\" content=\"1707\" \/>\n\t<meta property=\"og:image:height\" content=\"2560\" \/>\n\t<meta property=\"og:image:type\" content=\"image\/jpeg\" \/>\n<meta name=\"twitter:card\" content=\"summary_large_image\" \/>\n<meta name=\"twitter:label1\" content=\"Tiempo de lectura\" \/>\n\t<meta name=\"twitter:data1\" content=\"1 minuto\" \/>\n<script type=\"application\/ld+json\" class=\"yoast-schema-graph\">{\"@context\":\"https:\/\/schema.org\",\"@graph\":[{\"@type\":\"WebPage\",\"@id\":\"https:\/\/lalaboralaula.es\/MP082526\/index.php\/sobre-hare\/\",\"url\":\"https:\/\/lalaboralaula.es\/MP082526\/index.php\/sobre-hare\/\",\"name\":\"Sobre HARE - Fern\u00e1ndez Alvarado, Paula\",\"isPartOf\":{\"@id\":\"https:\/\/lalaboralaula.es\/MP082526\/#website\"},\"primaryImageOfPage\":{\"@id\":\"https:\/\/lalaboralaula.es\/MP082526\/index.php\/sobre-hare\/#primaryimage\"},\"image\":{\"@id\":\"https:\/\/lalaboralaula.es\/MP082526\/index.php\/sobre-hare\/#primaryimage\"},\"thumbnailUrl\":\"https:\/\/lalaboralaula.es\/MP082526\/wp-content\/uploads\/2025\/10\/foto1-683x1024.jpg\",\"datePublished\":\"2025-10-23T16:58:54+00:00\",\"dateModified\":\"2025-10-23T17:28:39+00:00\",\"breadcrumb\":{\"@id\":\"https:\/\/lalaboralaula.es\/MP082526\/index.php\/sobre-hare\/#breadcrumb\"},\"inLanguage\":\"es\",\"potentialAction\":[{\"@type\":\"ReadAction\",\"target\":[\"https:\/\/lalaboralaula.es\/MP082526\/index.php\/sobre-hare\/\"]}]},{\"@type\":\"ImageObject\",\"inLanguage\":\"es\",\"@id\":\"https:\/\/lalaboralaula.es\/MP082526\/index.php\/sobre-hare\/#primaryimage\",\"url\":\"https:\/\/lalaboralaula.es\/MP082526\/wp-content\/uploads\/2025\/10\/foto1-scaled.jpg\",\"contentUrl\":\"https:\/\/lalaboralaula.es\/MP082526\/wp-content\/uploads\/2025\/10\/foto1-scaled.jpg\",\"width\":1707,\"height\":2560},{\"@type\":\"BreadcrumbList\",\"@id\":\"https:\/\/lalaboralaula.es\/MP082526\/index.php\/sobre-hare\/#breadcrumb\",\"itemListElement\":[{\"@type\":\"ListItem\",\"position\":1,\"name\":\"Portada\",\"item\":\"https:\/\/lalaboralaula.es\/MP082526\/\"},{\"@type\":\"ListItem\",\"position\":2,\"name\":\"Sobre HARE\"}]},{\"@type\":\"WebSite\",\"@id\":\"https:\/\/lalaboralaula.es\/MP082526\/#website\",\"url\":\"https:\/\/lalaboralaula.es\/MP082526\/\",\"name\":\"Fern\u00e1ndez Alvarado, Paula\",\"description\":\"\",\"publisher\":{\"@id\":\"https:\/\/lalaboralaula.es\/MP082526\/#organization\"},\"potentialAction\":[{\"@type\":\"SearchAction\",\"target\":{\"@type\":\"EntryPoint\",\"urlTemplate\":\"https:\/\/lalaboralaula.es\/MP082526\/?s={search_term_string}\"},\"query-input\":{\"@type\":\"PropertyValueSpecification\",\"valueRequired\":true,\"valueName\":\"search_term_string\"}}],\"inLanguage\":\"es\"},{\"@type\":\"Organization\",\"@id\":\"https:\/\/lalaboralaula.es\/MP082526\/#organization\",\"name\":\"Fern\u00e1ndez Alvarado, Paula\",\"url\":\"https:\/\/lalaboralaula.es\/MP082526\/\",\"logo\":{\"@type\":\"ImageObject\",\"inLanguage\":\"es\",\"@id\":\"https:\/\/lalaboralaula.es\/MP082526\/#\/schema\/logo\/image\/\",\"url\":\"https:\/\/lalaboralaula.es\/MP082526\/wp-content\/uploads\/2025\/10\/LOGO-HARE.png\",\"contentUrl\":\"https:\/\/lalaboralaula.es\/MP082526\/wp-content\/uploads\/2025\/10\/LOGO-HARE.png\",\"width\":500,\"height\":500,\"caption\":\"Fern\u00e1ndez Alvarado, Paula\"},\"image\":{\"@id\":\"https:\/\/lalaboralaula.es\/MP082526\/#\/schema\/logo\/image\/\"}}]}<\/script>\n<!-- \/ Yoast SEO plugin. -->","yoast_head_json":{"title":"Sobre HARE - Fern\u00e1ndez Alvarado, Paula","robots":{"index":"index","follow":"follow","max-snippet":"max-snippet:-1","max-image-preview":"max-image-preview:large","max-video-preview":"max-video-preview:-1"},"canonical":"https:\/\/lalaboralaula.es\/MP082526\/index.php\/sobre-hare\/","og_locale":"es_ES","og_type":"article","og_title":"Sobre HARE - Fern\u00e1ndez Alvarado, Paula","og_description":"MISI\u00d3N\/VISI\u00d3N\/VALORES &nbsp;Nuestra misi\u00f3n es recopilar la mayor cantidad de clientas y fidelizarlas con objetivo de cubrir gastos a lo largo del a\u00f1o&nbsp; &nbsp;La visi\u00f3n que tenemos es ir consiguiendo beneficios con la idea en mente de expandir nuestro negocio poco a poco hasta llegar a entorno nacional.&nbsp; &nbsp;Nuestros valores son conseguir que cada cliente se [&hellip;]","og_url":"https:\/\/lalaboralaula.es\/MP082526\/index.php\/sobre-hare\/","og_site_name":"Fern\u00e1ndez Alvarado, Paula","article_modified_time":"2025-10-23T17:28:39+00:00","og_image":[{"width":1707,"height":2560,"url":"https:\/\/lalaboralaula.es\/MP082526\/wp-content\/uploads\/2025\/10\/foto1-scaled.jpg","type":"image\/jpeg"}],"twitter_card":"summary_large_image","twitter_misc":{"Tiempo de lectura":"1 minuto"},"schema":{"@context":"https:\/\/schema.org","@graph":[{"@type":"WebPage","@id":"https:\/\/lalaboralaula.es\/MP082526\/index.php\/sobre-hare\/","url":"https:\/\/lalaboralaula.es\/MP082526\/index.php\/sobre-hare\/","name":"Sobre HARE - Fern\u00e1ndez Alvarado, Paula","isPartOf":{"@id":"https:\/\/lalaboralaula.es\/MP082526\/#website"},"primaryImageOfPage":{"@id":"https:\/\/lalaboralaula.es\/MP082526\/index.php\/sobre-hare\/#primaryimage"},"image":{"@id":"https:\/\/lalaboralaula.es\/MP082526\/index.php\/sobre-hare\/#primaryimage"},"thumbnailUrl":"https:\/\/lalaboralaula.es\/MP082526\/wp-content\/uploads\/2025\/10\/foto1-683x1024.jpg","datePublished":"2025-10-23T16:58:54+00:00","dateModified":"2025-10-23T17:28:39+00:00","breadcrumb":{"@id":"https:\/\/lalaboralaula.es\/MP082526\/index.php\/sobre-hare\/#breadcrumb"},"inLanguage":"es","potentialAction":[{"@type":"ReadAction","target":["https:\/\/lalaboralaula.es\/MP082526\/index.php\/sobre-hare\/"]}]},{"@type":"ImageObject","inLanguage":"es","@id":"https:\/\/lalaboralaula.es\/MP082526\/index.php\/sobre-hare\/#primaryimage","url":"https:\/\/lalaboralaula.es\/MP082526\/wp-content\/uploads\/2025\/10\/foto1-scaled.jpg","contentUrl":"https:\/\/lalaboralaula.es\/MP082526\/wp-content\/uploads\/2025\/10\/foto1-scaled.jpg","width":1707,"height":2560},{"@type":"BreadcrumbList","@id":"https:\/\/lalaboralaula.es\/MP082526\/index.php\/sobre-hare\/#breadcrumb","itemListElement":[{"@type":"ListItem","position":1,"name":"Portada","item":"https:\/\/lalaboralaula.es\/MP082526\/"},{"@type":"ListItem","position":2,"name":"Sobre HARE"}]},{"@type":"WebSite","@id":"https:\/\/lalaboralaula.es\/MP082526\/#website","url":"https:\/\/lalaboralaula.es\/MP082526\/","name":"Fern\u00e1ndez Alvarado, Paula","description":"","publisher":{"@id":"https:\/\/lalaboralaula.es\/MP082526\/#organization"},"potentialAction":[{"@type":"SearchAction","target":{"@type":"EntryPoint","urlTemplate":"https:\/\/lalaboralaula.es\/MP082526\/?s={search_term_string}"},"query-input":{"@type":"PropertyValueSpecification","valueRequired":true,"valueName":"search_term_string"}}],"inLanguage":"es"},{"@type":"Organization","@id":"https:\/\/lalaboralaula.es\/MP082526\/#organization","name":"Fern\u00e1ndez Alvarado, Paula","url":"https:\/\/lalaboralaula.es\/MP082526\/","logo":{"@type":"ImageObject","inLanguage":"es","@id":"https:\/\/lalaboralaula.es\/MP082526\/#\/schema\/logo\/image\/","url":"https:\/\/lalaboralaula.es\/MP082526\/wp-content\/uploads\/2025\/10\/LOGO-HARE.png","contentUrl":"https:\/\/lalaboralaula.es\/MP082526\/wp-content\/uploads\/2025\/10\/LOGO-HARE.png","width":500,"height":500,"caption":"Fern\u00e1ndez Alvarado, Paula"},"image":{"@id":"https:\/\/lalaboralaula.es\/MP082526\/#\/schema\/logo\/image\/"}}]}},"_links":{"self":[{"href":"https:\/\/lalaboralaula.es\/MP082526\/index.php\/wp-json\/wp\/v2\/pages\/20","targetHints":{"allow":["GET"]}}],"collection":[{"href":"https:\/\/lalaboralaula.es\/MP082526\/index.php\/wp-json\/wp\/v2\/pages"}],"about":[{"href":"https:\/\/lalaboralaula.es\/MP082526\/index.php\/wp-json\/wp\/v2\/types\/page"}],"author":[{"embeddable":true,"href":"https:\/\/lalaboralaula.es\/MP082526\/index.php\/wp-json\/wp\/v2\/users\/1"}],"replies":[{"embeddable":true,"href":"https:\/\/lalaboralaula.es\/MP082526\/index.php\/wp-json\/wp\/v2\/comments?post=20"}],"version-history":[{"count":3,"href":"https:\/\/lalaboralaula.es\/MP082526\/index.php\/wp-json\/wp\/v2\/pages\/20\/revisions"}],"predecessor-version":[{"id":289,"href":"https:\/\/lalaboralaula.es\/MP082526\/index.php\/wp-json\/wp\/v2\/pages\/20\/revisions\/289"}],"wp:attachment":[{"href":"https:\/\/lalaboralaula.es\/MP082526\/index.php\/wp-json\/wp\/v2\/media?parent=20"}],"curies":[{"name":"wp","href":"https:\/\/api.w.org\/{rel}","templated":true}]}}