{"id":145,"date":"2024-12-18T18:23:24","date_gmt":"2024-12-18T17:23:24","guid":{"rendered":"https:\/\/lalaboralaula.es\/MP082425\/?post_type=product&#038;p=145"},"modified":"2025-06-21T00:57:18","modified_gmt":"2025-06-20T22:57:18","slug":"pc-gamer-amd-ryzen-5400","status":"publish","type":"product","link":"https:\/\/lalaboralaula.es\/MP082425\/index.php\/producto\/pc-gamer-amd-ryzen-5400\/","title":{"rendered":"PC Gamer AMD Ryzen 5400"},"content":{"rendered":"<p>El ordenador PC Gamer AMD Ryzen 5400, es el ordenador perfecto si buscas el equilibrio \u00f3ptimo entre rendimiento y precio. este PC Gaming de gama media es lo que necesitas para llevar tu experiencia de juego al siguiente nivel. Equipado con componentes de \u00faltima generaci\u00f3n, este equipo es ideal para disfrutar de los juegos m\u00e1s populares a 1080p o 1440p con altos niveles de detalle y fluidez.<\/p>\n<h2><strong>Caracter\u00edsticas destacadas del PC Gamer <a href=\"https:\/\/www.amd.com\/es.html\">AMD<\/a>:<\/strong><\/h2>\n<ul>\n<li><strong>Procesador Intel Core i5 \/ AMD Ryzen 5:<\/strong> Potente y eficiente, capaz de manejar multitareas y juegos exigentes sin esfuerzo.<\/li>\n<li><strong>Tarjeta Gr\u00e1fica NVIDIA GTX 1660 \/ AMD RX 6600:<\/strong> Experiencia visual fluida con gr\u00e1ficos impresionantes y velocidad en juegos de alto rendimiento.<\/li>\n<li><strong>16GB de RAM DDR4:<\/strong> Rendimiento multitarea sin interrupciones, ideal para juegos, streaming y edici\u00f3n ligera.<\/li>\n<li><strong>Almacenamiento SSD de 500GB + HDD de 1TB:<\/strong> Arranques r\u00e1pidos, carga instant\u00e1nea de juegos y amplio espacio para tu biblioteca de juegos.<\/li>\n<li><strong>Refrigeraci\u00f3n avanzada:<\/strong> Mant\u00e9n tu PC a temperaturas \u00f3ptimas incluso en sesiones intensas de gaming.<\/li>\n<\/ul>\n<h2><strong>Dise\u00f1o atractivo:<\/strong><\/h2>\n<p>Con una est\u00e9tica moderna, luces RGB personalizables y una caja espaciosa que asegura una circulaci\u00f3n de aire \u00f3ptima. Este ordenador cuenta con 4 luces de color azul, amarillo, rosa y verde, las cuales puedes personalizar en cualquier momento.<\/p>\n<h2><strong>Rendimiento optimizado para gaming:<\/strong><\/h2>\n<p>Juega t\u00edtulos como <em>Call of Duty<\/em>, <em>Apex Legends<\/em>, <em>Fortnite<\/em>, <em>League of Legends<\/em>\u00a0y m\u00e1s con una calidad gr\u00e1fica impresionante y altas tasas de FPS, todo sin comprometer la estabilidad. Adem\u00e1s, podr\u00e1s cambiar entre modo calidad y modo rendimiento cuando t\u00fa prefieras. \u00a1Tienes un mont\u00f3n de posibilidades!<\/p>\n<p>Este PC Gaming de gama media es ideal para quienes buscan un equipo que ofrezca alto rendimiento sin el precio de un modelo de gama alta. \u00a1Hazte con el tuyo en TecnoGear y lleva tus juegos favoritos a nuevos horizontes de rendimiento y calidad visual!<\/p>\n<p><a href=\"https:\/\/lalaboralaula.es\/MP082425\/\">Descubre m\u00e1s en nuestra p\u00e1gina web<\/a><\/p>\n","protected":false},"excerpt":{"rendered":"<p>El ordenador PC Gamer Ryzen 5400 cuenta con lo \u00faltimo en tecnolog\u00eda para poder jugar a los juegos de \u00faltima generaci\u00f3n sin ning\u00fan tipo de problema, adem\u00e1s de contar con un dise\u00f1o atractivo.<\/p>\n","protected":false},"featured_media":140,"comment_status":"open","ping_status":"closed","template":"","meta":[],"product_brand":[50],"product_cat":[23,19],"product_tag":[25,26,21,27,24,28],"class_list":{"0":"post-145","1":"product","2":"type-product","3":"status-publish","4":"has-post-thumbnail","6":"product_brand-amd","7":"product_cat-amd","8":"product_cat-pc-gamer","9":"product_tag-ordenador","10":"product_tag-ordenador-amd","11":"product_tag-pc","12":"product_tag-pc-amd","13":"product_tag-pc-gamer","14":"product_tag-pc-gamer-amd-ryzen-5400","16":"first","17":"instock","18":"taxable","19":"shipping-taxable","20":"purchasable","21":"product-type-simple"},"yoast_head":"<!-- This site is optimized with the Yoast SEO plugin v27.5 - https:\/\/yoast.com\/product\/yoast-seo-wordpress\/ -->\n<title>PC Gamer AMD Ryzen 5400 - TecnoGear<\/title>\n<meta name=\"description\" content=\"\u00a1Descubre el PC Gamer AMD Ryzen 5400, el cual ser\u00e1 tu nuevo compa\u00f1ero durante largas sesiones de juego con tus amigos o amigas!\" \/>\n<meta name=\"robots\" content=\"index, follow, max-snippet:-1, max-image-preview:large, max-video-preview:-1\" \/>\n<link rel=\"canonical\" href=\"https:\/\/lalaboralaula.es\/MP082425\/index.php\/producto\/pc-gamer-amd-ryzen-5400\/\" \/>\n<meta property=\"og:locale\" content=\"es_ES\" \/>\n<meta property=\"og:type\" content=\"article\" \/>\n<meta property=\"og:title\" content=\"PC Gamer AMD Ryzen 5400 - TecnoGear\" \/>\n<meta property=\"og:description\" content=\"\u00a1Descubre el PC Gamer AMD Ryzen 5400, el cual ser\u00e1 tu nuevo compa\u00f1ero durante largas sesiones de juego con tus amigos o amigas!\" \/>\n<meta property=\"og:url\" content=\"https:\/\/lalaboralaula.es\/MP082425\/index.php\/producto\/pc-gamer-amd-ryzen-5400\/\" \/>\n<meta property=\"og:site_name\" content=\"TecnoGear\" \/>\n<meta property=\"article:modified_time\" content=\"2025-06-20T22:57:18+00:00\" \/>\n<meta property=\"og:image\" content=\"https:\/\/lalaboralaula.es\/MP082425\/wp-content\/uploads\/2024\/12\/gaming-pc-7737628_1280.jpg\" \/>\n\t<meta property=\"og:image:width\" content=\"1280\" \/>\n\t<meta property=\"og:image:height\" content=\"853\" \/>\n\t<meta property=\"og:image:type\" content=\"image\/jpeg\" \/>\n<meta name=\"twitter:card\" content=\"summary_large_image\" \/>\n<meta name=\"twitter:site\" content=\"@gear_tecno42850\" \/>\n<meta name=\"twitter:label1\" content=\"Tiempo de lectura\" \/>\n\t<meta name=\"twitter:data1\" content=\"2 minutos\" \/>\n<script type=\"application\/ld+json\" class=\"yoast-schema-graph\">{\"@context\":\"https:\\\/\\\/schema.org\",\"@graph\":[{\"@type\":\"WebPage\",\"@id\":\"https:\\\/\\\/lalaboralaula.es\\\/MP082425\\\/index.php\\\/producto\\\/pc-gamer-amd-ryzen-5400\\\/\",\"url\":\"https:\\\/\\\/lalaboralaula.es\\\/MP082425\\\/index.php\\\/producto\\\/pc-gamer-amd-ryzen-5400\\\/\",\"name\":\"PC Gamer AMD Ryzen 5400 - TecnoGear\",\"isPartOf\":{\"@id\":\"https:\\\/\\\/lalaboralaula.es\\\/MP082425\\\/#website\"},\"primaryImageOfPage\":{\"@id\":\"https:\\\/\\\/lalaboralaula.es\\\/MP082425\\\/index.php\\\/producto\\\/pc-gamer-amd-ryzen-5400\\\/#primaryimage\"},\"image\":{\"@id\":\"https:\\\/\\\/lalaboralaula.es\\\/MP082425\\\/index.php\\\/producto\\\/pc-gamer-amd-ryzen-5400\\\/#primaryimage\"},\"thumbnailUrl\":\"https:\\\/\\\/lalaboralaula.es\\\/MP082425\\\/wp-content\\\/uploads\\\/2024\\\/12\\\/gaming-pc-7737628_1280.jpg\",\"datePublished\":\"2024-12-18T17:23:24+00:00\",\"dateModified\":\"2025-06-20T22:57:18+00:00\",\"description\":\"\u00a1Descubre el PC Gamer AMD Ryzen 5400, el cual ser\u00e1 tu nuevo compa\u00f1ero durante largas sesiones de juego con tus amigos o amigas!\",\"breadcrumb\":{\"@id\":\"https:\\\/\\\/lalaboralaula.es\\\/MP082425\\\/index.php\\\/producto\\\/pc-gamer-amd-ryzen-5400\\\/#breadcrumb\"},\"inLanguage\":\"es\",\"potentialAction\":[{\"@type\":\"ReadAction\",\"target\":[\"https:\\\/\\\/lalaboralaula.es\\\/MP082425\\\/index.php\\\/producto\\\/pc-gamer-amd-ryzen-5400\\\/\"]}]},{\"@type\":\"ImageObject\",\"inLanguage\":\"es\",\"@id\":\"https:\\\/\\\/lalaboralaula.es\\\/MP082425\\\/index.php\\\/producto\\\/pc-gamer-amd-ryzen-5400\\\/#primaryimage\",\"url\":\"https:\\\/\\\/lalaboralaula.es\\\/MP082425\\\/wp-content\\\/uploads\\\/2024\\\/12\\\/gaming-pc-7737628_1280.jpg\",\"contentUrl\":\"https:\\\/\\\/lalaboralaula.es\\\/MP082425\\\/wp-content\\\/uploads\\\/2024\\\/12\\\/gaming-pc-7737628_1280.jpg\",\"width\":1280,\"height\":853,\"caption\":\"Fotograf\u00eda de un PC Gamer AMD Ryzen 5400 de sobremesa con un mont\u00f3n de luces (azul, amarillo, rosa y verde)\"},{\"@type\":\"BreadcrumbList\",\"@id\":\"https:\\\/\\\/lalaboralaula.es\\\/MP082425\\\/index.php\\\/producto\\\/pc-gamer-amd-ryzen-5400\\\/#breadcrumb\",\"itemListElement\":[{\"@type\":\"ListItem\",\"position\":1,\"name\":\"Portada\",\"item\":\"https:\\\/\\\/lalaboralaula.es\\\/MP082425\\\/\"},{\"@type\":\"ListItem\",\"position\":2,\"name\":\"Tienda\",\"item\":\"https:\\\/\\\/lalaboralaula.es\\\/MP082425\\\/index.php\\\/tienda\\\/\"},{\"@type\":\"ListItem\",\"position\":3,\"name\":\"PC Gamer AMD Ryzen 5400\"}]},{\"@type\":\"WebSite\",\"@id\":\"https:\\\/\\\/lalaboralaula.es\\\/MP082425\\\/#website\",\"url\":\"https:\\\/\\\/lalaboralaula.es\\\/MP082425\\\/\",\"name\":\"TecnoGear\",\"description\":\"Tu tienda de electr\u00f3nica de confianza\",\"publisher\":{\"@id\":\"https:\\\/\\\/lalaboralaula.es\\\/MP082425\\\/#organization\"},\"potentialAction\":[{\"@type\":\"SearchAction\",\"target\":{\"@type\":\"EntryPoint\",\"urlTemplate\":\"https:\\\/\\\/lalaboralaula.es\\\/MP082425\\\/?s={search_term_string}\"},\"query-input\":{\"@type\":\"PropertyValueSpecification\",\"valueRequired\":true,\"valueName\":\"search_term_string\"}}],\"inLanguage\":\"es\"},{\"@type\":\"Organization\",\"@id\":\"https:\\\/\\\/lalaboralaula.es\\\/MP082425\\\/#organization\",\"name\":\"TecnoGear\",\"url\":\"https:\\\/\\\/lalaboralaula.es\\\/MP082425\\\/\",\"logo\":{\"@type\":\"ImageObject\",\"inLanguage\":\"es\",\"@id\":\"https:\\\/\\\/lalaboralaula.es\\\/MP082425\\\/#\\\/schema\\\/logo\\\/image\\\/\",\"url\":\"https:\\\/\\\/lalaboralaula.es\\\/MP082425\\\/wp-content\\\/uploads\\\/2024\\\/12\\\/Logotipo-TecnoGear-en-pequeno-1.png\",\"contentUrl\":\"https:\\\/\\\/lalaboralaula.es\\\/MP082425\\\/wp-content\\\/uploads\\\/2024\\\/12\\\/Logotipo-TecnoGear-en-pequeno-1.png\",\"width\":127,\"height\":75,\"caption\":\"TecnoGear\"},\"image\":{\"@id\":\"https:\\\/\\\/lalaboralaula.es\\\/MP082425\\\/#\\\/schema\\\/logo\\\/image\\\/\"},\"sameAs\":[\"https:\\\/\\\/x.com\\\/gear_tecno42850\",\"https:\\\/\\\/www.instagram.com\\\/tecnogear2003\\\/\"]}]}<\/script>\n<!-- \/ Yoast SEO plugin. -->","yoast_head_json":{"title":"PC Gamer AMD Ryzen 5400 - TecnoGear","description":"\u00a1Descubre el PC Gamer AMD Ryzen 5400, el cual ser\u00e1 tu nuevo compa\u00f1ero durante largas sesiones de juego con tus amigos o amigas!","robots":{"index":"index","follow":"follow","max-snippet":"max-snippet:-1","max-image-preview":"max-image-preview:large","max-video-preview":"max-video-preview:-1"},"canonical":"https:\/\/lalaboralaula.es\/MP082425\/index.php\/producto\/pc-gamer-amd-ryzen-5400\/","og_locale":"es_ES","og_type":"article","og_title":"PC Gamer AMD Ryzen 5400 - TecnoGear","og_description":"\u00a1Descubre el PC Gamer AMD Ryzen 5400, el cual ser\u00e1 tu nuevo compa\u00f1ero durante largas sesiones de juego con tus amigos o amigas!","og_url":"https:\/\/lalaboralaula.es\/MP082425\/index.php\/producto\/pc-gamer-amd-ryzen-5400\/","og_site_name":"TecnoGear","article_modified_time":"2025-06-20T22:57:18+00:00","og_image":[{"width":1280,"height":853,"url":"https:\/\/lalaboralaula.es\/MP082425\/wp-content\/uploads\/2024\/12\/gaming-pc-7737628_1280.jpg","type":"image\/jpeg"}],"twitter_card":"summary_large_image","twitter_site":"@gear_tecno42850","twitter_misc":{"Tiempo de lectura":"2 minutos"},"schema":{"@context":"https:\/\/schema.org","@graph":[{"@type":"WebPage","@id":"https:\/\/lalaboralaula.es\/MP082425\/index.php\/producto\/pc-gamer-amd-ryzen-5400\/","url":"https:\/\/lalaboralaula.es\/MP082425\/index.php\/producto\/pc-gamer-amd-ryzen-5400\/","name":"PC Gamer AMD Ryzen 5400 - TecnoGear","isPartOf":{"@id":"https:\/\/lalaboralaula.es\/MP082425\/#website"},"primaryImageOfPage":{"@id":"https:\/\/lalaboralaula.es\/MP082425\/index.php\/producto\/pc-gamer-amd-ryzen-5400\/#primaryimage"},"image":{"@id":"https:\/\/lalaboralaula.es\/MP082425\/index.php\/producto\/pc-gamer-amd-ryzen-5400\/#primaryimage"},"thumbnailUrl":"https:\/\/lalaboralaula.es\/MP082425\/wp-content\/uploads\/2024\/12\/gaming-pc-7737628_1280.jpg","datePublished":"2024-12-18T17:23:24+00:00","dateModified":"2025-06-20T22:57:18+00:00","description":"\u00a1Descubre el PC Gamer AMD Ryzen 5400, el cual ser\u00e1 tu nuevo compa\u00f1ero durante largas sesiones de juego con tus amigos o amigas!","breadcrumb":{"@id":"https:\/\/lalaboralaula.es\/MP082425\/index.php\/producto\/pc-gamer-amd-ryzen-5400\/#breadcrumb"},"inLanguage":"es","potentialAction":[{"@type":"ReadAction","target":["https:\/\/lalaboralaula.es\/MP082425\/index.php\/producto\/pc-gamer-amd-ryzen-5400\/"]}]},{"@type":"ImageObject","inLanguage":"es","@id":"https:\/\/lalaboralaula.es\/MP082425\/index.php\/producto\/pc-gamer-amd-ryzen-5400\/#primaryimage","url":"https:\/\/lalaboralaula.es\/MP082425\/wp-content\/uploads\/2024\/12\/gaming-pc-7737628_1280.jpg","contentUrl":"https:\/\/lalaboralaula.es\/MP082425\/wp-content\/uploads\/2024\/12\/gaming-pc-7737628_1280.jpg","width":1280,"height":853,"caption":"Fotograf\u00eda de un PC Gamer AMD Ryzen 5400 de sobremesa con un mont\u00f3n de luces (azul, amarillo, rosa y verde)"},{"@type":"BreadcrumbList","@id":"https:\/\/lalaboralaula.es\/MP082425\/index.php\/producto\/pc-gamer-amd-ryzen-5400\/#breadcrumb","itemListElement":[{"@type":"ListItem","position":1,"name":"Portada","item":"https:\/\/lalaboralaula.es\/MP082425\/"},{"@type":"ListItem","position":2,"name":"Tienda","item":"https:\/\/lalaboralaula.es\/MP082425\/index.php\/tienda\/"},{"@type":"ListItem","position":3,"name":"PC Gamer AMD Ryzen 5400"}]},{"@type":"WebSite","@id":"https:\/\/lalaboralaula.es\/MP082425\/#website","url":"https:\/\/lalaboralaula.es\/MP082425\/","name":"TecnoGear","description":"Tu tienda de electr\u00f3nica de confianza","publisher":{"@id":"https:\/\/lalaboralaula.es\/MP082425\/#organization"},"potentialAction":[{"@type":"SearchAction","target":{"@type":"EntryPoint","urlTemplate":"https:\/\/lalaboralaula.es\/MP082425\/?s={search_term_string}"},"query-input":{"@type":"PropertyValueSpecification","valueRequired":true,"valueName":"search_term_string"}}],"inLanguage":"es"},{"@type":"Organization","@id":"https:\/\/lalaboralaula.es\/MP082425\/#organization","name":"TecnoGear","url":"https:\/\/lalaboralaula.es\/MP082425\/","logo":{"@type":"ImageObject","inLanguage":"es","@id":"https:\/\/lalaboralaula.es\/MP082425\/#\/schema\/logo\/image\/","url":"https:\/\/lalaboralaula.es\/MP082425\/wp-content\/uploads\/2024\/12\/Logotipo-TecnoGear-en-pequeno-1.png","contentUrl":"https:\/\/lalaboralaula.es\/MP082425\/wp-content\/uploads\/2024\/12\/Logotipo-TecnoGear-en-pequeno-1.png","width":127,"height":75,"caption":"TecnoGear"},"image":{"@id":"https:\/\/lalaboralaula.es\/MP082425\/#\/schema\/logo\/image\/"},"sameAs":["https:\/\/x.com\/gear_tecno42850","https:\/\/www.instagram.com\/tecnogear2003\/"]}]}},"_links":{"self":[{"href":"https:\/\/lalaboralaula.es\/MP082425\/index.php\/wp-json\/wp\/v2\/product\/145","targetHints":{"allow":["GET"]}}],"collection":[{"href":"https:\/\/lalaboralaula.es\/MP082425\/index.php\/wp-json\/wp\/v2\/product"}],"about":[{"href":"https:\/\/lalaboralaula.es\/MP082425\/index.php\/wp-json\/wp\/v2\/types\/product"}],"replies":[{"embeddable":true,"href":"https:\/\/lalaboralaula.es\/MP082425\/index.php\/wp-json\/wp\/v2\/comments?post=145"}],"wp:featuredmedia":[{"embeddable":true,"href":"https:\/\/lalaboralaula.es\/MP082425\/index.php\/wp-json\/wp\/v2\/media\/140"}],"wp:attachment":[{"href":"https:\/\/lalaboralaula.es\/MP082425\/index.php\/wp-json\/wp\/v2\/media?parent=145"}],"wp:term":[{"taxonomy":"product_brand","embeddable":true,"href":"https:\/\/lalaboralaula.es\/MP082425\/index.php\/wp-json\/wp\/v2\/product_brand?post=145"},{"taxonomy":"product_cat","embeddable":true,"href":"https:\/\/lalaboralaula.es\/MP082425\/index.php\/wp-json\/wp\/v2\/product_cat?post=145"},{"taxonomy":"product_tag","embeddable":true,"href":"https:\/\/lalaboralaula.es\/MP082425\/index.php\/wp-json\/wp\/v2\/product_tag?post=145"}],"curies":[{"name":"wp","href":"https:\/\/api.w.org\/{rel}","templated":true}]}}