{"id":20,"date":"2025-10-15T18:13:29","date_gmt":"2025-10-15T18:13:29","guid":{"rendered":"https:\/\/lalaboralaula.es\/MP012526\/?page_id=20"},"modified":"2025-10-23T17:06:14","modified_gmt":"2025-10-23T17:06:14","slug":"sobre-nosotros","status":"publish","type":"page","link":"https:\/\/lalaboralaula.es\/MP012526\/index.php\/sobre-nosotros\/","title":{"rendered":"Sobre nosotros"},"content":{"rendered":"\n<h3 class=\"wp-block-heading\"> <strong>Misi\u00f3n<\/strong><\/h3>\n\n\n\n<p>Crear joyas \u00fanicas y personalizadas que reflejen la esencia de cada persona, celebrando su historia, estilo y autenticidad. Dise\u00f1amos piezas que no solo embellecen, sino que tambi\u00e9n inspiran confianza y conexi\u00f3n, haciendo que cada persona, sin importar su origen, g\u00e9nero o edad, se sienta representada y especial.<\/p>\n\n\n\n<hr class=\"wp-block-separator has-alpha-channel-opacity\"\/>\n\n\n\n<h3 class=\"wp-block-heading\"><strong>Visi\u00f3n<\/strong><\/h3>\n\n\n\n<p>Ser la marca de joyer\u00eda referente en dise\u00f1o inclusivo y personalizado, reconocida por transformar la joya en un s\u00edmbolo de identidad y autoexpresi\u00f3n. Queremos un mundo donde todos puedan lucir piezas que hablen de qui\u00e9nes son, sin etiquetas ni l\u00edmites, combinando creatividad, accesibilidad y sostenibilidad.<\/p>\n\n\n\n<hr class=\"wp-block-separator has-alpha-channel-opacity\"\/>\n\n\n\n<h3 class=\"wp-block-heading\"> <strong>Valores<\/strong><\/h3>\n\n\n\n<p><strong>1. Autenticidad:<\/strong><br>Cada joya cuenta una historia \u00fanica; celebramos la individualidad y la autoexpresi\u00f3n.<\/p>\n\n\n\n<p><strong>2. Inclusi\u00f3n:<\/strong><br>Dise\u00f1amos para todos: sin g\u00e9nero, sin estereotipos, sin fronteras. Queremos que cada persona se sienta bienvenida y reflejada.<\/p>\n\n\n\n<p><strong>3. Creatividad:<\/strong><br>Exploramos materiales, formas y combinaciones innovadoras para crear piezas diferentes y con alma.<\/p>\n\n\n\n<p><strong>4. Calidad con prop\u00f3sito:<\/strong><br>Cuidamos cada detalle \u2014 desde el dise\u00f1o hasta la fabricaci\u00f3n \u2014 buscando equilibrio entre belleza, durabilidad y responsabilidad.<\/p>\n\n\n\n<p><strong>5. Conexi\u00f3n emocional:<\/strong><br>Nuestras joyas son m\u00e1s que accesorios: son un recordatorio de lo que te hace \u00fanico y de lo que compartes con el mundo.<\/p>\n","protected":false},"excerpt":{"rendered":"<p>Misi\u00f3n Crear joyas \u00fanicas y personalizadas que reflejen la esencia de cada persona, celebrando su historia, estilo y autenticidad. Dise\u00f1amos piezas que no solo embellecen, sino que tambi\u00e9n inspiran confianza y conexi\u00f3n, haciendo que cada persona, sin importar su origen, g\u00e9nero o edad, se sienta representada y especial. Visi\u00f3n Ser la marca de joyer\u00eda referente [&hellip;]<\/p>\n","protected":false},"author":1,"featured_media":0,"parent":0,"menu_order":0,"comment_status":"closed","ping_status":"closed","template":"","meta":{"footnotes":""},"class_list":["post-20","page","type-page","status-publish","hentry"],"yoast_head":"<!-- This site is optimized with the Yoast SEO plugin v27.3 - https:\/\/yoast.com\/product\/yoast-seo-wordpress\/ -->\n<title>Sobre nosotros - BLOSSMI<\/title>\n<meta name=\"robots\" content=\"index, follow, max-snippet:-1, max-image-preview:large, max-video-preview:-1\" \/>\n<link rel=\"canonical\" href=\"https:\/\/lalaboralaula.es\/MP012526\/index.php\/sobre-nosotros\/\" \/>\n<meta property=\"og:locale\" content=\"es_ES\" \/>\n<meta property=\"og:type\" content=\"article\" \/>\n<meta property=\"og:title\" content=\"Sobre nosotros - BLOSSMI\" \/>\n<meta property=\"og:description\" content=\"Misi\u00f3n Crear joyas \u00fanicas y personalizadas que reflejen la esencia de cada persona, celebrando su historia, estilo y autenticidad. Dise\u00f1amos piezas que no solo embellecen, sino que tambi\u00e9n inspiran confianza y conexi\u00f3n, haciendo que cada persona, sin importar su origen, g\u00e9nero o edad, se sienta representada y especial. Visi\u00f3n Ser la marca de joyer\u00eda referente [&hellip;]\" \/>\n<meta property=\"og:url\" content=\"https:\/\/lalaboralaula.es\/MP012526\/index.php\/sobre-nosotros\/\" \/>\n<meta property=\"og:site_name\" content=\"BLOSSMI\" \/>\n<meta property=\"article:modified_time\" content=\"2025-10-23T17:06:14+00:00\" \/>\n<meta name=\"twitter:card\" content=\"summary_large_image\" \/>\n<meta name=\"twitter:label1\" content=\"Tiempo de lectura\" \/>\n\t<meta name=\"twitter:data1\" content=\"1 minuto\" \/>\n<script type=\"application\/ld+json\" class=\"yoast-schema-graph\">{\"@context\":\"https:\\\/\\\/schema.org\",\"@graph\":[{\"@type\":\"WebPage\",\"@id\":\"https:\\\/\\\/lalaboralaula.es\\\/MP012526\\\/index.php\\\/sobre-nosotros\\\/\",\"url\":\"https:\\\/\\\/lalaboralaula.es\\\/MP012526\\\/index.php\\\/sobre-nosotros\\\/\",\"name\":\"Sobre nosotros - BLOSSMI\",\"isPartOf\":{\"@id\":\"https:\\\/\\\/lalaboralaula.es\\\/MP012526\\\/#website\"},\"datePublished\":\"2025-10-15T18:13:29+00:00\",\"dateModified\":\"2025-10-23T17:06:14+00:00\",\"breadcrumb\":{\"@id\":\"https:\\\/\\\/lalaboralaula.es\\\/MP012526\\\/index.php\\\/sobre-nosotros\\\/#breadcrumb\"},\"inLanguage\":\"es\",\"potentialAction\":[{\"@type\":\"ReadAction\",\"target\":[\"https:\\\/\\\/lalaboralaula.es\\\/MP012526\\\/index.php\\\/sobre-nosotros\\\/\"]}]},{\"@type\":\"BreadcrumbList\",\"@id\":\"https:\\\/\\\/lalaboralaula.es\\\/MP012526\\\/index.php\\\/sobre-nosotros\\\/#breadcrumb\",\"itemListElement\":[{\"@type\":\"ListItem\",\"position\":1,\"name\":\"Portada\",\"item\":\"https:\\\/\\\/lalaboralaula.es\\\/MP012526\\\/\"},{\"@type\":\"ListItem\",\"position\":2,\"name\":\"Sobre nosotros\"}]},{\"@type\":\"WebSite\",\"@id\":\"https:\\\/\\\/lalaboralaula.es\\\/MP012526\\\/#website\",\"url\":\"https:\\\/\\\/lalaboralaula.es\\\/MP012526\\\/\",\"name\":\"BLOSSMI\",\"description\":\"El arte de lo esencial\",\"publisher\":{\"@id\":\"https:\\\/\\\/lalaboralaula.es\\\/MP012526\\\/#organization\"},\"potentialAction\":[{\"@type\":\"SearchAction\",\"target\":{\"@type\":\"EntryPoint\",\"urlTemplate\":\"https:\\\/\\\/lalaboralaula.es\\\/MP012526\\\/?s={search_term_string}\"},\"query-input\":{\"@type\":\"PropertyValueSpecification\",\"valueRequired\":true,\"valueName\":\"search_term_string\"}}],\"inLanguage\":\"es\"},{\"@type\":\"Organization\",\"@id\":\"https:\\\/\\\/lalaboralaula.es\\\/MP012526\\\/#organization\",\"name\":\"BLOSSMI\",\"url\":\"https:\\\/\\\/lalaboralaula.es\\\/MP012526\\\/\",\"logo\":{\"@type\":\"ImageObject\",\"inLanguage\":\"es\",\"@id\":\"https:\\\/\\\/lalaboralaula.es\\\/MP012526\\\/#\\\/schema\\\/logo\\\/image\\\/\",\"url\":\"https:\\\/\\\/lalaboralaula.es\\\/MP012526\\\/wp-content\\\/uploads\\\/2026\\\/01\\\/cropped-generated-image-removebg-preview.png\",\"contentUrl\":\"https:\\\/\\\/lalaboralaula.es\\\/MP012526\\\/wp-content\\\/uploads\\\/2026\\\/01\\\/cropped-generated-image-removebg-preview.png\",\"width\":499,\"height\":118,\"caption\":\"BLOSSMI\"},\"image\":{\"@id\":\"https:\\\/\\\/lalaboralaula.es\\\/MP012526\\\/#\\\/schema\\\/logo\\\/image\\\/\"}}]}<\/script>\n<!-- \/ Yoast SEO plugin. -->","yoast_head_json":{"title":"Sobre nosotros - BLOSSMI","robots":{"index":"index","follow":"follow","max-snippet":"max-snippet:-1","max-image-preview":"max-image-preview:large","max-video-preview":"max-video-preview:-1"},"canonical":"https:\/\/lalaboralaula.es\/MP012526\/index.php\/sobre-nosotros\/","og_locale":"es_ES","og_type":"article","og_title":"Sobre nosotros - BLOSSMI","og_description":"Misi\u00f3n Crear joyas \u00fanicas y personalizadas que reflejen la esencia de cada persona, celebrando su historia, estilo y autenticidad. Dise\u00f1amos piezas que no solo embellecen, sino que tambi\u00e9n inspiran confianza y conexi\u00f3n, haciendo que cada persona, sin importar su origen, g\u00e9nero o edad, se sienta representada y especial. Visi\u00f3n Ser la marca de joyer\u00eda referente [&hellip;]","og_url":"https:\/\/lalaboralaula.es\/MP012526\/index.php\/sobre-nosotros\/","og_site_name":"BLOSSMI","article_modified_time":"2025-10-23T17:06:14+00:00","twitter_card":"summary_large_image","twitter_misc":{"Tiempo de lectura":"1 minuto"},"schema":{"@context":"https:\/\/schema.org","@graph":[{"@type":"WebPage","@id":"https:\/\/lalaboralaula.es\/MP012526\/index.php\/sobre-nosotros\/","url":"https:\/\/lalaboralaula.es\/MP012526\/index.php\/sobre-nosotros\/","name":"Sobre nosotros - BLOSSMI","isPartOf":{"@id":"https:\/\/lalaboralaula.es\/MP012526\/#website"},"datePublished":"2025-10-15T18:13:29+00:00","dateModified":"2025-10-23T17:06:14+00:00","breadcrumb":{"@id":"https:\/\/lalaboralaula.es\/MP012526\/index.php\/sobre-nosotros\/#breadcrumb"},"inLanguage":"es","potentialAction":[{"@type":"ReadAction","target":["https:\/\/lalaboralaula.es\/MP012526\/index.php\/sobre-nosotros\/"]}]},{"@type":"BreadcrumbList","@id":"https:\/\/lalaboralaula.es\/MP012526\/index.php\/sobre-nosotros\/#breadcrumb","itemListElement":[{"@type":"ListItem","position":1,"name":"Portada","item":"https:\/\/lalaboralaula.es\/MP012526\/"},{"@type":"ListItem","position":2,"name":"Sobre nosotros"}]},{"@type":"WebSite","@id":"https:\/\/lalaboralaula.es\/MP012526\/#website","url":"https:\/\/lalaboralaula.es\/MP012526\/","name":"BLOSSMI","description":"El arte de lo esencial","publisher":{"@id":"https:\/\/lalaboralaula.es\/MP012526\/#organization"},"potentialAction":[{"@type":"SearchAction","target":{"@type":"EntryPoint","urlTemplate":"https:\/\/lalaboralaula.es\/MP012526\/?s={search_term_string}"},"query-input":{"@type":"PropertyValueSpecification","valueRequired":true,"valueName":"search_term_string"}}],"inLanguage":"es"},{"@type":"Organization","@id":"https:\/\/lalaboralaula.es\/MP012526\/#organization","name":"BLOSSMI","url":"https:\/\/lalaboralaula.es\/MP012526\/","logo":{"@type":"ImageObject","inLanguage":"es","@id":"https:\/\/lalaboralaula.es\/MP012526\/#\/schema\/logo\/image\/","url":"https:\/\/lalaboralaula.es\/MP012526\/wp-content\/uploads\/2026\/01\/cropped-generated-image-removebg-preview.png","contentUrl":"https:\/\/lalaboralaula.es\/MP012526\/wp-content\/uploads\/2026\/01\/cropped-generated-image-removebg-preview.png","width":499,"height":118,"caption":"BLOSSMI"},"image":{"@id":"https:\/\/lalaboralaula.es\/MP012526\/#\/schema\/logo\/image\/"}}]}},"_links":{"self":[{"href":"https:\/\/lalaboralaula.es\/MP012526\/index.php\/wp-json\/wp\/v2\/pages\/20","targetHints":{"allow":["GET"]}}],"collection":[{"href":"https:\/\/lalaboralaula.es\/MP012526\/index.php\/wp-json\/wp\/v2\/pages"}],"about":[{"href":"https:\/\/lalaboralaula.es\/MP012526\/index.php\/wp-json\/wp\/v2\/types\/page"}],"author":[{"embeddable":true,"href":"https:\/\/lalaboralaula.es\/MP012526\/index.php\/wp-json\/wp\/v2\/users\/1"}],"replies":[{"embeddable":true,"href":"https:\/\/lalaboralaula.es\/MP012526\/index.php\/wp-json\/wp\/v2\/comments?post=20"}],"version-history":[{"count":3,"href":"https:\/\/lalaboralaula.es\/MP012526\/index.php\/wp-json\/wp\/v2\/pages\/20\/revisions"}],"predecessor-version":[{"id":56,"href":"https:\/\/lalaboralaula.es\/MP012526\/index.php\/wp-json\/wp\/v2\/pages\/20\/revisions\/56"}],"wp:attachment":[{"href":"https:\/\/lalaboralaula.es\/MP012526\/index.php\/wp-json\/wp\/v2\/media?parent=20"}],"curies":[{"name":"wp","href":"https:\/\/api.w.org\/{rel}","templated":true}]}}