{"id":156,"date":"2025-11-07T17:58:08","date_gmt":"2025-11-07T16:58:08","guid":{"rendered":"https:\/\/lalaboralaula.es\/GV092526\/?post_type=product&#038;p=156"},"modified":"2025-11-07T17:58:08","modified_gmt":"2025-11-07T16:58:08","slug":"pack-singles-day","status":"publish","type":"product","link":"https:\/\/lalaboralaula.es\/GV092526\/index.php\/producto\/pack-singles-day\/","title":{"rendered":"Pack Singles Day"},"content":{"rendered":"<p>PACK DUO SINGLES DAYS: ESTILO Y CONTRASTE INIGUALABLE Elige la combinaci\u00f3n de moda definitiva con nuestro Pack D\u00fao Exclusivo Algodonna. Es la forma perfecta de celebrar el Singles Days, tanto si buscas un regalo para ti como si quieres un match sutil con tu persona favorita. Este pack combina la esencia minimalista de la camiseta blanca (tu base esencial para cualquier look) con la personalidad art\u00edstica de la camiseta negra con ilustraci\u00f3n (tu declaraci\u00f3n de estilo). Ambas prendas est\u00e1n confeccionadas en 100% algod\u00f3n premium, ofreciendo comodidad superior y un corte unisex ideal. Aprovecha nuestra Oferta Rel\u00e1mpago 11% de descuento solo por tiempo limitado. \u00a1Viste tu complicidad con este d\u00fao perfecto antes de que se agoten!<\/p>\n","protected":false},"excerpt":{"rendered":"<p>Pack Singles Days compuesto por dos camisetas llamadas Dakotta y Judith, b\u00e1sicas y c\u00f3modas.<\/p>\n","protected":false},"featured_media":157,"comment_status":"open","ping_status":"closed","template":"","meta":[],"product_brand":[],"product_cat":[24,25],"product_tag":[21,26,27],"class_list":{"0":"post-156","1":"product","2":"type-product","3":"status-publish","4":"has-post-thumbnail","6":"product_cat-kit","7":"product_cat-kit-singles-day","8":"product_tag-camiseta","9":"product_tag-comoda","10":"product_tag-kit","12":"first","13":"instock","14":"taxable","15":"shipping-taxable","16":"product-type-grouped"},"yoast_head":"<!-- This site is optimized with the Yoast SEO plugin v27.3 - https:\/\/yoast.com\/product\/yoast-seo-wordpress\/ -->\n<title>Pack Singles Day - ALGODONNA STYLE<\/title>\n<meta name=\"robots\" content=\"index, follow, max-snippet:-1, max-image-preview:large, max-video-preview:-1\" \/>\n<link rel=\"canonical\" href=\"https:\/\/lalaboralaula.es\/GV092526\/index.php\/producto\/pack-singles-day\/\" \/>\n<meta property=\"og:locale\" content=\"es_ES\" \/>\n<meta property=\"og:type\" content=\"article\" \/>\n<meta property=\"og:title\" content=\"Pack Singles Day - ALGODONNA STYLE\" \/>\n<meta property=\"og:description\" content=\"Pack Singles Days compuesto por dos camisetas llamadas Dakotta y Judith, b\u00e1sicas y c\u00f3modas.\" \/>\n<meta property=\"og:url\" content=\"https:\/\/lalaboralaula.es\/GV092526\/index.php\/producto\/pack-singles-day\/\" \/>\n<meta property=\"og:site_name\" content=\"ALGODONNA STYLE\" \/>\n<meta property=\"og:image\" content=\"https:\/\/lalaboralaula.es\/GV092526\/wp-content\/uploads\/2025\/11\/packsingles-day.jpg\" \/>\n\t<meta property=\"og:image:width\" content=\"378\" \/>\n\t<meta property=\"og:image:height\" content=\"379\" \/>\n\t<meta property=\"og:image:type\" content=\"image\/jpeg\" \/>\n<meta name=\"twitter:card\" content=\"summary_large_image\" \/>\n<meta name=\"twitter:label1\" content=\"Tiempo de lectura\" \/>\n\t<meta name=\"twitter:data1\" content=\"1 minuto\" \/>\n<script type=\"application\/ld+json\" class=\"yoast-schema-graph\">{\"@context\":\"https:\\\/\\\/schema.org\",\"@graph\":[{\"@type\":\"WebPage\",\"@id\":\"https:\\\/\\\/lalaboralaula.es\\\/GV092526\\\/index.php\\\/producto\\\/pack-singles-day\\\/\",\"url\":\"https:\\\/\\\/lalaboralaula.es\\\/GV092526\\\/index.php\\\/producto\\\/pack-singles-day\\\/\",\"name\":\"Pack Singles Day - ALGODONNA STYLE\",\"isPartOf\":{\"@id\":\"https:\\\/\\\/lalaboralaula.es\\\/GV092526\\\/#website\"},\"primaryImageOfPage\":{\"@id\":\"https:\\\/\\\/lalaboralaula.es\\\/GV092526\\\/index.php\\\/producto\\\/pack-singles-day\\\/#primaryimage\"},\"image\":{\"@id\":\"https:\\\/\\\/lalaboralaula.es\\\/GV092526\\\/index.php\\\/producto\\\/pack-singles-day\\\/#primaryimage\"},\"thumbnailUrl\":\"https:\\\/\\\/lalaboralaula.es\\\/GV092526\\\/wp-content\\\/uploads\\\/2025\\\/11\\\/packsingles-day.jpg\",\"datePublished\":\"2025-11-07T16:58:08+00:00\",\"breadcrumb\":{\"@id\":\"https:\\\/\\\/lalaboralaula.es\\\/GV092526\\\/index.php\\\/producto\\\/pack-singles-day\\\/#breadcrumb\"},\"inLanguage\":\"es\",\"potentialAction\":[{\"@type\":\"ReadAction\",\"target\":[\"https:\\\/\\\/lalaboralaula.es\\\/GV092526\\\/index.php\\\/producto\\\/pack-singles-day\\\/\"]}]},{\"@type\":\"ImageObject\",\"inLanguage\":\"es\",\"@id\":\"https:\\\/\\\/lalaboralaula.es\\\/GV092526\\\/index.php\\\/producto\\\/pack-singles-day\\\/#primaryimage\",\"url\":\"https:\\\/\\\/lalaboralaula.es\\\/GV092526\\\/wp-content\\\/uploads\\\/2025\\\/11\\\/packsingles-day.jpg\",\"contentUrl\":\"https:\\\/\\\/lalaboralaula.es\\\/GV092526\\\/wp-content\\\/uploads\\\/2025\\\/11\\\/packsingles-day.jpg\",\"width\":378,\"height\":379},{\"@type\":\"BreadcrumbList\",\"@id\":\"https:\\\/\\\/lalaboralaula.es\\\/GV092526\\\/index.php\\\/producto\\\/pack-singles-day\\\/#breadcrumb\",\"itemListElement\":[{\"@type\":\"ListItem\",\"position\":1,\"name\":\"Portada\",\"item\":\"https:\\\/\\\/lalaboralaula.es\\\/GV092526\\\/\"},{\"@type\":\"ListItem\",\"position\":2,\"name\":\"Tienda\",\"item\":\"https:\\\/\\\/lalaboralaula.es\\\/GV092526\\\/index.php\\\/tienda\\\/\"},{\"@type\":\"ListItem\",\"position\":3,\"name\":\"Pack Singles Day\"}]},{\"@type\":\"WebSite\",\"@id\":\"https:\\\/\\\/lalaboralaula.es\\\/GV092526\\\/#website\",\"url\":\"https:\\\/\\\/lalaboralaula.es\\\/GV092526\\\/\",\"name\":\"ALGODONNA STYLE\",\"description\":\"\",\"publisher\":{\"@id\":\"https:\\\/\\\/lalaboralaula.es\\\/GV092526\\\/#organization\"},\"potentialAction\":[{\"@type\":\"SearchAction\",\"target\":{\"@type\":\"EntryPoint\",\"urlTemplate\":\"https:\\\/\\\/lalaboralaula.es\\\/GV092526\\\/?s={search_term_string}\"},\"query-input\":{\"@type\":\"PropertyValueSpecification\",\"valueRequired\":true,\"valueName\":\"search_term_string\"}}],\"inLanguage\":\"es\"},{\"@type\":\"Organization\",\"@id\":\"https:\\\/\\\/lalaboralaula.es\\\/GV092526\\\/#organization\",\"name\":\"ALGODONNA STYLE\",\"url\":\"https:\\\/\\\/lalaboralaula.es\\\/GV092526\\\/\",\"logo\":{\"@type\":\"ImageObject\",\"inLanguage\":\"es\",\"@id\":\"https:\\\/\\\/lalaboralaula.es\\\/GV092526\\\/#\\\/schema\\\/logo\\\/image\\\/\",\"url\":\"https:\\\/\\\/lalaboralaula.es\\\/GV092526\\\/wp-content\\\/uploads\\\/2025\\\/10\\\/cropped-image.jpg\",\"contentUrl\":\"https:\\\/\\\/lalaboralaula.es\\\/GV092526\\\/wp-content\\\/uploads\\\/2025\\\/10\\\/cropped-image.jpg\",\"width\":878,\"height\":600,\"caption\":\"ALGODONNA STYLE\"},\"image\":{\"@id\":\"https:\\\/\\\/lalaboralaula.es\\\/GV092526\\\/#\\\/schema\\\/logo\\\/image\\\/\"}}]}<\/script>\n<!-- \/ Yoast SEO plugin. -->","yoast_head_json":{"title":"Pack Singles Day - ALGODONNA STYLE","robots":{"index":"index","follow":"follow","max-snippet":"max-snippet:-1","max-image-preview":"max-image-preview:large","max-video-preview":"max-video-preview:-1"},"canonical":"https:\/\/lalaboralaula.es\/GV092526\/index.php\/producto\/pack-singles-day\/","og_locale":"es_ES","og_type":"article","og_title":"Pack Singles Day - ALGODONNA STYLE","og_description":"Pack Singles Days compuesto por dos camisetas llamadas Dakotta y Judith, b\u00e1sicas y c\u00f3modas.","og_url":"https:\/\/lalaboralaula.es\/GV092526\/index.php\/producto\/pack-singles-day\/","og_site_name":"ALGODONNA STYLE","og_image":[{"width":378,"height":379,"url":"https:\/\/lalaboralaula.es\/GV092526\/wp-content\/uploads\/2025\/11\/packsingles-day.jpg","type":"image\/jpeg"}],"twitter_card":"summary_large_image","twitter_misc":{"Tiempo de lectura":"1 minuto"},"schema":{"@context":"https:\/\/schema.org","@graph":[{"@type":"WebPage","@id":"https:\/\/lalaboralaula.es\/GV092526\/index.php\/producto\/pack-singles-day\/","url":"https:\/\/lalaboralaula.es\/GV092526\/index.php\/producto\/pack-singles-day\/","name":"Pack Singles Day - ALGODONNA STYLE","isPartOf":{"@id":"https:\/\/lalaboralaula.es\/GV092526\/#website"},"primaryImageOfPage":{"@id":"https:\/\/lalaboralaula.es\/GV092526\/index.php\/producto\/pack-singles-day\/#primaryimage"},"image":{"@id":"https:\/\/lalaboralaula.es\/GV092526\/index.php\/producto\/pack-singles-day\/#primaryimage"},"thumbnailUrl":"https:\/\/lalaboralaula.es\/GV092526\/wp-content\/uploads\/2025\/11\/packsingles-day.jpg","datePublished":"2025-11-07T16:58:08+00:00","breadcrumb":{"@id":"https:\/\/lalaboralaula.es\/GV092526\/index.php\/producto\/pack-singles-day\/#breadcrumb"},"inLanguage":"es","potentialAction":[{"@type":"ReadAction","target":["https:\/\/lalaboralaula.es\/GV092526\/index.php\/producto\/pack-singles-day\/"]}]},{"@type":"ImageObject","inLanguage":"es","@id":"https:\/\/lalaboralaula.es\/GV092526\/index.php\/producto\/pack-singles-day\/#primaryimage","url":"https:\/\/lalaboralaula.es\/GV092526\/wp-content\/uploads\/2025\/11\/packsingles-day.jpg","contentUrl":"https:\/\/lalaboralaula.es\/GV092526\/wp-content\/uploads\/2025\/11\/packsingles-day.jpg","width":378,"height":379},{"@type":"BreadcrumbList","@id":"https:\/\/lalaboralaula.es\/GV092526\/index.php\/producto\/pack-singles-day\/#breadcrumb","itemListElement":[{"@type":"ListItem","position":1,"name":"Portada","item":"https:\/\/lalaboralaula.es\/GV092526\/"},{"@type":"ListItem","position":2,"name":"Tienda","item":"https:\/\/lalaboralaula.es\/GV092526\/index.php\/tienda\/"},{"@type":"ListItem","position":3,"name":"Pack Singles Day"}]},{"@type":"WebSite","@id":"https:\/\/lalaboralaula.es\/GV092526\/#website","url":"https:\/\/lalaboralaula.es\/GV092526\/","name":"ALGODONNA STYLE","description":"","publisher":{"@id":"https:\/\/lalaboralaula.es\/GV092526\/#organization"},"potentialAction":[{"@type":"SearchAction","target":{"@type":"EntryPoint","urlTemplate":"https:\/\/lalaboralaula.es\/GV092526\/?s={search_term_string}"},"query-input":{"@type":"PropertyValueSpecification","valueRequired":true,"valueName":"search_term_string"}}],"inLanguage":"es"},{"@type":"Organization","@id":"https:\/\/lalaboralaula.es\/GV092526\/#organization","name":"ALGODONNA STYLE","url":"https:\/\/lalaboralaula.es\/GV092526\/","logo":{"@type":"ImageObject","inLanguage":"es","@id":"https:\/\/lalaboralaula.es\/GV092526\/#\/schema\/logo\/image\/","url":"https:\/\/lalaboralaula.es\/GV092526\/wp-content\/uploads\/2025\/10\/cropped-image.jpg","contentUrl":"https:\/\/lalaboralaula.es\/GV092526\/wp-content\/uploads\/2025\/10\/cropped-image.jpg","width":878,"height":600,"caption":"ALGODONNA STYLE"},"image":{"@id":"https:\/\/lalaboralaula.es\/GV092526\/#\/schema\/logo\/image\/"}}]}},"_links":{"self":[{"href":"https:\/\/lalaboralaula.es\/GV092526\/index.php\/wp-json\/wp\/v2\/product\/156","targetHints":{"allow":["GET"]}}],"collection":[{"href":"https:\/\/lalaboralaula.es\/GV092526\/index.php\/wp-json\/wp\/v2\/product"}],"about":[{"href":"https:\/\/lalaboralaula.es\/GV092526\/index.php\/wp-json\/wp\/v2\/types\/product"}],"replies":[{"embeddable":true,"href":"https:\/\/lalaboralaula.es\/GV092526\/index.php\/wp-json\/wp\/v2\/comments?post=156"}],"wp:featuredmedia":[{"embeddable":true,"href":"https:\/\/lalaboralaula.es\/GV092526\/index.php\/wp-json\/wp\/v2\/media\/157"}],"wp:attachment":[{"href":"https:\/\/lalaboralaula.es\/GV092526\/index.php\/wp-json\/wp\/v2\/media?parent=156"}],"wp:term":[{"taxonomy":"product_brand","embeddable":true,"href":"https:\/\/lalaboralaula.es\/GV092526\/index.php\/wp-json\/wp\/v2\/product_brand?post=156"},{"taxonomy":"product_cat","embeddable":true,"href":"https:\/\/lalaboralaula.es\/GV092526\/index.php\/wp-json\/wp\/v2\/product_cat?post=156"},{"taxonomy":"product_tag","embeddable":true,"href":"https:\/\/lalaboralaula.es\/GV092526\/index.php\/wp-json\/wp\/v2\/product_tag?post=156"}],"curies":[{"name":"wp","href":"https:\/\/api.w.org\/{rel}","templated":true}]}}