{"id":27,"date":"2025-10-21T16:50:13","date_gmt":"2025-10-21T16:50:13","guid":{"rendered":"https:\/\/lalaboralaula.es\/GV042526\/?page_id=27"},"modified":"2025-11-18T17:56:12","modified_gmt":"2025-11-18T17:56:12","slug":"aviso-legal","status":"publish","type":"page","link":"https:\/\/lalaboralaula.es\/GV042526\/index.php\/aviso-legal\/","title":{"rendered":"Aviso legal"},"content":{"rendered":"\n<p><strong>\u00daltima modificaci\u00f3n: Noviembre 2025<\/strong><\/p>\n\n\n\n<p><strong><em>Nota de Alcance:<\/em><\/strong> <em>El presente documento ha sido creado con fines exclusivamente did\u00e1cticos y para su uso en un proyecto de marketing digital\/acad\u00e9mico. Por ello, los datos fiscales, registrales y de contacto de Glossique Make Up son ficticios.<\/em><\/p>\n\n\n\n<hr class=\"wp-block-separator has-alpha-channel-opacity\"\/>\n\n\n\n<h3 class=\"wp-block-heading\"><strong>1. DATOS IDENTIFICATIVOS<\/strong><\/h3>\n\n\n\n<p>En cumplimiento del art\u00edculo 10 de la Ley 34\/2002, del 11 de julio, de servicios de la Sociedad de la Informaci\u00f3n y Comercio Electr\u00f3nico (LSSICE) se exponen a continuaci\u00f3n los datos identificativos de la empresa:<\/p>\n\n\n\n<p><strong>GLOSSIQUE MAKE UP<\/strong> (en adelante la entidad), es el titular del portal.<\/p>\n\n\n\n<ul class=\"wp-block-list\">\n<li><strong>Raz\u00f3n Social Ficticia:<\/strong> Los Brillos de Mya, S.L.<\/li>\n\n\n\n<li><strong>Domicilio Social Ficticio:<\/strong> Calle Los Brillos de Mya, 54, 33202 Gij\u00f3n (Asturias), Espa\u00f1a.<\/li>\n\n\n\n<li><strong>CIF Ficticio:<\/strong> B-33.888.999<\/li>\n\n\n\n<li><strong>Inscripci\u00f3n Registral Ficticia:<\/strong> Inscrita en el Registro Mercantil de Asturias, Tomo 888 de Sociedades, Folio 150, Hoja AS-15999, Inscripci\u00f3n 1\u00aa.<\/li>\n\n\n\n<li><strong>Nombre de dominio:<\/strong> www.glossique.es<\/li>\n\n\n\n<li><strong>Direcci\u00f3n de correo electr\u00f3nico (Ficticia):<\/strong> glossique00@gmail.com<\/li>\n\n\n\n<li><strong>Tel\u00e9fono (Ficticio):<\/strong> 641346163<\/li>\n<\/ul>\n\n\n\n<hr class=\"wp-block-separator has-alpha-channel-opacity\"\/>\n\n\n\n<h3 class=\"wp-block-heading\"><strong>2. OBJETO, USUARIOS Y USO DEL PORTAL<\/strong><\/h3>\n\n\n\n<p>El presente Aviso Legal regula las condiciones de uso en cuanto al acceso, navegaci\u00f3n y uso del Portal, as\u00ed como las responsabilidades derivadas de la utilizaci\u00f3n, prestaci\u00f3n y\/o contrataci\u00f3n de los productos o servicios que lo integran.<\/p>\n\n\n\n<p>La utilizaci\u00f3n de la Web atribuye la condici\u00f3n de <strong>Usuario<\/strong> e implica la aceptaci\u00f3n de todas las condiciones incluidas en este Aviso Legal, con car\u00e1cter \u00edntegro y sin ning\u00fan tipo de reservas. El Usuario debe leer atenta y cuidadosamente el presente Aviso Legal cada vez que desee acceder a las informaciones y contenidos integrados en la Web, ya que el mismo pudiera haber sufrido modificaciones o actualizaciones.<\/p>\n\n\n\n<p>Por tanto, el Usuario se obliga a usar los contenidos, productos y servicios de forma diligente, de conformidad con la legislaci\u00f3n vigente y a las normas de la buena fe, la moral y las buenas costumbres.<\/p>\n\n\n\n<hr class=\"wp-block-separator has-alpha-channel-opacity\"\/>\n\n\n\n<h3 class=\"wp-block-heading\"><strong>3. PROPIEDAD INTELECTUAL E INDUSTRIAL<\/strong><\/h3>\n\n\n\n<p>Los contenidos del sitio web www.glossique.es, dise\u00f1o gr\u00e1fico, estructura de navegaci\u00f3n, logos, im\u00e1genes, iconos, archivo de sonido e imagen, bases de datos, tecnolog\u00eda, contenido, <em>software<\/em>, <em>links<\/em> y c\u00f3digos fuente, as\u00ed como el desarrollo del <em>website<\/em>, son de propiedad exclusiva de <strong>GLOSSIQUE<\/strong>, y por tanto queda prohibida su reproducci\u00f3n, distribuci\u00f3n, comunicaci\u00f3n p\u00fablica, incluida su modalidad de puesta a disposici\u00f3n, transformaci\u00f3n o cualquier otra actividad que se pueda realizar con los contenidos de su p\u00e1gina web, ni aun citando las fuentes, salvo consentimiento escrito de <strong>GLOSSIQUE MAKE UP<\/strong>, autorizando expresamente estos o cualquier otra modalidad de explotaci\u00f3n sobre los derechos de los que la entidad es titular.<\/p>\n\n\n\n<hr class=\"wp-block-separator has-alpha-channel-opacity\"\/>\n\n\n\n<h3 class=\"wp-block-heading\"><strong>4. RESERVA DE COOKIES<\/strong><\/h3>\n\n\n\n<p><strong>GLOSSIQUE <\/strong> se reserva el derecho de utilizar cookies en la navegaci\u00f3n del usuario por su <em>website<\/em> con objetivos t\u00e9cnicos y para facilitar, mejorar y personalizar la navegaci\u00f3n a los usuarios.<\/p>\n\n\n\n<p><strong>GLOSSIQUE <\/strong> informa que las cookies se asocian al usuario an\u00f3nimo y a su ordenador, as\u00ed, cuando el usuario vuelve a visitar el sitio web se leen las cookies para identificar a dicho usuario y establecer sus preferencias de navegaci\u00f3n. El sitio web recordar\u00e1 sus preferencias ofreciendo una navegaci\u00f3n m\u00e1s sencilla y personalizada para los usuarios.<\/p>\n\n\n\n<p>No obstante, el usuario tiene la posibilidad de configurar en las opciones de su navegador de modo que se le informe de la recepci\u00f3n de <em>cookies<\/em>, pudiendo, si as\u00ed lo estima conveniente, impedir que sean instaladas en su terminal. Sin embargo, para el acceso al <em>website<\/em> de <strong>GLOSSIQUE MAKE UP<\/strong> no ser\u00e1 preceptiva la instalaci\u00f3n de <em>cookies<\/em>.<\/p>\n\n\n\n<hr class=\"wp-block-separator has-alpha-channel-opacity\"\/>\n\n\n\n<h3 class=\"wp-block-heading\"><strong>5. ACTUALIZACI\u00d3N Y MODIFICACI\u00d3N DE LA P\u00c1GINA WEB<\/strong><\/h3>\n\n\n\n<p><strong>GLOSSIQUE <\/strong> se reserva, sin previo aviso a los usuarios, el derecho a actualizar, modificar o eliminar la informaci\u00f3n contenida en su web.<\/p>\n\n\n\n<p>La posible ineficacia, nulidad e invalidez de alguna de las cl\u00e1usulas contenidas en las presentes condiciones generales que resulte declarada judicialmente, no afectar\u00e1 a la validez de las dem\u00e1s cl\u00e1usulas del mismo, que seguir\u00e1n teniendo plena vigencia.<\/p>\n\n\n\n<hr class=\"wp-block-separator has-alpha-channel-opacity\"\/>\n\n\n\n<h3 class=\"wp-block-heading\"><strong>6. LIMITACI\u00d3N DE GARANT\u00cdAS Y RESPONSABILIDADES<\/strong><\/h3>\n\n\n\n<p><strong>GLOSSIQUE <\/strong> se exime y no asume ning\u00fan tipo de responsabilidad por los da\u00f1os y perjuicios de cualquier naturaleza que pueda ocasionar, a t\u00edtulo enunciativo: problemas t\u00e9cnicos, la presencia de virus o programas maliciosos y lesivos de contenidos almacenados en los sistemas inform\u00e1ticos de los usuarios del sitio web o de cualesquiera otros elementos que puedan ocasionar fallos o alteraciones en sus equipos inform\u00e1ticos y ficheros, a pesar de haber adoptado los medios t\u00e9cnicos necesarios para evitarlo y garantizar la disponibilidad del funcionamiento y de los servicios contenidos en el Portal. Igualmente, <strong>GLOSSIQUE MAKE UP<\/strong> no se responsabiliza de los da\u00f1os que pudieran causar a terceros.<\/p>\n\n\n\n<hr class=\"wp-block-separator has-alpha-channel-opacity\"\/>\n\n\n\n<h3 class=\"wp-block-heading\"><strong>7. POL\u00cdTICA EN MATERIA DE ENLACES DE HIPERTEXTO (LINKS)<\/strong><\/h3>\n\n\n\n<p><strong>GLOSSIQUE <\/strong>, no asume responsabilidad alguna derivada de la conexi\u00f3n o de los contenidos de los enlaces a terceros sitios web, ni su existencia implica que <strong>GLOSSIQUE MAKE UP<\/strong>, sea responsable de sus propias pol\u00edticas de confidencialidad y condiciones de uso, as\u00ed como de la informaci\u00f3n facilitada en sus propios portales.<\/p>\n\n\n\n<hr class=\"wp-block-separator has-alpha-channel-opacity\"\/>\n\n\n\n<h3 class=\"wp-block-heading\"><strong>8. LEGISLACI\u00d3N Y JURISDICCI\u00d3N APLICABLE<\/strong><\/h3>\n\n\n\n<p>Las presentes Condiciones Generales de uso se rigen en su integridad por la legislaci\u00f3n espa\u00f1ola. Para la resoluci\u00f3n de cualquier conflicto o litigio derivado de la utilizaci\u00f3n del portal, las partes se someten expresamente a la jurisdicci\u00f3n de los <strong>Juzgados y Tribunales de Gij\u00f3n (Asturias)<\/strong>, con renuncia expresa a cualquier otro fuero que pudiera corresponderles.<\/p>\n\n\n\n<p>Si la adquisici\u00f3n entre usted y nosotros se ha celebrado <em>online<\/em> a trav\u00e9s de nuestro sitio web, de acuerdo con el Reglamento No 524\/2013 de la UE, le informamos que usted tiene derecho a solicitar con nosotros una resoluci\u00f3n extrajudicial de controversias en materia de consumo accesible a trav\u00e9s de la direcci\u00f3n de Internet <a target=\"_blank\" rel=\"noreferrer noopener\" href=\"http:\/\/ec.europa.eu\/consumers\/odr\/\">http:\/\/ec.europa.eu\/consumers\/odr\/<\/a>.<\/p>\n","protected":false},"excerpt":{"rendered":"<p>\u00daltima modificaci\u00f3n: Noviembre 2025 Nota de Alcance: El presente documento ha sido creado con fines exclusivamente did\u00e1cticos y para su uso en un proyecto de marketing digital\/acad\u00e9mico. Por ello, los datos fiscales, registrales y de contacto de Glossique Make Up son ficticios. 1. DATOS IDENTIFICATIVOS En cumplimiento del art\u00edculo 10 de la Ley 34\/2002, del [&hellip;]<\/p>\n","protected":false},"author":1,"featured_media":0,"parent":0,"menu_order":0,"comment_status":"closed","ping_status":"closed","template":"","meta":{"footnotes":""},"class_list":["post-27","page","type-page","status-publish","hentry"],"yoast_head":"<!-- This site is optimized with the Yoast SEO plugin v27.4 - https:\/\/yoast.com\/product\/yoast-seo-wordpress\/ -->\n<title>Aviso legal - GLOSSIQUE<\/title>\n<meta name=\"robots\" content=\"index, follow, max-snippet:-1, max-image-preview:large, max-video-preview:-1\" \/>\n<link rel=\"canonical\" href=\"https:\/\/lalaboralaula.es\/GV042526\/index.php\/aviso-legal\/\" \/>\n<meta property=\"og:locale\" content=\"es_ES\" \/>\n<meta property=\"og:type\" content=\"article\" \/>\n<meta property=\"og:title\" content=\"Aviso legal - GLOSSIQUE\" \/>\n<meta property=\"og:description\" content=\"\u00daltima modificaci\u00f3n: Noviembre 2025 Nota de Alcance: El presente documento ha sido creado con fines exclusivamente did\u00e1cticos y para su uso en un proyecto de marketing digital\/acad\u00e9mico. Por ello, los datos fiscales, registrales y de contacto de Glossique Make Up son ficticios. 1. DATOS IDENTIFICATIVOS En cumplimiento del art\u00edculo 10 de la Ley 34\/2002, del [&hellip;]\" \/>\n<meta property=\"og:url\" content=\"https:\/\/lalaboralaula.es\/GV042526\/index.php\/aviso-legal\/\" \/>\n<meta property=\"og:site_name\" content=\"GLOSSIQUE\" \/>\n<meta property=\"article:modified_time\" content=\"2025-11-18T17:56:12+00:00\" \/>\n<meta name=\"twitter:card\" content=\"summary_large_image\" \/>\n<meta name=\"twitter:label1\" content=\"Tiempo de lectura\" \/>\n\t<meta name=\"twitter:data1\" content=\"5 minutos\" \/>\n<script type=\"application\/ld+json\" class=\"yoast-schema-graph\">{\"@context\":\"https:\\\/\\\/schema.org\",\"@graph\":[{\"@type\":\"WebPage\",\"@id\":\"https:\\\/\\\/lalaboralaula.es\\\/GV042526\\\/index.php\\\/aviso-legal\\\/\",\"url\":\"https:\\\/\\\/lalaboralaula.es\\\/GV042526\\\/index.php\\\/aviso-legal\\\/\",\"name\":\"Aviso legal - GLOSSIQUE\",\"isPartOf\":{\"@id\":\"https:\\\/\\\/lalaboralaula.es\\\/GV042526\\\/#website\"},\"datePublished\":\"2025-10-21T16:50:13+00:00\",\"dateModified\":\"2025-11-18T17:56:12+00:00\",\"breadcrumb\":{\"@id\":\"https:\\\/\\\/lalaboralaula.es\\\/GV042526\\\/index.php\\\/aviso-legal\\\/#breadcrumb\"},\"inLanguage\":\"es\",\"potentialAction\":[{\"@type\":\"ReadAction\",\"target\":[\"https:\\\/\\\/lalaboralaula.es\\\/GV042526\\\/index.php\\\/aviso-legal\\\/\"]}]},{\"@type\":\"BreadcrumbList\",\"@id\":\"https:\\\/\\\/lalaboralaula.es\\\/GV042526\\\/index.php\\\/aviso-legal\\\/#breadcrumb\",\"itemListElement\":[{\"@type\":\"ListItem\",\"position\":1,\"name\":\"Portada\",\"item\":\"https:\\\/\\\/lalaboralaula.es\\\/GV042526\\\/\"},{\"@type\":\"ListItem\",\"position\":2,\"name\":\"Aviso legal\"}]},{\"@type\":\"WebSite\",\"@id\":\"https:\\\/\\\/lalaboralaula.es\\\/GV042526\\\/#website\",\"url\":\"https:\\\/\\\/lalaboralaula.es\\\/GV042526\\\/\",\"name\":\"GLOSSIQUE\",\"description\":\"Glossique es la marca de maquillaje que une sensualidad, frescura y elegancia. Cosm\u00e9ticos de calidad, accesibles y con est\u00e9tica pastel que realzan tu belleza aut\u00e9ntica. Brilla, seduce y cuida tu piel con productos creados para transformar tu d\u00eda a d\u00eda en un ritual de amor propio.\",\"publisher\":{\"@id\":\"https:\\\/\\\/lalaboralaula.es\\\/GV042526\\\/#organization\"},\"potentialAction\":[{\"@type\":\"SearchAction\",\"target\":{\"@type\":\"EntryPoint\",\"urlTemplate\":\"https:\\\/\\\/lalaboralaula.es\\\/GV042526\\\/?s={search_term_string}\"},\"query-input\":{\"@type\":\"PropertyValueSpecification\",\"valueRequired\":true,\"valueName\":\"search_term_string\"}}],\"inLanguage\":\"es\"},{\"@type\":\"Organization\",\"@id\":\"https:\\\/\\\/lalaboralaula.es\\\/GV042526\\\/#organization\",\"name\":\"GLOSSIQUE\",\"url\":\"https:\\\/\\\/lalaboralaula.es\\\/GV042526\\\/\",\"logo\":{\"@type\":\"ImageObject\",\"inLanguage\":\"es\",\"@id\":\"https:\\\/\\\/lalaboralaula.es\\\/GV042526\\\/#\\\/schema\\\/logo\\\/image\\\/\",\"url\":\"https:\\\/\\\/lalaboralaula.es\\\/GV042526\\\/wp-content\\\/uploads\\\/2025\\\/10\\\/cropped-cropped-logo2-1.png\",\"contentUrl\":\"https:\\\/\\\/lalaboralaula.es\\\/GV042526\\\/wp-content\\\/uploads\\\/2025\\\/10\\\/cropped-cropped-logo2-1.png\",\"width\":479,\"height\":307,\"caption\":\"GLOSSIQUE \"},\"image\":{\"@id\":\"https:\\\/\\\/lalaboralaula.es\\\/GV042526\\\/#\\\/schema\\\/logo\\\/image\\\/\"}}]}<\/script>\n<!-- \/ Yoast SEO plugin. -->","yoast_head_json":{"title":"Aviso legal - GLOSSIQUE","robots":{"index":"index","follow":"follow","max-snippet":"max-snippet:-1","max-image-preview":"max-image-preview:large","max-video-preview":"max-video-preview:-1"},"canonical":"https:\/\/lalaboralaula.es\/GV042526\/index.php\/aviso-legal\/","og_locale":"es_ES","og_type":"article","og_title":"Aviso legal - GLOSSIQUE","og_description":"\u00daltima modificaci\u00f3n: Noviembre 2025 Nota de Alcance: El presente documento ha sido creado con fines exclusivamente did\u00e1cticos y para su uso en un proyecto de marketing digital\/acad\u00e9mico. Por ello, los datos fiscales, registrales y de contacto de Glossique Make Up son ficticios. 1. DATOS IDENTIFICATIVOS En cumplimiento del art\u00edculo 10 de la Ley 34\/2002, del [&hellip;]","og_url":"https:\/\/lalaboralaula.es\/GV042526\/index.php\/aviso-legal\/","og_site_name":"GLOSSIQUE","article_modified_time":"2025-11-18T17:56:12+00:00","twitter_card":"summary_large_image","twitter_misc":{"Tiempo de lectura":"5 minutos"},"schema":{"@context":"https:\/\/schema.org","@graph":[{"@type":"WebPage","@id":"https:\/\/lalaboralaula.es\/GV042526\/index.php\/aviso-legal\/","url":"https:\/\/lalaboralaula.es\/GV042526\/index.php\/aviso-legal\/","name":"Aviso legal - GLOSSIQUE","isPartOf":{"@id":"https:\/\/lalaboralaula.es\/GV042526\/#website"},"datePublished":"2025-10-21T16:50:13+00:00","dateModified":"2025-11-18T17:56:12+00:00","breadcrumb":{"@id":"https:\/\/lalaboralaula.es\/GV042526\/index.php\/aviso-legal\/#breadcrumb"},"inLanguage":"es","potentialAction":[{"@type":"ReadAction","target":["https:\/\/lalaboralaula.es\/GV042526\/index.php\/aviso-legal\/"]}]},{"@type":"BreadcrumbList","@id":"https:\/\/lalaboralaula.es\/GV042526\/index.php\/aviso-legal\/#breadcrumb","itemListElement":[{"@type":"ListItem","position":1,"name":"Portada","item":"https:\/\/lalaboralaula.es\/GV042526\/"},{"@type":"ListItem","position":2,"name":"Aviso legal"}]},{"@type":"WebSite","@id":"https:\/\/lalaboralaula.es\/GV042526\/#website","url":"https:\/\/lalaboralaula.es\/GV042526\/","name":"GLOSSIQUE","description":"Glossique es la marca de maquillaje que une sensualidad, frescura y elegancia. Cosm\u00e9ticos de calidad, accesibles y con est\u00e9tica pastel que realzan tu belleza aut\u00e9ntica. Brilla, seduce y cuida tu piel con productos creados para transformar tu d\u00eda a d\u00eda en un ritual de amor propio.","publisher":{"@id":"https:\/\/lalaboralaula.es\/GV042526\/#organization"},"potentialAction":[{"@type":"SearchAction","target":{"@type":"EntryPoint","urlTemplate":"https:\/\/lalaboralaula.es\/GV042526\/?s={search_term_string}"},"query-input":{"@type":"PropertyValueSpecification","valueRequired":true,"valueName":"search_term_string"}}],"inLanguage":"es"},{"@type":"Organization","@id":"https:\/\/lalaboralaula.es\/GV042526\/#organization","name":"GLOSSIQUE","url":"https:\/\/lalaboralaula.es\/GV042526\/","logo":{"@type":"ImageObject","inLanguage":"es","@id":"https:\/\/lalaboralaula.es\/GV042526\/#\/schema\/logo\/image\/","url":"https:\/\/lalaboralaula.es\/GV042526\/wp-content\/uploads\/2025\/10\/cropped-cropped-logo2-1.png","contentUrl":"https:\/\/lalaboralaula.es\/GV042526\/wp-content\/uploads\/2025\/10\/cropped-cropped-logo2-1.png","width":479,"height":307,"caption":"GLOSSIQUE "},"image":{"@id":"https:\/\/lalaboralaula.es\/GV042526\/#\/schema\/logo\/image\/"}}]}},"_links":{"self":[{"href":"https:\/\/lalaboralaula.es\/GV042526\/index.php\/wp-json\/wp\/v2\/pages\/27","targetHints":{"allow":["GET"]}}],"collection":[{"href":"https:\/\/lalaboralaula.es\/GV042526\/index.php\/wp-json\/wp\/v2\/pages"}],"about":[{"href":"https:\/\/lalaboralaula.es\/GV042526\/index.php\/wp-json\/wp\/v2\/types\/page"}],"author":[{"embeddable":true,"href":"https:\/\/lalaboralaula.es\/GV042526\/index.php\/wp-json\/wp\/v2\/users\/1"}],"replies":[{"embeddable":true,"href":"https:\/\/lalaboralaula.es\/GV042526\/index.php\/wp-json\/wp\/v2\/comments?post=27"}],"version-history":[{"count":2,"href":"https:\/\/lalaboralaula.es\/GV042526\/index.php\/wp-json\/wp\/v2\/pages\/27\/revisions"}],"predecessor-version":[{"id":235,"href":"https:\/\/lalaboralaula.es\/GV042526\/index.php\/wp-json\/wp\/v2\/pages\/27\/revisions\/235"}],"wp:attachment":[{"href":"https:\/\/lalaboralaula.es\/GV042526\/index.php\/wp-json\/wp\/v2\/media?parent=27"}],"curies":[{"name":"wp","href":"https:\/\/api.w.org\/{rel}","templated":true}]}}